{"id":76498,"date":"2026-09-04T12:50:58","date_gmt":"2026-09-04T10:50:58","guid":{"rendered":"https:\/\/imagazine.it\/home_desk\/?post_type=mec-events&#038;p=76498"},"modified":"2026-09-04T12:50:58","modified_gmt":"2026-09-04T10:50:58","slug":"three-lakes-trail","status":"publish","type":"mec-events","link":"https:\/\/imagazine.it\/home_desk\/events\/three-lakes-trail\/","title":{"rendered":"Three Lakes Trail"},"content":{"rendered":"<p><strong>Three Lakes Trail<\/strong>, l\u2019evento per gli appassionati della corsa in ambiente naturale, <strong>domenica 13 settembre<\/strong> torner\u00e0 a percorrere i suggestivi sentieri della <strong>Val Tramontina<\/strong>.<\/p>\n<p>Ad iscrizioni ancora aperte, i partecipanti hanno gi\u00e0 oltrepassato <strong>quota 250<\/strong>, con provenienza da diverse regioni d\u2019Italia.<\/p>\n<p>Tra gli iscritti, figurano anche alcuni dei protagonisti dell\u2019edizione 2025: da <strong>Mattia Malusa<\/strong> e <strong>Luca Stefanutti<\/strong>, primi l\u2019anno scorso rispettivamente nella prova lunga (42 km) e in quella corta (21,5 km), a <strong>Ciprian Pupaza<\/strong> e <strong>Matteo Zaina<\/strong>, entrati nella \u201ctop six\u201d della gara lunga 2025.<\/p>\n<p>Annunciato anche <strong>Marco Zecchin<\/strong>, primo nell\u2019edizione 2023.<\/p>\n<p>Nel 2021 la Val Tramontina ha ospitato il Campionato Europeo Master di corsa in montagna, <em>trail running<\/em> e <em>nordic walking<\/em>.<\/p>\n<p>Dal 2022, per\u00f2, il Three Lakes Trail \u00e8 tornato ad assumere la sua fisionomia pi\u00f9 tradizionale e quest\u2019anno le distanze di corsa, aperte a tutti gli appassionati di <em>trail running<\/em>, saranno tre: una lunga, per veri ultramaratoneti del cielo, di <strong>53,93 km<\/strong> con 3335 metri di dislivello positivo (TLT50); una media, di <strong>42,67 km<\/strong> con 2488 metri di dislivello positivo (TLT40) e una breve, di <strong>22,09 km<\/strong> con 777 metri di dislivello positivo (TLT20).<\/p>\n<p>\u201c<em>Abbiamo parzialmente rinnovato i percorsi <\/em>\u2013 conferma <strong>Giampaolo Bidoli<\/strong>, responsabile organizzativo del Three Lakes Trail \u2013<em> in modo da renderli ancora pi\u00f9 spettacolari e coinvolgenti, con passaggio accanto alle celebri Pozze Smeraldine e scorci sullo spettacolare Sentiero delle Fornaci<\/em>. <em>Grazie all\u2019opera dei nostri volontari, i percorsi sono ormai pronti ad accogliere i runners e devo dire che, come sempre, l\u2019evento sportivo diventa l\u2019occasione per sistemare sentieri che poi saranno fruibili da chiunque lungo tutto l\u2019arco dell\u2019anno. Le tre gare danno diritto a 2 punti ITRA ciascuna e l\u2019evento \u00e8 inserito nel 15\u00b0 Grand Prix Iuta di Ultratrail, rassegna che riunisce molti tra gli appuntamenti pi\u00f9 tradizionali della corsa in ambiente naturale. Sar\u00e0 un vero e proprio viaggio tra acqua, storia e natura. Una bella opportunit\u00e0 per conoscere la natura incontaminata e selvaggia della Val Tramontina<\/em>\u201d.<\/p>\n<p>L\u2019edizione del 13 settembre sar\u00e0 la <strong>numero otto<\/strong>. Una sfida tutta da vivere, che attraverser\u00e0 le localit\u00e0 pi\u00f9 suggestive della Val Tramontina, portando i partecipanti a correre in luoghi ameni: innanzitutto, i tre bacini che danno il nome alla manifestazione: il <strong>Lago di Redona<\/strong>, il <strong>Lago di Selva<\/strong> e il <strong>Lago del Ciul<\/strong>.<\/p>\n<p>E poi antichi borghi, gallerie abbandonate, cime incontaminate e le famose Pozze Smeraldine, piscine naturali tra i boschi citate da un articolo del giornale inglese <strong>The Guardian<\/strong> che le posizion\u00f2 al quarto posto nella lista delle migliori dieci <strong>\u201cwild swimming locations\u201d<\/strong> d\u2019Italia.<\/p>\n<p>Il traguardo del Three Lakes Trail sar\u00e0 ancora Tramonti di Sotto, nei pressi degli impianti sportivi in localit\u00e0 Matan, dove saranno posizionati <strong>parcheggi, docce e servizi<\/strong>.<\/p>\n<p>E dove, concluse le gare, si svolger\u00e0 il <strong>Pasta <\/strong>e <strong>Pizza Party <\/strong>finale.<\/p>\n<p>Partenza alle 7 per la TLT50, alle 7.30 per la TLT40 (con mezz\u2019ora di anticipo rispetto a quanto inizialmente previsto) e alle 8 per la TLT 20. Per saperne di pi\u00f9: <span style=\"text-decoration: underline;\"><a href=\"http:\/\/www.threelakestrail.it\" target=\"_blank\" rel=\"noopener\">www.threelakestrail.it<\/a><\/span>.<\/p>\n","protected":false},"excerpt":{"rendered":"<p>In Val Tramontina l\u2019evento per gli appassionati della corsa in ambiente naturale: tra laghi, pozze smeraldine e gallerie abbandonate<\/p>\n","protected":false},"author":28,"featured_media":76499,"comment_status":"closed","ping_status":"closed","template":"","tags":[92,2562,1232],"mec_category":[91],"class_list":["post-76498","mec-events","type-mec-events","status-publish","has-post-thumbnail","hentry","tag-corsa","tag-tramonti","tag-val-tramontina","mec_category-sport"],"_links":{"self":[{"href":"https:\/\/imagazine.it\/home_desk\/wp-json\/wp\/v2\/mec-events\/76498","targetHints":{"allow":["GET"]}}],"collection":[{"href":"https:\/\/imagazine.it\/home_desk\/wp-json\/wp\/v2\/mec-events"}],"about":[{"href":"https:\/\/imagazine.it\/home_desk\/wp-json\/wp\/v2\/types\/mec-events"}],"author":[{"embeddable":true,"href":"https:\/\/imagazine.it\/home_desk\/wp-json\/wp\/v2\/users\/28"}],"replies":[{"embeddable":true,"href":"https:\/\/imagazine.it\/home_desk\/wp-json\/wp\/v2\/comments?post=76498"}],"wp:featuredmedia":[{"embeddable":true,"href":"https:\/\/imagazine.it\/home_desk\/wp-json\/wp\/v2\/media\/76499"}],"wp:attachment":[{"href":"https:\/\/imagazine.it\/home_desk\/wp-json\/wp\/v2\/media?parent=76498"}],"wp:term":[{"taxonomy":"post_tag","embeddable":true,"href":"https:\/\/imagazine.it\/home_desk\/wp-json\/wp\/v2\/tags?post=76498"},{"taxonomy":"mec_category","embeddable":true,"href":"https:\/\/imagazine.it\/home_desk\/wp-json\/wp\/v2\/mec_category?post=76498"}],"curies":[{"name":"wp","href":"https:\/\/api.w.org\/{rel}","templated":true}]}}

<p><strong>Three Lakes Trail</strong>, l’evento per gli appassionati della corsa in ambiente naturale, <strong>domenica 13 settembre</strong> tornerà a percorrere i suggestivi sentieri della <strong>Val Tramontina</strong>.</p>
<p>Ad iscrizioni ancora aperte, i partecipanti hanno già oltrepassato <strong>quota 250</strong>, con provenienza da diverse regioni d’Italia.</p>
<p>Tra gli iscritti, figurano anche alcuni dei protagonisti dell’edizione 2025: da <strong>Mattia Malusa</strong> e <strong>Luca Stefanutti</strong>, primi l’anno scorso rispettivamente nella prova lunga (42 km) e in quella corta (21,5 km), a <strong>Ciprian Pupaza</strong> e <strong>Matteo Zaina</strong>, entrati nella “top six” della gara lunga 2025.</p>
<p>Annunciato anche <strong>Marco Zecchin</strong>, primo nell’edizione 2023.</p>
<p>Nel 2021 la Val Tramontina ha ospitato il Campionato Europeo Master di corsa in montagna, <em>trail running</em> e <em>nordic walking</em>.</p>
<p>Dal 2022, però, il Three Lakes Trail è tornato ad assumere la sua fisionomia più tradizionale e quest’anno le distanze di corsa, aperte a tutti gli appassionati di <em>trail running</em>, saranno tre: una lunga, per veri ultramaratoneti del cielo, di <strong>53,93 km</strong> con 3335 metri di dislivello positivo (TLT50); una media, di <strong>42,67 km</strong> con 2488 metri di dislivello positivo (TLT40) e una breve, di <strong>22,09 km</strong> con 777 metri di dislivello positivo (TLT20).</p>
<p>“<em>Abbiamo parzialmente rinnovato i percorsi </em>– conferma <strong>Giampaolo Bidoli</strong>, responsabile organizzativo del Three Lakes Trail –<em> in modo da renderli ancora più spettacolari e coinvolgenti, con passaggio accanto alle celebri Pozze Smeraldine e scorci sullo spettacolare Sentiero delle Fornaci</em>. <em>Grazie all’opera dei nostri volontari, i percorsi sono ormai pronti ad accogliere i runners e devo dire che, come sempre, l’evento sportivo diventa l’occasione per sistemare sentieri che poi saranno fruibili da chiunque lungo tutto l’arco dell’anno. Le tre gare danno diritto a 2 punti ITRA ciascuna e l’evento è inserito nel 15° Grand Prix Iuta di Ultratrail, rassegna che riunisce molti tra gli appuntamenti più tradizionali della corsa in ambiente naturale. Sarà un vero e proprio viaggio tra acqua, storia e natura. Una bella opportunità per conoscere la natura incontaminata e selvaggia della Val Tramontina</em>”.</p>
<p>L’edizione del 13 settembre sarà la <strong>numero otto</strong>. Una sfida tutta da vivere, che attraverserà le località più suggestive della Val Tramontina, portando i partecipanti a correre in luoghi ameni: innanzitutto, i tre bacini che danno il nome alla manifestazione: il <strong>Lago di Redona</strong>, il <strong>Lago di Selva</strong> e il <strong>Lago del Ciul</strong>.</p>
<p>E poi antichi borghi, gallerie abbandonate, cime incontaminate e le famose Pozze Smeraldine, piscine naturali tra i boschi citate da un articolo del giornale inglese <strong>The Guardian</strong> che le posizionò al quarto posto nella lista delle migliori dieci <strong>“wild swimming locations”</strong> d’Italia.</p>
<p>Il traguardo del Three Lakes Trail sarà ancora Tramonti di Sotto, nei pressi degli impianti sportivi in località Matan, dove saranno posizionati <strong>parcheggi, docce e servizi</strong>.</p>
<p>E dove, concluse le gare, si svolgerà il <strong>Pasta </strong>e <strong>Pizza Party </strong>finale.</p>
<p>Partenza alle 7 per la TLT50, alle 7.30 per la TLT40 (con mezz’ora di anticipo rispetto a quanto inizialmente previsto) e alle 8 per la TLT 20. Per saperne di più: <span style="text-decoration: underline;"><a href="http://www.threelakestrail.it" target="_blank" rel="noopener">www.threelakestrail.it</a></span>.</p>
