{"id":76433,"date":"2026-09-02T18:10:49","date_gmt":"2026-09-02T16:10:49","guid":{"rendered":"https:\/\/imagazine.it\/home_desk\/?post_type=mec-events&#038;p=76433"},"modified":"2026-09-02T18:13:33","modified_gmt":"2026-09-02T16:13:33","slug":"regata-isontina","status":"publish","type":"mec-events","link":"https:\/\/imagazine.it\/home_desk\/events\/regata-isontina\/","title":{"rendered":"Regata Isontina"},"content":{"rendered":"<h6>La presentazione alla stampa<\/h6>\n<p>&nbsp;<\/p>\n<p><strong>Domenica 6 settembre<\/strong> andr\u00e0 in scena la 41\u00aa edizione della <strong>Regata Isontina<\/strong> da Salcano a Gorizia, organizzata dal Kayak klub \u0160ilec, dal Kajak Klub So\u0161ke elektrarne, da ZS\u0160DI Unione delle associazioni sportive slovene in Italia e dalla \u0160portna Zveza Nova Gorica, con il patrocinio dei Comuni di Gorizia e Nova Gorica.<\/p>\n<p>La partenza della discesa dell\u2019Isonzo con gommoni e kayak, della lunghezza di circa sei chilometri, \u00e8 prevista alle 11 dalla ex sede del Kayak kluba So\u0161ke elektrarne a Salcano (vicino al ristorante \u017dogica sotto la diga). Come spiegato in occasione della presentazione, alla presenza dell\u2019assessore comunale allo Sport, <strong>Giulio Daidone<\/strong>, alla regata si pu\u00f2 partecipare anche con imbarcazioni proprie e ci si pu\u00f2 iscrivere anche alla partenza il giorno stesso.<\/p>\n<p>Il costo dell&#8217;iscrizione e di 15 euro a persona. I bambini sotto i 12 anni partecipano gratuitamente.<\/p>\n<p>Al momento dell&#8217;iscrizione ogni partecipante ricever\u00e0 una maglietta ricordo e un cartoncino che funger\u00e0 da buono pasto.<\/p>\n<p>L&#8217;arrivo \u00e8 previsto nel Parco dell&#8217;Isonzo a Piuma per poi trasferirsi al Kayak Center di Salcano, dove alle 13.30 circa ci saranno il pranzo, le premiazioni e un incontro conviviale.<\/p>\n<p>Una giornata dunque all&#8217;insegna degli sport fluviali, con lo scopo di promuovere l\u2019attivit\u00e0 sportiva e di avvicinare Gorizia all&#8217;Isonzo e alle sue bellezze naturali.<\/p>\n<p>Ai gruppi si consiglia di parcheggiare un mezzo di trasporto all&#8217;arrivo nelle vicinanze del Parco dell&#8217;Isonzo a Piuma (vicino alla pesa) e di andare con un altro mezzo alla partenza a Salcano.<\/p>\n<p>Per coloro che non lo possono fare, gli organizzatori metteranno a disposizione un servizio di trasporto per raggiungere le auto a Salcano dopo la conclusione della discesa.<\/p>\n<p>Gli organizzatori ricordano a tutti i partecipanti di indossare un abbigliamento conforme all&#8217;evento. Si raccomanda la massima prudenza soprattutto lungo le rapide all&#8217;altezza del Kayak Center di Salcano a met\u00e0 percorso.<\/p>\n<p>Come gi\u00e0 consuetudine alla regata prenderanno parte anche diversi esponenti delle amministrazioni e delle organizzazioni locali.<\/p>\n","protected":false},"excerpt":{"rendered":"<p>Da Salcano a Gorizia con gommoni e kayak lungo l&#8217;Isonzo, con un percorso di 6 chilometri<\/p>\n","protected":false},"author":3,"featured_media":76434,"comment_status":"closed","ping_status":"closed","template":"","tags":[502,43,2374,1057],"mec_category":[91],"class_list":["post-76433","mec-events","type-mec-events","status-publish","has-post-thumbnail","hentry","tag-acqua","tag-gorizia","tag-isonzo","tag-regata","mec_category-sport"],"_links":{"self":[{"href":"https:\/\/imagazine.it\/home_desk\/wp-json\/wp\/v2\/mec-events\/76433","targetHints":{"allow":["GET"]}}],"collection":[{"href":"https:\/\/imagazine.it\/home_desk\/wp-json\/wp\/v2\/mec-events"}],"about":[{"href":"https:\/\/imagazine.it\/home_desk\/wp-json\/wp\/v2\/types\/mec-events"}],"author":[{"embeddable":true,"href":"https:\/\/imagazine.it\/home_desk\/wp-json\/wp\/v2\/users\/3"}],"replies":[{"embeddable":true,"href":"https:\/\/imagazine.it\/home_desk\/wp-json\/wp\/v2\/comments?post=76433"}],"wp:featuredmedia":[{"embeddable":true,"href":"https:\/\/imagazine.it\/home_desk\/wp-json\/wp\/v2\/media\/76434"}],"wp:attachment":[{"href":"https:\/\/imagazine.it\/home_desk\/wp-json\/wp\/v2\/media?parent=76433"}],"wp:term":[{"taxonomy":"post_tag","embeddable":true,"href":"https:\/\/imagazine.it\/home_desk\/wp-json\/wp\/v2\/tags?post=76433"},{"taxonomy":"mec_category","embeddable":true,"href":"https:\/\/imagazine.it\/home_desk\/wp-json\/wp\/v2\/mec_category?post=76433"}],"curies":[{"name":"wp","href":"https:\/\/api.w.org\/{rel}","templated":true}]}}

<h6>La presentazione alla stampa</h6>
<p>&nbsp;</p>
<p><strong>Domenica 6 settembre</strong> andrà in scena la 41ª edizione della <strong>Regata Isontina</strong> da Salcano a Gorizia, organizzata dal Kayak klub Šilec, dal Kajak Klub Soške elektrarne, da ZSŠDI Unione delle associazioni sportive slovene in Italia e dalla Športna Zveza Nova Gorica, con il patrocinio dei Comuni di Gorizia e Nova Gorica.</p>
<p>La partenza della discesa dell’Isonzo con gommoni e kayak, della lunghezza di circa sei chilometri, è prevista alle 11 dalla ex sede del Kayak kluba Soške elektrarne a Salcano (vicino al ristorante Žogica sotto la diga). Come spiegato in occasione della presentazione, alla presenza dell’assessore comunale allo Sport, <strong>Giulio Daidone</strong>, alla regata si può partecipare anche con imbarcazioni proprie e ci si può iscrivere anche alla partenza il giorno stesso.</p>
<p>Il costo dell&#8217;iscrizione e di 15 euro a persona. I bambini sotto i 12 anni partecipano gratuitamente.</p>
<p>Al momento dell&#8217;iscrizione ogni partecipante riceverà una maglietta ricordo e un cartoncino che fungerà da buono pasto.</p>
<p>L&#8217;arrivo è previsto nel Parco dell&#8217;Isonzo a Piuma per poi trasferirsi al Kayak Center di Salcano, dove alle 13.30 circa ci saranno il pranzo, le premiazioni e un incontro conviviale.</p>
<p>Una giornata dunque all&#8217;insegna degli sport fluviali, con lo scopo di promuovere l’attività sportiva e di avvicinare Gorizia all&#8217;Isonzo e alle sue bellezze naturali.</p>
<p>Ai gruppi si consiglia di parcheggiare un mezzo di trasporto all&#8217;arrivo nelle vicinanze del Parco dell&#8217;Isonzo a Piuma (vicino alla pesa) e di andare con un altro mezzo alla partenza a Salcano.</p>
<p>Per coloro che non lo possono fare, gli organizzatori metteranno a disposizione un servizio di trasporto per raggiungere le auto a Salcano dopo la conclusione della discesa.</p>
<p>Gli organizzatori ricordano a tutti i partecipanti di indossare un abbigliamento conforme all&#8217;evento. Si raccomanda la massima prudenza soprattutto lungo le rapide all&#8217;altezza del Kayak Center di Salcano a metà percorso.</p>
<p>Come già consuetudine alla regata prenderanno parte anche diversi esponenti delle amministrazioni e delle organizzazioni locali.</p>
