{"id":76364,"date":"2026-08-31T17:01:07","date_gmt":"2026-08-31T15:01:07","guid":{"rendered":"https:\/\/imagazine.it\/home_desk\/?post_type=mec-events&#038;p=76364"},"modified":"2026-08-31T17:01:07","modified_gmt":"2026-08-31T15:01:07","slug":"ex-oriente","status":"publish","type":"mec-events","link":"https:\/\/imagazine.it\/home_desk\/events\/ex-oriente\/","title":{"rendered":"Ex Oriente"},"content":{"rendered":"<h6>Trio Ardor<\/h6>\n<p>&nbsp;<\/p>\n<p><b>Mercoled\u00ec 2 settembre<\/b> alle 20.45 il festival <strong><em>Nei suoni dei luoghi<\/em><\/strong> si ritrover\u00e0 in una delle <em>venue<\/em> storiche della rassegna, il <b>Chiostro dell\u2019ex Convento Domenicano<\/b>\u00a0di\u00a0<b>Aiello del Friuli<\/b>, che ospiter\u00e0 per l\u2019occasione il concerto del\u00a0<b>Trio Ardor<\/b>\u00a0dal titolo \u201c<b>Ex Oriente<\/b>\u201d.<\/p>\n<p>Formato da\u00a0<b>Andrej Omejc<\/b>, sassofono,\u00a0<b>Teja Udovi\u010d Kova\u010di\u010d<\/b>, fisarmonica e\u00a0<b>Bla\u017e Pavlakovi\u010d<\/b>, pianoforte, il trio emozioner\u00e0 il pubblico con musiche di Plaza, Gurdjieff\/de Hartmann, Say, Iorio, Tsintsadze e Copland, con gli arrangiamenti dello stesso Omejc. Il concerto, a ingresso libero, \u00e8 incluso nel circuito\u00a0<b><i>Atlante sonoro<\/i><\/b>, che arricchisce quest\u2019anno il festival con musiche e sonorit\u00e0 da tutto il mondo.<\/p>\n<p>Prima dell\u2019esibizione, alle 18.45, si terr\u00e0 la\u00a0<b>visita guidata gratuita<\/b>\u00a0alle celebri\u00a0<b>meridiane<\/b>\u00a0di Aiello del Friuli con partenza dal Chiostro. Prenotazione obbligatoria scrivendo a\u00a0<a href=\"mailto:prenotazioni@associazioneprogettomusica.org\" target=\"_blank\" rel=\"noopener\">prenotazioni@<wbr \/>associazioneprogettomusica.org<\/a><wbr \/>.<\/p>\n<p>Il concerto sar\u00e0 preceduto da una prolusione della talentuosa fisarmonicista\u00a0<b>Ludovica Borsatti<\/b>.<\/p>\n<p>Questo programma presenta le tradizioni musicali del Vecchio e del Nuovo Mondo.<\/p>\n<p>Accanto a brani ispirati alle musiche delle antiche civilt\u00e0 asiatiche e africane, vengono accostati motivi popolari degli emigrati europei nelle Americhe e la tradizione del tango argentino. Sebbene tutte le composizioni siano scritte nel linguaggio della musica colta europea, esse portano una forte impronta tradizionale delle regioni di origine dei rispettivi compositori.<\/p>\n<p>Il concerto percorre le orme di un vero viaggio: inizia in\u00a0<b>Argentina<\/b>, prosegue attraverso\u00a0<b>Georgia<\/b>\u00a0e\u00a0<b>Armenia<\/b>, percorre le terre della cosiddetta\u00a0<b>Via della Seta<\/b>, attraversa il\u00a0<b>Mediterraneo<\/b>, si spinge fino al\u00a0<b>Nord Africa<\/b>\u00a0e segue il corso del\u00a0<b>Nilo\u00a0<\/b>fino all\u2019<b>Etiopia<\/b>.<\/p>\n<p>In questo affascinante percorso, costruito su arrangiamenti appositamente realizzati per questo trio, la fisarmonica, il pianoforte e il sax assumono di volta in volta il ruolo di diversi strumenti popolari e vengono utilizzati in modi spesso inusuali: la musica si presenta cos\u00ec con una sua identit\u00e0 fortemente caratterizzata e unica, aderendo completamente allo spirito del festival.<\/p>\n","protected":false},"excerpt":{"rendered":"<p>Il trio Ardor in concerto ad Aiello per il festival Nei suoni dei luoghi. Con tradizioni musicali del Vecchio e del Nuovo Mondo<\/p>\n","protected":false},"author":28,"featured_media":76365,"comment_status":"closed","ping_status":"closed","template":"","tags":[126,861,261,826,55],"mec_category":[99],"class_list":["post-76364","mec-events","type-mec-events","status-publish","has-post-thumbnail","hentry","tag-aiello","tag-concerti","tag-eventi","tag-eventi-fvg","tag-musica","mec_category-music"],"_links":{"self":[{"href":"https:\/\/imagazine.it\/home_desk\/wp-json\/wp\/v2\/mec-events\/76364","targetHints":{"allow":["GET"]}}],"collection":[{"href":"https:\/\/imagazine.it\/home_desk\/wp-json\/wp\/v2\/mec-events"}],"about":[{"href":"https:\/\/imagazine.it\/home_desk\/wp-json\/wp\/v2\/types\/mec-events"}],"author":[{"embeddable":true,"href":"https:\/\/imagazine.it\/home_desk\/wp-json\/wp\/v2\/users\/28"}],"replies":[{"embeddable":true,"href":"https:\/\/imagazine.it\/home_desk\/wp-json\/wp\/v2\/comments?post=76364"}],"wp:featuredmedia":[{"embeddable":true,"href":"https:\/\/imagazine.it\/home_desk\/wp-json\/wp\/v2\/media\/76365"}],"wp:attachment":[{"href":"https:\/\/imagazine.it\/home_desk\/wp-json\/wp\/v2\/media?parent=76364"}],"wp:term":[{"taxonomy":"post_tag","embeddable":true,"href":"https:\/\/imagazine.it\/home_desk\/wp-json\/wp\/v2\/tags?post=76364"},{"taxonomy":"mec_category","embeddable":true,"href":"https:\/\/imagazine.it\/home_desk\/wp-json\/wp\/v2\/mec_category?post=76364"}],"curies":[{"name":"wp","href":"https:\/\/api.w.org\/{rel}","templated":true}]}}

<h6>Trio Ardor</h6>
<p>&nbsp;</p>
<p><b>Mercoledì 2 settembre</b> alle 20.45 il festival <strong><em>Nei suoni dei luoghi</em></strong> si ritroverà in una delle <em>venue</em> storiche della rassegna, il <b>Chiostro dell’ex Convento Domenicano</b> di <b>Aiello del Friuli</b>, che ospiterà per l’occasione il concerto del <b>Trio Ardor</b> dal titolo “<b>Ex Oriente</b>”.</p>
<p>Formato da <b>Andrej Omejc</b>, sassofono, <b>Teja Udovič Kovačič</b>, fisarmonica e <b>Blaž Pavlakovič</b>, pianoforte, il trio emozionerà il pubblico con musiche di Plaza, Gurdjieff/de Hartmann, Say, Iorio, Tsintsadze e Copland, con gli arrangiamenti dello stesso Omejc. Il concerto, a ingresso libero, è incluso nel circuito <b><i>Atlante sonoro</i></b>, che arricchisce quest’anno il festival con musiche e sonorità da tutto il mondo.</p>
<p>Prima dell’esibizione, alle 18.45, si terrà la <b>visita guidata gratuita</b> alle celebri <b>meridiane</b> di Aiello del Friuli con partenza dal Chiostro. Prenotazione obbligatoria scrivendo a <a href="mailto:prenotazioni@associazioneprogettomusica.org" target="_blank" rel="noopener">prenotazioni@<wbr />associazioneprogettomusica.org</a><wbr />.</p>
<p>Il concerto sarà preceduto da una prolusione della talentuosa fisarmonicista <b>Ludovica Borsatti</b>.</p>
<p>Questo programma presenta le tradizioni musicali del Vecchio e del Nuovo Mondo.</p>
<p>Accanto a brani ispirati alle musiche delle antiche civiltà asiatiche e africane, vengono accostati motivi popolari degli emigrati europei nelle Americhe e la tradizione del tango argentino. Sebbene tutte le composizioni siano scritte nel linguaggio della musica colta europea, esse portano una forte impronta tradizionale delle regioni di origine dei rispettivi compositori.</p>
<p>Il concerto percorre le orme di un vero viaggio: inizia in <b>Argentina</b>, prosegue attraverso <b>Georgia</b> e <b>Armenia</b>, percorre le terre della cosiddetta <b>Via della Seta</b>, attraversa il <b>Mediterraneo</b>, si spinge fino al <b>Nord Africa</b> e segue il corso del <b>Nilo </b>fino all’<b>Etiopia</b>.</p>
<p>In questo affascinante percorso, costruito su arrangiamenti appositamente realizzati per questo trio, la fisarmonica, il pianoforte e il sax assumono di volta in volta il ruolo di diversi strumenti popolari e vengono utilizzati in modi spesso inusuali: la musica si presenta così con una sua identità fortemente caratterizzata e unica, aderendo completamente allo spirito del festival.</p>
