{"id":76312,"date":"2026-08-28T17:22:11","date_gmt":"2026-08-28T15:22:11","guid":{"rendered":"https:\/\/imagazine.it\/home_desk\/?post_type=mec-events&#038;p=76312"},"modified":"2026-08-28T17:22:11","modified_gmt":"2026-08-28T15:22:11","slug":"il-tempo-del-vedere","status":"publish","type":"mec-events","link":"https:\/\/imagazine.it\/home_desk\/events\/il-tempo-del-vedere\/","title":{"rendered":"Il tempo del vedere"},"content":{"rendered":"<p style=\"font-weight: 400;\">Sar\u00e0 presentata <strong>venerd\u00ec 4 settembre<\/strong>, alle ore 18.00, nella Sala Comunale d\u2019Arte di Piazza dell\u2019Unit\u00e0 d\u2019Italia 4, la mostra \u201c<strong><em>Il tempo del vedere: Ricerca visiva sull\u2019architettura contemporanea a New York<\/em><\/strong>\u201d della fotografa <strong>Ulli Mosconi Zupin<\/strong>.<\/p>\n<p style=\"font-weight: 400;\">Introduzione critica di <strong>Gabriella Dipietro<\/strong> e <strong>Nadia Pastorcich<\/strong>.<\/p>\n<p style=\"font-weight: 400;\">Il <em>vernissage<\/em> propone 24 opere fotografiche stampate su carta Fine Art Hahnemhule e montate su pannelli Kapafix leggeri e resistenti.<\/p>\n<p style=\"font-weight: 400;\">\u201cCi sono citt\u00e0 che si lasciano attraversare, altre chiedono di essere osservate con pazienza, fino a quando smettono di narrare ci\u00f2 che sono, e iniziano a suggerire le storie che custodiscono.<\/p>\n<p style=\"font-weight: 400;\">Nelle fotografie di Ulli Mosconi Zupin, New York si allontana dall\u2019immagine pi\u00f9 conosciuta per trasformarsi in un paesaggio mutevole, fatto di riflessi, trasparenze e geometrie che si rincorrono.<\/p>\n<p style=\"font-weight: 400;\">La luce modella la materia, il vetro diventa memoria, le forme perdono il loro peso e sembrano dissolversi in un continuo gioco di rimandi tra passato e presente, dove un edificio antico riaffiora inatteso sulla superficie di un grattacielo futuristico.<\/p>\n<p style=\"font-weight: 400;\">Il cielo, quello di ieri, quello di oggi, entra nella citt\u00e0. Nulla \u00e8 immobile, nulla \u00e8 definitivo.<\/p>\n<p style=\"font-weight: 400;\">Ogni immagine \u00e8 un\u2019apparizione destinata a mutare con il passare delle ore e con l\u2019emozione di chi, incredulo, osserva.<\/p>\n<p style=\"font-weight: 400;\">Da sempre attratta dall\u2019essenzialit\u00e0 del linguaggio fotografico, questa artista elimina il superfluo per lasciare spazio alla percezione.<\/p>\n<p style=\"font-weight: 400;\">Ulli non descrive: ascolta il sussurro di una citt\u00e0 che non \u00e8 fatta soltanto di edifici, ma di ritmo, di cielo, di equilibrio e di rispetto per una memoria collettiva che continua a raccontare pagine dolorose.<\/p>\n<p style=\"font-weight: 400;\">Non \u00e8 solo fotografia. \u00c8 un sincero invito a rallentare il passo, abbandonare la fretta del riconoscere e concedersi il tempo del vedere.\u201d<\/p>\n<p style=\"font-weight: 400;\">La stampa \u00e8 stata curata dal fotografo e stampatore di Trieste Paolo Cherin.<\/p>\n<p style=\"font-weight: 400;\">L\u2019esposizione, a ingresso libero, sar\u00e0 visitabile <strong>fino al 22 settembre 2026, tutti i giorni dalle 10 alle 13 e dalle 17 alle 20<\/strong>.<\/p>\n","protected":false},"excerpt":{"rendered":"<p>Ricerca visiva sull\u2019architettura contemporanea a New York: a Trieste la mostra della fotografa Ulli Mosconi Zupin<\/p>\n","protected":false},"author":28,"featured_media":76313,"comment_status":"closed","ping_status":"closed","template":"","tags":[261,826,293,60,65],"mec_category":[59],"class_list":["post-76312","mec-events","type-mec-events","status-publish","has-post-thumbnail","hentry","tag-eventi","tag-eventi-fvg","tag-fotografia","tag-mostre","tag-trieste","mec_category-meeting"],"_links":{"self":[{"href":"https:\/\/imagazine.it\/home_desk\/wp-json\/wp\/v2\/mec-events\/76312","targetHints":{"allow":["GET"]}}],"collection":[{"href":"https:\/\/imagazine.it\/home_desk\/wp-json\/wp\/v2\/mec-events"}],"about":[{"href":"https:\/\/imagazine.it\/home_desk\/wp-json\/wp\/v2\/types\/mec-events"}],"author":[{"embeddable":true,"href":"https:\/\/imagazine.it\/home_desk\/wp-json\/wp\/v2\/users\/28"}],"replies":[{"embeddable":true,"href":"https:\/\/imagazine.it\/home_desk\/wp-json\/wp\/v2\/comments?post=76312"}],"wp:featuredmedia":[{"embeddable":true,"href":"https:\/\/imagazine.it\/home_desk\/wp-json\/wp\/v2\/media\/76313"}],"wp:attachment":[{"href":"https:\/\/imagazine.it\/home_desk\/wp-json\/wp\/v2\/media?parent=76312"}],"wp:term":[{"taxonomy":"post_tag","embeddable":true,"href":"https:\/\/imagazine.it\/home_desk\/wp-json\/wp\/v2\/tags?post=76312"},{"taxonomy":"mec_category","embeddable":true,"href":"https:\/\/imagazine.it\/home_desk\/wp-json\/wp\/v2\/mec_category?post=76312"}],"curies":[{"name":"wp","href":"https:\/\/api.w.org\/{rel}","templated":true}]}}

<p style="font-weight: 400;">Sarà presentata <strong>venerdì 4 settembre</strong>, alle ore 18.00, nella Sala Comunale d’Arte di Piazza dell’Unità d’Italia 4, la mostra “<strong><em>Il tempo del vedere: Ricerca visiva sull’architettura contemporanea a New York</em></strong>” della fotografa <strong>Ulli Mosconi Zupin</strong>.</p>
<p style="font-weight: 400;">Introduzione critica di <strong>Gabriella Dipietro</strong> e <strong>Nadia Pastorcich</strong>.</p>
<p style="font-weight: 400;">Il <em>vernissage</em> propone 24 opere fotografiche stampate su carta Fine Art Hahnemhule e montate su pannelli Kapafix leggeri e resistenti.</p>
<p style="font-weight: 400;">“Ci sono città che si lasciano attraversare, altre chiedono di essere osservate con pazienza, fino a quando smettono di narrare ciò che sono, e iniziano a suggerire le storie che custodiscono.</p>
<p style="font-weight: 400;">Nelle fotografie di Ulli Mosconi Zupin, New York si allontana dall’immagine più conosciuta per trasformarsi in un paesaggio mutevole, fatto di riflessi, trasparenze e geometrie che si rincorrono.</p>
<p style="font-weight: 400;">La luce modella la materia, il vetro diventa memoria, le forme perdono il loro peso e sembrano dissolversi in un continuo gioco di rimandi tra passato e presente, dove un edificio antico riaffiora inatteso sulla superficie di un grattacielo futuristico.</p>
<p style="font-weight: 400;">Il cielo, quello di ieri, quello di oggi, entra nella città. Nulla è immobile, nulla è definitivo.</p>
<p style="font-weight: 400;">Ogni immagine è un’apparizione destinata a mutare con il passare delle ore e con l’emozione di chi, incredulo, osserva.</p>
<p style="font-weight: 400;">Da sempre attratta dall’essenzialità del linguaggio fotografico, questa artista elimina il superfluo per lasciare spazio alla percezione.</p>
<p style="font-weight: 400;">Ulli non descrive: ascolta il sussurro di una città che non è fatta soltanto di edifici, ma di ritmo, di cielo, di equilibrio e di rispetto per una memoria collettiva che continua a raccontare pagine dolorose.</p>
<p style="font-weight: 400;">Non è solo fotografia. È un sincero invito a rallentare il passo, abbandonare la fretta del riconoscere e concedersi il tempo del vedere.”</p>
<p style="font-weight: 400;">La stampa è stata curata dal fotografo e stampatore di Trieste Paolo Cherin.</p>
<p style="font-weight: 400;">L’esposizione, a ingresso libero, sarà visitabile <strong>fino al 22 settembre 2026, tutti i giorni dalle 10 alle 13 e dalle 17 alle 20</strong>.</p>
