{"id":76257,"date":"2026-08-27T11:39:57","date_gmt":"2026-08-27T09:39:57","guid":{"rendered":"https:\/\/imagazine.it\/home_desk\/?post_type=mec-events&#038;p=76257"},"modified":"2026-08-27T11:39:57","modified_gmt":"2026-08-27T09:39:57","slug":"quando-mori-mio-padre-2","status":"publish","type":"mec-events","link":"https:\/\/imagazine.it\/home_desk\/events\/quando-mori-mio-padre-2\/","title":{"rendered":"Quando mor\u00ec mio padre"},"content":{"rendered":"<p>Il Collettivo degli storici del Friuli Occidentale ei Il Centro &#8220;Leopoldo Gasparini&#8221;, in collaborazione con la CGIL di Pordenone, presentano la mostra \u201c<strong><em>Quando mor\u00ec mio padre. Disegni e testimonianze di bambini dai campi di concentramento italiani del confine orientale (1942-1943)<\/em><\/strong>\u201d, realizzata dal Centro Gasparini.<\/p>\n<p>L\u2019inaugurazione della mostra, allestita nella sede della CGIL, in via San Valentino 30, a <strong>Pordenone<\/strong>, avverr\u00e0 il giorno marted\u00ec 1\u00b0 settembre 2026, alle ore 17.<\/p>\n<p>Interverranno il segretario della CGIL di Pordenone <strong>Maurizio Marcon<\/strong> e il curatore <strong>Dario Mattiussi<\/strong> mentre <strong>Lucia German<\/strong> legger\u00e0 alcuni passi delle testimonianze raccolte nella mostra.<\/p>\n<p>La mostra, gi\u00e0 presentata anche a Roma, Lubiana, Vienna e Venezia \u00e8 strutturata su ventisei grandi pannelli a colori, che riproducono scritti e disegni di bambini sloveni sopravvissuti alla deportazione nei campi di concentramento italiani del confine orientale. Realizzata in forma bilingue, indaga in particolare l\u2019odissea dei bambini deportati nei campi di Gonars, Visco, Arbe-Rab e Monigo (Treviso) tra il 1942 ed il 1943.<\/p>\n<p>L\u2019esposizione, curata da <strong>Metka Gomba\u010d<\/strong>, <strong>Boris M. Gomba\u010d<\/strong> e <strong>Dario Mattiussi<\/strong> ripercorre le vicende storiche che portarono alla deportazione dei civili sloveni nei campi di concentramento italiani, posti a ridosso del confine orientale, ed in particolare ricostruisce la storia dei bambini sloveni deportati in questi campi tra il 1942 ed il 1943.<\/p>\n<p>Disegni e scritti vennero composti durante i corsi di terapia post traumatica avviati in strutture mediche partigiane dopo la liberazione dai campi, successiva all\u20198 settembre 1943.<\/p>\n<p>Ai tentativi di terapia, attuati stimolando i bambini, quasi tutti orfani, a far riemergere la memoria delle sofferenze patite per poterle elaborare, dobbiamo la conservazione di questi materiali che costituiscono oggi una delle testimonianze pi\u00f9 preziose e drammatiche di una delle pagine pi\u00f9 buie della nostra storia.<\/p>\n<p>Alcuni di questi bambini sono poi stati rintracciati ormai anziani e hanno potuto rivedere per la prima volta i loro disegni e pensieri prima di rilasciare le loro ultime testimonianze, raccolte nel volume \u201c<em>Dietro il cortile<\/em>\u201d, rielaborando questa volta da adulti lutti e sofferenze che avevano colpito le loro famiglie.<\/p>\n<p>L\u2019esposizione sar\u00e0 visitabile <strong>fino al 2 ottobre<\/strong> 2026. Ingresso libero dalle 8.30 alle 12.30 e dalle 14 alle 18.30 <strong>dal luned\u00ec al gioved\u00ec e il venerd\u00ec<\/strong> dalle 8.30 alle 14.30.<\/p>\n","protected":false},"excerpt":{"rendered":"<p>Disegni e testimonianze di bambini dai campi di concentramento italiani del confine orientale (1942-1943)<\/p>\n","protected":false},"author":28,"featured_media":76258,"comment_status":"closed","ping_status":"closed","template":"","tags":[261,826,2186,60,275],"mec_category":[59],"class_list":["post-76257","mec-events","type-mec-events","status-publish","has-post-thumbnail","hentry","tag-eventi","tag-eventi-fvg","tag-memoria","tag-mostre","tag-pordenone","mec_category-meeting"],"_links":{"self":[{"href":"https:\/\/imagazine.it\/home_desk\/wp-json\/wp\/v2\/mec-events\/76257","targetHints":{"allow":["GET"]}}],"collection":[{"href":"https:\/\/imagazine.it\/home_desk\/wp-json\/wp\/v2\/mec-events"}],"about":[{"href":"https:\/\/imagazine.it\/home_desk\/wp-json\/wp\/v2\/types\/mec-events"}],"author":[{"embeddable":true,"href":"https:\/\/imagazine.it\/home_desk\/wp-json\/wp\/v2\/users\/28"}],"replies":[{"embeddable":true,"href":"https:\/\/imagazine.it\/home_desk\/wp-json\/wp\/v2\/comments?post=76257"}],"wp:featuredmedia":[{"embeddable":true,"href":"https:\/\/imagazine.it\/home_desk\/wp-json\/wp\/v2\/media\/76258"}],"wp:attachment":[{"href":"https:\/\/imagazine.it\/home_desk\/wp-json\/wp\/v2\/media?parent=76257"}],"wp:term":[{"taxonomy":"post_tag","embeddable":true,"href":"https:\/\/imagazine.it\/home_desk\/wp-json\/wp\/v2\/tags?post=76257"},{"taxonomy":"mec_category","embeddable":true,"href":"https:\/\/imagazine.it\/home_desk\/wp-json\/wp\/v2\/mec_category?post=76257"}],"curies":[{"name":"wp","href":"https:\/\/api.w.org\/{rel}","templated":true}]}}

Quando morì mio padre

<p>Il Collettivo degli storici del Friuli Occidentale ei Il Centro &#8220;Leopoldo Gasparini&#8221;, in collaborazione con la CGIL di Pordenone, presentano la mostra “<strong><em>Quando morì mio padre. Disegni e testimonianze di bambini dai campi di concentramento italiani del confine orientale (1942-1943)</em></strong>”, realizzata dal Centro Gasparini.</p>
<p>L’inaugurazione della mostra, allestita nella sede della CGIL, in via San Valentino 30, a <strong>Pordenone</strong>, avverrà il giorno martedì 1° settembre 2026, alle ore 17.</p>
<p>Interverranno il segretario della CGIL di Pordenone <strong>Maurizio Marcon</strong> e il curatore <strong>Dario Mattiussi</strong> mentre <strong>Lucia German</strong> leggerà alcuni passi delle testimonianze raccolte nella mostra.</p>
<p>La mostra, già presentata anche a Roma, Lubiana, Vienna e Venezia è strutturata su ventisei grandi pannelli a colori, che riproducono scritti e disegni di bambini sloveni sopravvissuti alla deportazione nei campi di concentramento italiani del confine orientale. Realizzata in forma bilingue, indaga in particolare l’odissea dei bambini deportati nei campi di Gonars, Visco, Arbe-Rab e Monigo (Treviso) tra il 1942 ed il 1943.</p>
<p>L’esposizione, curata da <strong>Metka Gombač</strong>, <strong>Boris M. Gombač</strong> e <strong>Dario Mattiussi</strong> ripercorre le vicende storiche che portarono alla deportazione dei civili sloveni nei campi di concentramento italiani, posti a ridosso del confine orientale, ed in particolare ricostruisce la storia dei bambini sloveni deportati in questi campi tra il 1942 ed il 1943.</p>
<p>Disegni e scritti vennero composti durante i corsi di terapia post traumatica avviati in strutture mediche partigiane dopo la liberazione dai campi, successiva all’8 settembre 1943.</p>
<p>Ai tentativi di terapia, attuati stimolando i bambini, quasi tutti orfani, a far riemergere la memoria delle sofferenze patite per poterle elaborare, dobbiamo la conservazione di questi materiali che costituiscono oggi una delle testimonianze più preziose e drammatiche di una delle pagine più buie della nostra storia.</p>
<p>Alcuni di questi bambini sono poi stati rintracciati ormai anziani e hanno potuto rivedere per la prima volta i loro disegni e pensieri prima di rilasciare le loro ultime testimonianze, raccolte nel volume “<em>Dietro il cortile</em>”, rielaborando questa volta da adulti lutti e sofferenze che avevano colpito le loro famiglie.</p>
<p>L’esposizione sarà visitabile <strong>fino al 2 ottobre</strong> 2026. Ingresso libero dalle 8.30 alle 12.30 e dalle 14 alle 18.30 <strong>dal lunedì al giovedì e il venerdì</strong> dalle 8.30 alle 14.30.</p>
