{"id":75314,"date":"2026-07-03T18:09:18","date_gmt":"2026-07-03T16:09:18","guid":{"rendered":"https:\/\/imagazine.it\/home_desk\/?post_type=mec-events&#038;p=75314"},"modified":"2026-07-03T18:09:18","modified_gmt":"2026-07-03T16:09:18","slug":"medioevo-a-valvasone-2","status":"publish","type":"mec-events","link":"https:\/\/imagazine.it\/home_desk\/events\/medioevo-a-valvasone-2\/","title":{"rendered":"Medioevo a Valvasone"},"content":{"rendered":"<p>\u201cLa terra pu\u00f2 togliere le mura. Non le mani\u201d: \u00e8 da questa immagine che prende forma\u00a0<b>\u201c<em>Orcolat \u2013 Il risveglio della\u00a0<\/em><\/b><b><em>Terra<\/em>\u201d<\/b>, tema scelto per la 34esima edizione di\u00a0<b>Medioevo a Valvasone<\/b>, in programma\u00a0<b>dal 3 al 6 settembre 2026<\/b>.<\/p>\n<p>La rievocazione storica torner\u00e0 ad animare strade, piazze, fossati e corti con un racconto corale dedicato alla fragilit\u00e0, alla memoria e alla capacit\u00e0 di una comunit\u00e0 di rialzarsi dopo il crollo.<\/p>\n<p>L\u2019edizione di quest\u2019anno affonda le proprie radici nel 1348, anno del grande terremoto che colp\u00ec le Alpi orientali, la Carinzia e il Friuli, lasciando dietro di s\u00e9 distruzione, paure e interrogativi.<\/p>\n<p>Nel linguaggio della tradizione friulana, quella forza antica e indomabile prende il nome di Orcolat, il gigante nascosto sotto la terra, figura mitica con cui le comunit\u00e0 hanno dato corpo alla paura del sisma e alla memoria della catastrofe.<\/p>\n<p>Valvasone diventer\u00e0 cos\u00ec il luogo di un incontro tra storia medievale, mito popolare e memoria contemporanea.<\/p>\n<p>Nel cinquantesimo anniversario del terremoto del Friuli del 1976, Medioevo a Valvasone proporr\u00e0 una riflessione che attraversa i secoli: non soltanto il racconto della distruzione, ma soprattutto quello delle mani che scavano, curano, ricostruiscono.<\/p>\n<p>Il tema dialogher\u00e0 inoltre con la memoria di San Francesco d\u2019Assisi, nell\u2019anno dell\u2019ottavo centenario della sua morte. Alla scossa fisica della terra si affiancher\u00e0 cos\u00ec un secondo \u201cterremoto\u201d: quello della coscienza.<\/p>\n<p>Come Francesco seppe scuotere il proprio tempo riportando al centro poveri, fragili e ultimi, cos\u00ec il racconto di \u201cOrcolat\u201d inviter\u00e0 a ripensare il valore del potere, delle ricchezze, delle mura e delle gerarchie davanti alla vulnerabilit\u00e0 condivisa.<\/p>\n<p>Per quattro giorni, il pubblico sar\u00e0 accompagnato in un\u2019immersione nella vita del borgo medievale tra combattimenti, giostre, processioni, cene, fuoco e spettacoli.<\/p>\n<p>Il tema dell\u2019edizione sar\u00e0 portato in scena attraverso uno dei momenti clou del programma, lo spettacolo teatrale originale \u201c<em>Orcolat \u2013 Il risveglio della Terra<\/em>\u201d, scritto e diretto dal direttore artistico della manifestazione Rodolfo Mantovani.<\/p>\n<p>Con questa edizione, Medioevo a Valvasone rinnova la propria vocazione: non limitarsi a ricostruire un tempo lontano, ma usare il Medioevo come specchio per leggere le domande di oggi.<\/p>\n<p>\u201c<em>Orcolat \u2013 Il risveglio della Terra<\/em>\u201d sar\u00e0 un invito a guardare la fragilit\u00e0 non come sconfitta, ma come origine di responsabilit\u00e0, solidariet\u00e0 e rinascita.<\/p>\n","protected":false},"excerpt":{"rendered":"<p>La rievocazione storica torner\u00e0 ad animare strade, piazze, fossati e corti con un racconto corale dedicato alla memoria del terremoto<\/p>\n","protected":false},"author":28,"featured_media":75315,"comment_status":"closed","ping_status":"closed","template":"","tags":[],"mec_category":[],"class_list":["post-75314","mec-events","type-mec-events","status-publish","has-post-thumbnail","hentry"],"_links":{"self":[{"href":"https:\/\/imagazine.it\/home_desk\/wp-json\/wp\/v2\/mec-events\/75314","targetHints":{"allow":["GET"]}}],"collection":[{"href":"https:\/\/imagazine.it\/home_desk\/wp-json\/wp\/v2\/mec-events"}],"about":[{"href":"https:\/\/imagazine.it\/home_desk\/wp-json\/wp\/v2\/types\/mec-events"}],"author":[{"embeddable":true,"href":"https:\/\/imagazine.it\/home_desk\/wp-json\/wp\/v2\/users\/28"}],"replies":[{"embeddable":true,"href":"https:\/\/imagazine.it\/home_desk\/wp-json\/wp\/v2\/comments?post=75314"}],"wp:featuredmedia":[{"embeddable":true,"href":"https:\/\/imagazine.it\/home_desk\/wp-json\/wp\/v2\/media\/75315"}],"wp:attachment":[{"href":"https:\/\/imagazine.it\/home_desk\/wp-json\/wp\/v2\/media?parent=75314"}],"wp:term":[{"taxonomy":"post_tag","embeddable":true,"href":"https:\/\/imagazine.it\/home_desk\/wp-json\/wp\/v2\/tags?post=75314"},{"taxonomy":"mec_category","embeddable":true,"href":"https:\/\/imagazine.it\/home_desk\/wp-json\/wp\/v2\/mec_category?post=75314"}],"curies":[{"name":"wp","href":"https:\/\/api.w.org\/{rel}","templated":true}]}}

<p>“La terra può togliere le mura. Non le mani”: è da questa immagine che prende forma <b>“<em>Orcolat – Il risveglio della </em></b><b><em>Terra</em>”</b>, tema scelto per la 34esima edizione di <b>Medioevo a Valvasone</b>, in programma <b>dal 3 al 6 settembre 2026</b>.</p>
<p>La rievocazione storica tornerà ad animare strade, piazze, fossati e corti con un racconto corale dedicato alla fragilità, alla memoria e alla capacità di una comunità di rialzarsi dopo il crollo.</p>
<p>L’edizione di quest’anno affonda le proprie radici nel 1348, anno del grande terremoto che colpì le Alpi orientali, la Carinzia e il Friuli, lasciando dietro di sé distruzione, paure e interrogativi.</p>
<p>Nel linguaggio della tradizione friulana, quella forza antica e indomabile prende il nome di Orcolat, il gigante nascosto sotto la terra, figura mitica con cui le comunità hanno dato corpo alla paura del sisma e alla memoria della catastrofe.</p>
<p>Valvasone diventerà così il luogo di un incontro tra storia medievale, mito popolare e memoria contemporanea.</p>
<p>Nel cinquantesimo anniversario del terremoto del Friuli del 1976, Medioevo a Valvasone proporrà una riflessione che attraversa i secoli: non soltanto il racconto della distruzione, ma soprattutto quello delle mani che scavano, curano, ricostruiscono.</p>
<p>Il tema dialogherà inoltre con la memoria di San Francesco d’Assisi, nell’anno dell’ottavo centenario della sua morte. Alla scossa fisica della terra si affiancherà così un secondo “terremoto”: quello della coscienza.</p>
<p>Come Francesco seppe scuotere il proprio tempo riportando al centro poveri, fragili e ultimi, così il racconto di “Orcolat” inviterà a ripensare il valore del potere, delle ricchezze, delle mura e delle gerarchie davanti alla vulnerabilità condivisa.</p>
<p>Per quattro giorni, il pubblico sarà accompagnato in un’immersione nella vita del borgo medievale tra combattimenti, giostre, processioni, cene, fuoco e spettacoli.</p>
<p>Il tema dell’edizione sarà portato in scena attraverso uno dei momenti clou del programma, lo spettacolo teatrale originale “<em>Orcolat – Il risveglio della Terra</em>”, scritto e diretto dal direttore artistico della manifestazione Rodolfo Mantovani.</p>
<p>Con questa edizione, Medioevo a Valvasone rinnova la propria vocazione: non limitarsi a ricostruire un tempo lontano, ma usare il Medioevo come specchio per leggere le domande di oggi.</p>
<p>“<em>Orcolat – Il risveglio della Terra</em>” sarà un invito a guardare la fragilità non come sconfitta, ma come origine di responsabilità, solidarietà e rinascita.</p>

<p>La rievocazione storica tornerà ad animare strade, piazze, fossati e corti con un racconto corale dedicato alla memoria del terremoto</p>
