{"id":73628,"date":"2026-04-29T18:38:47","date_gmt":"2026-04-29T16:38:47","guid":{"rendered":"https:\/\/imagazine.it\/home_desk\/?post_type=mec-events&#038;p=73628"},"modified":"2026-04-29T18:38:47","modified_gmt":"2026-04-29T16:38:47","slug":"nikolai-lugansky","status":"publish","type":"mec-events","link":"https:\/\/imagazine.it\/home_desk\/events\/nikolai-lugansky\/","title":{"rendered":"Nikolai Lugansky"},"content":{"rendered":"<h6>Nikolay Lugansky (ph. Marco Borggreve)<\/h6>\n<p>&nbsp;<\/p>\n<p><span style=\"color: #000000; font-family: georgia, palatino, serif; font-size: 12pt;\">Per i luned\u00ec della Societ\u00e0 dei Concerti Trieste il <strong>4 maggio alle 20.30 al Teatro Verdi di Trieste<\/strong> il grande pianista <b>Nikolai Lugansky<\/b>\u00a0dar\u00e0 vita alla poesia di Schumann e Wagner: un viaggio imperdibile tra i capolavori del Romanticismo. <\/span><\/p>\n<p><span style=\"color: #000000; font-family: georgia, palatino, serif; font-size: 12pt;\">Dopo il clamoroso successo e il tutto esaurito registrato durante l&#8217;ultima edizione del Festival di Trieste \u2013 Il Faro della Musica organizzato dalla Societ\u00e0 dei Concerti, il virtuoso russo torna in citt\u00e0 con un programma che promette di esplorare le pi\u00f9 profonde sfumature dell&#8217;anima umana, oscillando tra l&#8217;introspezione poetica e la grandiosit\u00e0 orchestrale riportata sulla tastiera.<\/span><\/p>\n<p><span style=\"color: #000000; font-family: georgia, palatino, serif; font-size: 12pt;\">La serata si aprir\u00e0 nel segno di\u00a0<b>Robert Schumann<\/b>, compositore simbolo della dualit\u00e0 romantica. Lugansky ne interpreter\u00e0 le celebri\u00a0<i>Kinderszenen<\/i>\u00a0(Scene infantili), tredici brevi quadri che non sono musica per bambini, ma piuttosto lo sguardo nostalgico e raffinato dell&#8217;adulto verso l&#8217;infanzia, culminanti nella celebre e sognante\u00a0<i>Tr\u00e4umerei<\/i>. <\/span><\/p>\n<p><span style=\"color: #000000; font-family: georgia, palatino, serif; font-size: 12pt;\">A seguire, la complessit\u00e0 visionaria della\u00a0<i>Humoresque<\/i>, opera in cui Schumann condensa tutta la sua ricchezza inventiva in un flusso continuo di contrasti emotivi.\u00a0<\/span><\/p>\n<p><span style=\"color: #000000; font-family: georgia, palatino, serif; font-size: 12pt;\">La seconda parte del concerto sar\u00e0 dedicata a\u00a0<b>Richard Wagner<\/b>,\u00a0 in una veste puramente pianistica che esalta le doti tecniche e interpretative di Lugansky. Sar\u00e0 lo stesso pianista a guidare il pubblico tra le fiamme e il dramma della\u00a0<i>G\u00f6tterd\u00e4mmerung<\/i>\u00a0(Il crepuscolo degli dei) attraverso le sue personali trascrizioni di quattro scene chiave, dal duetto d&#8217;amore di Br\u00fcnnhilde e Siegfried fino alla solenne Marcia Funebre e all&#8217;Immolazione finale. <\/span><\/p>\n<p><span style=\"color: #000000; font-family: georgia, palatino, serif; font-size: 12pt;\">Il programma si concluder\u00e0 con il celebre\u00a0<i>Isolde&#8217;s Liebestod<\/i>\u00a0(Morte d&#8217;Isotta), nella trascrizione virtuosistica di Franz Liszt, dove il pianoforte si fa voce e orchestra per raccontare la trascendenza dell&#8217;amore oltre la morte.<\/span><\/p>\n<p><span style=\"font-family: georgia, palatino, serif;\">Descritto da\u00a0<i>Gramophone<\/i>\u00a0come l&#8217;esecutore pi\u00f9 &#8220;folgorante e pionieristico&#8221; della scena odierna, Nikolai Lugansky vanta una carriera che lo vede collaborare con le principali orchestre mondiali e direttori del calibro di Kent Nagano e Gianandrea Noseda. Artista di straordinaria profondit\u00e0, i suoi recenti lavori discografici, tra cui l&#8217;album dedicato proprio a Wagner uscito nel 2024, hanno ricevuto i massimi riconoscimenti della critica internazionale, dal Diapason d&#8217;Or al Choc de l\u2019Ann\u00e9e.<\/span><\/p>\n<p><span style=\"color: #000000; font-family: georgia, palatino, serif; font-size: 12pt;\">Per chi volesse anche scoprire i segreti del programma e conoscere da vicino il protagonista, l&#8217;appuntamento \u00e8 fissato alle ore\u00a0<b>19:15 al Ridotto del Teatro Verdi<\/b>\u00a0per le &#8220;Note d&#8217;artista&#8221;, l&#8217;incontro a ingresso libero che precede il concerto.<\/span><\/p>\n<p><span style=\"color: #000000; font-family: georgia, palatino, serif; font-size: 12pt;\">Un&#8217;occasione preziosa per avvicinarsi ai segreti di una serata che promette travolgente energia e grande introspezione. I biglietti sono disponibili presso i canali di vendita abituali della Societ\u00e0 dei Concerti e online.<\/span><\/p>\n","protected":false},"excerpt":{"rendered":"<p>In concerto a Trieste l&#8217;esecutore pi\u00f9 &#8220;folgorante e pionieristico&#8221; della scena odierna,  secondo Gramophone <\/p>\n","protected":false},"author":28,"featured_media":68313,"comment_status":"closed","ping_status":"closed","template":"","tags":[861,261,826,55,65],"mec_category":[99],"class_list":["post-73628","mec-events","type-mec-events","status-publish","has-post-thumbnail","hentry","tag-concerti","tag-eventi","tag-eventi-fvg","tag-musica","tag-trieste","mec_category-music"],"_links":{"self":[{"href":"https:\/\/imagazine.it\/home_desk\/wp-json\/wp\/v2\/mec-events\/73628","targetHints":{"allow":["GET"]}}],"collection":[{"href":"https:\/\/imagazine.it\/home_desk\/wp-json\/wp\/v2\/mec-events"}],"about":[{"href":"https:\/\/imagazine.it\/home_desk\/wp-json\/wp\/v2\/types\/mec-events"}],"author":[{"embeddable":true,"href":"https:\/\/imagazine.it\/home_desk\/wp-json\/wp\/v2\/users\/28"}],"replies":[{"embeddable":true,"href":"https:\/\/imagazine.it\/home_desk\/wp-json\/wp\/v2\/comments?post=73628"}],"wp:featuredmedia":[{"embeddable":true,"href":"https:\/\/imagazine.it\/home_desk\/wp-json\/wp\/v2\/media\/68313"}],"wp:attachment":[{"href":"https:\/\/imagazine.it\/home_desk\/wp-json\/wp\/v2\/media?parent=73628"}],"wp:term":[{"taxonomy":"post_tag","embeddable":true,"href":"https:\/\/imagazine.it\/home_desk\/wp-json\/wp\/v2\/tags?post=73628"},{"taxonomy":"mec_category","embeddable":true,"href":"https:\/\/imagazine.it\/home_desk\/wp-json\/wp\/v2\/mec_category?post=73628"}],"curies":[{"name":"wp","href":"https:\/\/api.w.org\/{rel}","templated":true}]}}

<h6>Nikolay Lugansky (ph. Marco Borggreve)</h6>
<p>&nbsp;</p>
<p><span style="color: #000000; font-family: georgia, palatino, serif; font-size: 12pt;">Per i lunedì della Società dei Concerti Trieste il <strong>4 maggio alle 20.30 al Teatro Verdi di Trieste</strong> il grande pianista <b>Nikolai Lugansky</b> darà vita alla poesia di Schumann e Wagner: un viaggio imperdibile tra i capolavori del Romanticismo. </span></p>
<p><span style="color: #000000; font-family: georgia, palatino, serif; font-size: 12pt;">Dopo il clamoroso successo e il tutto esaurito registrato durante l&#8217;ultima edizione del Festival di Trieste – Il Faro della Musica organizzato dalla Società dei Concerti, il virtuoso russo torna in città con un programma che promette di esplorare le più profonde sfumature dell&#8217;anima umana, oscillando tra l&#8217;introspezione poetica e la grandiosità orchestrale riportata sulla tastiera.</span></p>
<p><span style="color: #000000; font-family: georgia, palatino, serif; font-size: 12pt;">La serata si aprirà nel segno di <b>Robert Schumann</b>, compositore simbolo della dualità romantica. Lugansky ne interpreterà le celebri <i>Kinderszenen</i> (Scene infantili), tredici brevi quadri che non sono musica per bambini, ma piuttosto lo sguardo nostalgico e raffinato dell&#8217;adulto verso l&#8217;infanzia, culminanti nella celebre e sognante <i>Träumerei</i>. </span></p>
<p><span style="color: #000000; font-family: georgia, palatino, serif; font-size: 12pt;">A seguire, la complessità visionaria della <i>Humoresque</i>, opera in cui Schumann condensa tutta la sua ricchezza inventiva in un flusso continuo di contrasti emotivi. </span></p>
<p><span style="color: #000000; font-family: georgia, palatino, serif; font-size: 12pt;">La seconda parte del concerto sarà dedicata a <b>Richard Wagner</b>,  in una veste puramente pianistica che esalta le doti tecniche e interpretative di Lugansky. Sarà lo stesso pianista a guidare il pubblico tra le fiamme e il dramma della <i>Götterdämmerung</i> (Il crepuscolo degli dei) attraverso le sue personali trascrizioni di quattro scene chiave, dal duetto d&#8217;amore di Brünnhilde e Siegfried fino alla solenne Marcia Funebre e all&#8217;Immolazione finale. </span></p>
<p><span style="color: #000000; font-family: georgia, palatino, serif; font-size: 12pt;">Il programma si concluderà con il celebre <i>Isolde&#8217;s Liebestod</i> (Morte d&#8217;Isotta), nella trascrizione virtuosistica di Franz Liszt, dove il pianoforte si fa voce e orchestra per raccontare la trascendenza dell&#8217;amore oltre la morte.</span></p>
<p><span style="font-family: georgia, palatino, serif;">Descritto da <i>Gramophone</i> come l&#8217;esecutore più &#8220;folgorante e pionieristico&#8221; della scena odierna, Nikolai Lugansky vanta una carriera che lo vede collaborare con le principali orchestre mondiali e direttori del calibro di Kent Nagano e Gianandrea Noseda. Artista di straordinaria profondità, i suoi recenti lavori discografici, tra cui l&#8217;album dedicato proprio a Wagner uscito nel 2024, hanno ricevuto i massimi riconoscimenti della critica internazionale, dal Diapason d&#8217;Or al Choc de l’Année.</span></p>
<p><span style="color: #000000; font-family: georgia, palatino, serif; font-size: 12pt;">Per chi volesse anche scoprire i segreti del programma e conoscere da vicino il protagonista, l&#8217;appuntamento è fissato alle ore <b>19:15 al Ridotto del Teatro Verdi</b> per le &#8220;Note d&#8217;artista&#8221;, l&#8217;incontro a ingresso libero che precede il concerto.</span></p>
<p><span style="color: #000000; font-family: georgia, palatino, serif; font-size: 12pt;">Un&#8217;occasione preziosa per avvicinarsi ai segreti di una serata che promette travolgente energia e grande introspezione. I biglietti sono disponibili presso i canali di vendita abituali della Società dei Concerti e online.</span></p>

<p>In concerto a Trieste l&#8217;esecutore più &#8220;folgorante e pionieristico&#8221; della scena odierna,  secondo Gramophone </p>
