{"id":73462,"date":"2026-04-24T16:52:48","date_gmt":"2026-04-24T14:52:48","guid":{"rendered":"https:\/\/imagazine.it\/home_desk\/?post_type=mec-events&#038;p=73462"},"modified":"2026-04-24T16:52:48","modified_gmt":"2026-04-24T14:52:48","slug":"world-tai-chi-and-qigong-day","status":"publish","type":"mec-events","link":"https:\/\/imagazine.it\/home_desk\/events\/world-tai-chi-and-qigong-day\/","title":{"rendered":"World Tai Chi and Qigong Day"},"content":{"rendered":"<p><strong>Sabato 25 aprile<\/strong> Cervignano si unir\u00e0 idealmente a oltre 80 nazioni in tutto il mondo per celebrare il <strong><em>World Tai Chi and Qigong Day<\/em><\/strong>.<\/p>\n<p>L&#8217;evento, dedicato alla diffusione di queste antiche discipline orientali, quest&#8217;anno render\u00e0 omaggio alla figura leggendaria di Chang San Feng, considerato il fondatore del Tai Chi.<\/p>\n<p>L\u2019appuntamento per curiosi e appassionati \u00e8 fissato presso la <strong>pista di pattinaggio<\/strong> cittadina, che per l\u2019occasione si trasformer\u00e0 in un&#8217;area dedicata alla meditazione in movimento e all&#8217;armonia del corpo.<\/p>\n<p>La manifestazione seguir\u00e0 una scaletta precisa, pensata sia per i praticanti esperti che per chi volesse avvicinarsi per la prima volta a queste arti.<\/p>\n<p>Alle ore 9.30 inizio delle attivit\u00e0 con la sessione di riscaldamento e la pratica del Qigong, fondamentale per stimolare l\u2019energia vitale.<\/p>\n<p>Alle ore 10 esecuzione della suggestiva Forma 24, una sequenza fluida di movimenti tra le pi\u00f9 conosciute a livello internazionale.<\/p>\n<p>La mattinata proseguir\u00e0 con esercizi di allenamento e la dimostrazione di varie forme da parte dei partecipanti, offrendo uno spaccato della ricchezza tecnica del Tai Chi. Come ogni grande festa che si rispetti, la celebrazione non si esaurir\u00e0 con l&#8217;attivit\u00e0 fisica. Per chi desidera concludere la giornata in compagnia, \u00e8 previsto un pranzo a base di <em>paella<\/em> di pesce presso la trattoria &#8220;Da Daniela&#8221; a Tapogliano.<\/p>\n","protected":false},"excerpt":{"rendered":"<p>A Cervignano una mattinata dedicata alla meditazione in movimento e all&#8217;armonia del corpo<\/p>\n","protected":false},"author":28,"featured_media":73463,"comment_status":"closed","ping_status":"closed","template":"","tags":[119,261,826,3755],"mec_category":[131],"class_list":["post-73462","mec-events","type-mec-events","status-publish","has-post-thumbnail","hentry","tag-cervignano","tag-eventi","tag-eventi-fvg","tag-meditazione","mec_category-discovery"],"_links":{"self":[{"href":"https:\/\/imagazine.it\/home_desk\/wp-json\/wp\/v2\/mec-events\/73462","targetHints":{"allow":["GET"]}}],"collection":[{"href":"https:\/\/imagazine.it\/home_desk\/wp-json\/wp\/v2\/mec-events"}],"about":[{"href":"https:\/\/imagazine.it\/home_desk\/wp-json\/wp\/v2\/types\/mec-events"}],"author":[{"embeddable":true,"href":"https:\/\/imagazine.it\/home_desk\/wp-json\/wp\/v2\/users\/28"}],"replies":[{"embeddable":true,"href":"https:\/\/imagazine.it\/home_desk\/wp-json\/wp\/v2\/comments?post=73462"}],"wp:featuredmedia":[{"embeddable":true,"href":"https:\/\/imagazine.it\/home_desk\/wp-json\/wp\/v2\/media\/73463"}],"wp:attachment":[{"href":"https:\/\/imagazine.it\/home_desk\/wp-json\/wp\/v2\/media?parent=73462"}],"wp:term":[{"taxonomy":"post_tag","embeddable":true,"href":"https:\/\/imagazine.it\/home_desk\/wp-json\/wp\/v2\/tags?post=73462"},{"taxonomy":"mec_category","embeddable":true,"href":"https:\/\/imagazine.it\/home_desk\/wp-json\/wp\/v2\/mec_category?post=73462"}],"curies":[{"name":"wp","href":"https:\/\/api.w.org\/{rel}","templated":true}]}}

<p><strong>Sabato 25 aprile</strong> Cervignano si unirà idealmente a oltre 80 nazioni in tutto il mondo per celebrare il <strong><em>World Tai Chi and Qigong Day</em></strong>.</p>
<p>L&#8217;evento, dedicato alla diffusione di queste antiche discipline orientali, quest&#8217;anno renderà omaggio alla figura leggendaria di Chang San Feng, considerato il fondatore del Tai Chi.</p>
<p>L’appuntamento per curiosi e appassionati è fissato presso la <strong>pista di pattinaggio</strong> cittadina, che per l’occasione si trasformerà in un&#8217;area dedicata alla meditazione in movimento e all&#8217;armonia del corpo.</p>
<p>La manifestazione seguirà una scaletta precisa, pensata sia per i praticanti esperti che per chi volesse avvicinarsi per la prima volta a queste arti.</p>
<p>Alle ore 9.30 inizio delle attività con la sessione di riscaldamento e la pratica del Qigong, fondamentale per stimolare l’energia vitale.</p>
<p>Alle ore 10 esecuzione della suggestiva Forma 24, una sequenza fluida di movimenti tra le più conosciute a livello internazionale.</p>
<p>La mattinata proseguirà con esercizi di allenamento e la dimostrazione di varie forme da parte dei partecipanti, offrendo uno spaccato della ricchezza tecnica del Tai Chi. Come ogni grande festa che si rispetti, la celebrazione non si esaurirà con l&#8217;attività fisica. Per chi desidera concludere la giornata in compagnia, è previsto un pranzo a base di <em>paella</em> di pesce presso la trattoria &#8220;Da Daniela&#8221; a Tapogliano.</p>
