{"id":73391,"date":"2026-04-23T10:16:43","date_gmt":"2026-04-23T08:16:43","guid":{"rendered":"https:\/\/imagazine.it\/home_desk\/?post_type=mec-events&#038;p=73391"},"modified":"2026-04-23T10:16:43","modified_gmt":"2026-04-23T08:16:43","slug":"colori-e-sapori","status":"publish","type":"mec-events","link":"https:\/\/imagazine.it\/home_desk\/events\/colori-e-sapori\/","title":{"rendered":"Colori e Sapori"},"content":{"rendered":"<p>Ronchi dei Legionari si prepara a vestirsi a festa per l\u2019edizione 2026 di &#8220;<strong><em>Colori e Sapori<\/em><\/strong>&#8220;, la manifestazione organizzata dalla <strong>Pro Loco Ronchi dei Legionari APS<\/strong> che, <strong>da venerd\u00ec 8 a domenica 10 maggio<\/strong>, trasformer\u00e0 il Parco delle scuole e l&#8217;area del Palazzetto A. Filiput in un vivace centro di aggregazione.<\/p>\n<p>L&#8217;evento, realizzato con il patrocinio del Comune e il sostegno della BCC Venezia Giulia, propone un programma denso che spazia dall&#8217;enogastronomia alla musica dal vivo, con un occhio di riguardo per le famiglie e lo sport.<\/p>\n<p>Il sipario si alza <strong>venerd\u00ec 8 maggio<\/strong> alle ore 17.<\/p>\n<p>Dopo l&#8217;apertura ufficiale dei chioschi alle 18.00, la serata entrer\u00e0 nel vivo con una classica gara di briscola, seguita dalle note di <strong>Franco Rosso<\/strong>, pronto a far ballare il pubblico con i ritmi del liscio e i balli di gruppo.<\/p>\n<p><strong>Sabato 9 maggio<\/strong> sar\u00e0 la giornata dedicata alle istituzioni e alle tradizioni locali.<\/p>\n<p>Alle 10.30 si terr\u00e0 l&#8217;inaugurazione ufficiale alla presenza delle autorit\u00e0, accompagnata dalle note della <strong>Societ\u00e0 Filarmonica &#8220;G. Verdi&#8221;<\/strong> e dai colori del <strong>Gruppo Costumi Tradizionali Bisiachi<\/strong>.<\/p>\n<p>La mattinata proseguir\u00e0 all&#8217;insegna della natura e del benessere: camminate con gli asinelli e la possibilit\u00e0 di ammirare da vicino i simpatici alpaca; una sessione di camminata metabolica per i pi\u00f9 dinamici.<\/p>\n<p>Il pomeriggio vedr\u00e0 il concerto &#8220;<strong><em>Cinzia canta le Donne<\/em><\/strong>&#8220;, laboratori creativi per bambini con Kriss, una gimkana ciclistica e le evoluzioni dell&#8217;<strong>A.S.D. Pattinaggio Ronchi<\/strong>.<\/p>\n<p>La serata si chiuder\u00e0 in bellezza con l&#8217;aperitivo magico del <strong>Mago Luca<\/strong> e l\u2019esplosione di pura energia sonora: il ritmo dei <strong>Carlene &amp; Soul Jam<\/strong> travolge e non lascia scampo.<\/p>\n<p><strong>Domenica 10 maggio<\/strong> si apre con un gesto di civilt\u00e0: l&#8217;iniziativa &#8220;<strong><em>RipuliAMOci<\/em><\/strong>&#8221; alle ore 10, dedicata alla cura del territorio.<\/p>\n<p>La vera attrazione della giornata sar\u00e0 sopra le teste dei visitatori: dalle 11.30 inizieranno infatti i <strong>voli in elicottero con Elifriulia<\/strong>, un&#8217;occasione unica per ammirare il paesaggio della zona da una prospettiva privilegiata (prenotazioni direttamente sul posto).<\/p>\n<p>Il pomeriggio di sar\u00e0 un susseguirsi di energia con: il concerto degli <strong>Aglais<\/strong>, una grande vetrina sportiva con esibizioni di danza acrobatica, judo, katori e parkour a cura di <strong>Corpo Libero<\/strong> e <strong>Superfly Asd<\/strong>.<\/p>\n<p>Gran finale musicale affidato alle <strong>Vespe di York<\/strong>, che accompagneranno i presenti fino alla chiusura dell&#8217;evento prevista per le ore 23.<\/p>\n<p><em>Livio Nonis<\/em><\/p>\n","protected":false},"excerpt":{"rendered":"<p>A Ronchi dei Legionari un fine settimana tra enogastronomia, musica dal vivo, sport ed eventi per le famiglie<\/p>\n","protected":false},"author":22,"featured_media":73392,"comment_status":"closed","ping_status":"closed","template":"","tags":[261,826,417,149,821],"mec_category":[131],"class_list":["post-73391","mec-events","type-mec-events","status-publish","has-post-thumbnail","hentry","tag-eventi","tag-eventi-fvg","tag-food","tag-ronchi","tag-spettacoli","mec_category-discovery"],"_links":{"self":[{"href":"https:\/\/imagazine.it\/home_desk\/wp-json\/wp\/v2\/mec-events\/73391","targetHints":{"allow":["GET"]}}],"collection":[{"href":"https:\/\/imagazine.it\/home_desk\/wp-json\/wp\/v2\/mec-events"}],"about":[{"href":"https:\/\/imagazine.it\/home_desk\/wp-json\/wp\/v2\/types\/mec-events"}],"author":[{"embeddable":true,"href":"https:\/\/imagazine.it\/home_desk\/wp-json\/wp\/v2\/users\/22"}],"replies":[{"embeddable":true,"href":"https:\/\/imagazine.it\/home_desk\/wp-json\/wp\/v2\/comments?post=73391"}],"wp:featuredmedia":[{"embeddable":true,"href":"https:\/\/imagazine.it\/home_desk\/wp-json\/wp\/v2\/media\/73392"}],"wp:attachment":[{"href":"https:\/\/imagazine.it\/home_desk\/wp-json\/wp\/v2\/media?parent=73391"}],"wp:term":[{"taxonomy":"post_tag","embeddable":true,"href":"https:\/\/imagazine.it\/home_desk\/wp-json\/wp\/v2\/tags?post=73391"},{"taxonomy":"mec_category","embeddable":true,"href":"https:\/\/imagazine.it\/home_desk\/wp-json\/wp\/v2\/mec_category?post=73391"}],"curies":[{"name":"wp","href":"https:\/\/api.w.org\/{rel}","templated":true}]}}

<p>Ronchi dei Legionari si prepara a vestirsi a festa per l’edizione 2026 di &#8220;<strong><em>Colori e Sapori</em></strong>&#8220;, la manifestazione organizzata dalla <strong>Pro Loco Ronchi dei Legionari APS</strong> che, <strong>da venerdì 8 a domenica 10 maggio</strong>, trasformerà il Parco delle scuole e l&#8217;area del Palazzetto A. Filiput in un vivace centro di aggregazione.</p>
<p>L&#8217;evento, realizzato con il patrocinio del Comune e il sostegno della BCC Venezia Giulia, propone un programma denso che spazia dall&#8217;enogastronomia alla musica dal vivo, con un occhio di riguardo per le famiglie e lo sport.</p>
<p>Il sipario si alza <strong>venerdì 8 maggio</strong> alle ore 17.</p>
<p>Dopo l&#8217;apertura ufficiale dei chioschi alle 18.00, la serata entrerà nel vivo con una classica gara di briscola, seguita dalle note di <strong>Franco Rosso</strong>, pronto a far ballare il pubblico con i ritmi del liscio e i balli di gruppo.</p>
<p><strong>Sabato 9 maggio</strong> sarà la giornata dedicata alle istituzioni e alle tradizioni locali.</p>
<p>Alle 10.30 si terrà l&#8217;inaugurazione ufficiale alla presenza delle autorità, accompagnata dalle note della <strong>Società Filarmonica &#8220;G. Verdi&#8221;</strong> e dai colori del <strong>Gruppo Costumi Tradizionali Bisiachi</strong>.</p>
<p>La mattinata proseguirà all&#8217;insegna della natura e del benessere: camminate con gli asinelli e la possibilità di ammirare da vicino i simpatici alpaca; una sessione di camminata metabolica per i più dinamici.</p>
<p>Il pomeriggio vedrà il concerto &#8220;<strong><em>Cinzia canta le Donne</em></strong>&#8220;, laboratori creativi per bambini con Kriss, una gimkana ciclistica e le evoluzioni dell&#8217;<strong>A.S.D. Pattinaggio Ronchi</strong>.</p>
<p>La serata si chiuderà in bellezza con l&#8217;aperitivo magico del <strong>Mago Luca</strong> e l’esplosione di pura energia sonora: il ritmo dei <strong>Carlene &amp; Soul Jam</strong> travolge e non lascia scampo.</p>
<p><strong>Domenica 10 maggio</strong> si apre con un gesto di civiltà: l&#8217;iniziativa &#8220;<strong><em>RipuliAMOci</em></strong>&#8221; alle ore 10, dedicata alla cura del territorio.</p>
<p>La vera attrazione della giornata sarà sopra le teste dei visitatori: dalle 11.30 inizieranno infatti i <strong>voli in elicottero con Elifriulia</strong>, un&#8217;occasione unica per ammirare il paesaggio della zona da una prospettiva privilegiata (prenotazioni direttamente sul posto).</p>
<p>Il pomeriggio di sarà un susseguirsi di energia con: il concerto degli <strong>Aglais</strong>, una grande vetrina sportiva con esibizioni di danza acrobatica, judo, katori e parkour a cura di <strong>Corpo Libero</strong> e <strong>Superfly Asd</strong>.</p>
<p>Gran finale musicale affidato alle <strong>Vespe di York</strong>, che accompagneranno i presenti fino alla chiusura dell&#8217;evento prevista per le ore 23.</p>
<p><em>Livio Nonis</em></p>
