{"id":73244,"date":"2026-04-18T15:07:27","date_gmt":"2026-04-18T13:07:27","guid":{"rendered":"https:\/\/imagazine.it\/home_desk\/?post_type=mec-events&#038;p=73244"},"modified":"2026-04-18T15:07:27","modified_gmt":"2026-04-18T13:07:27","slug":"il-crocifisso-svelato","status":"publish","type":"mec-events","link":"https:\/\/imagazine.it\/home_desk\/events\/il-crocifisso-svelato\/","title":{"rendered":"Il Crocifisso svelato"},"content":{"rendered":"<h6>(ph. Luca Laureati)<\/h6>\n<p>&nbsp;<\/p>\n<p><strong>\u201c<\/strong><em>Il Crocifisso svelato. La scoperta di una scultura medievale<\/em>\u201d. Questo \u00e8 il titolo del <strong>seminario di studi scientifici<\/strong> e della <strong>presentazione pubblica<\/strong> del <strong>Crocifisso ligneo medievale <\/strong>recentemente riconosciuto nella cappella funeraria del cimitero maggiore di Cividale del Friuli, due appuntamenti che comporranno una vera e propria giornata-evento\u00a0per la citt\u00e0 di Cividale del Friuli che si terr\u00e0 <strong>marted\u00ec 28 aprile 2026<\/strong> all\u2019interno del <strong>Monastero di Santa Maria in Valle.<\/strong><\/p>\n<p>L\u2019organizzazione \u00e8 del <strong>Comune di Cividale del Friuli<\/strong>, assessorati al Patrimonio e all\u2019Unesco, col sostegno economico della Regione Friuli Venezia Giulia, con la curatela scientifica di Luca Mor.<\/p>\n<p>Nella Chiesa di San Giovanni del Monastero suddetto, accanto al celeberrimo Tempietto Longobardo, il <strong>seminario<\/strong> verter\u00e0 sulla storia, diagnostica e urgenze di restauro di\u00a0questa scultura lignea monumentale esposta per la prima volta dopo il rinvenimento; i lavori inizieranno alle ore 10 in seduta antimeridiana e alle ore 14 in seduta pomeridiana e vedranno la partecipazione di illustri studiosi,\u00a0tra cui\u00a0restauratori,\u00a0diagnosti,\u00a0ricercatori e storici dell\u2019arte.<\/p>\n<p>Alle <strong>ore 18<\/strong> spazio <strong>all\u2019evento pubblico<\/strong>: sempre all\u2019interno della Chiesa di San Giovanni l\u2019Amministrazione Comunale presenter\u00e0 ufficialmente l\u2019opera riscoperta con il saluto delle autorit\u00e0, l\u2019introduzione di <strong>Luca Mor<\/strong> e la successiva visita al Crocifisso.<\/p>\n<p>La scultura rimarr\u00e0 <strong>esposta<\/strong> nella sala refettorio del <strong>Monastero di Santa Maria in <\/strong>Valle fino al 28 giugno 2026 e diventer\u00e0 pertanto la protagonista del XV\u00b0 anniversario dell\u2019ingresso nell\u2019UNESCO dei beni longobardi nazionali (l\u2019opera sar\u00e0 visibile tutti i giorni dalle 10 alle 13 e dalle 14 alle 18; l\u2019ingresso \u00e8 compreso nel biglietto d\u2019accesso al Monastero\/Tempietto Longobardo).<\/p>\n<h3>Il Crocifisso<\/h3>\n<p>Si tratta di un prezioso intaglio di cm\u00a0223 \u00d7 213\u00a0(pi\u00f9 la croce), presumibilmente della fine circa del XII secolo, caratterizzato dal soggetto del Cristo vivo.<\/p>\n<p>In Friuli Venezia Giulia e, in generale, nei territori che furono del Patriarcato di Aquileia si concentra uno dei pi\u00f9 importanti nuclei superstiti di scultura lignea medievale d\u2019Italia.<\/p>\n<p>Si tratta sovente di opere di grandi dimensioni che, sebbene non in modo esclusivo, sono fortemente emblematiche del legame politico e culturale intercorso in quel periodo tra il Patriarcato e il Sacro Romano Impero, tanto da risentire direttamente dei colti modelli figurativi d\u2019Oltralpe.<\/p>\n<p>Fino alla met\u00e0 del Duecento, infatti, i principi vescovi di Aquileia appartennero a potenti famiglie nobili di Franconia, Svevia e Carinzia, concorrendo attivamente ad assicurare questo speciale rapporto con l\u2019area germanica.<\/p>\n<p>Ricordiamo il celebre Crocifisso d\u2019inizio Duecento del Duomo cittadino, dallo scorso anno eccezionalmente ricomposto insieme ai suoi Dolenti grazie all\u2019accordo tra il Comune di Cividale e la Parrocchia di Santa Maria Assunta: l\u2019individuazione proprio a Cividale di un secondo imponente Crocifisso cos\u00ec antico, non solo ha destato enorme soddisfazione, ma ancora una volta conferma il ruolo significativo della citt\u00e0 ducale nel panorama europeo della produzione plastica monumentale in legno.<\/p>\n<p>Fino a poco tempo fa la scultura si trovava in uno stato di semi abbondono nella cappella funeraria del cimitero maggiore, edificata tra il 1889 e il 1894, ma chiusa al pubblico da almeno cinquant\u2019anni e da sempre scarsamente utilizzata a causa delle rampe di accesso poco idonee per il trasporto dei feretri.<\/p>\n<p>Il prof. Mor, curatore scientifico della giornata di studi nonch\u00e9 responsabile della parte diagnostica, sostiene che la scultura provenga dall\u2019ex cappella del SS. Crocifisso nel vecchio cimitero di Cividale, esattamente presso la chiesa distrutta di Santo Stefano in Pertica, prepositura molto importante fondata in et\u00e0 altomedievale e demolita nel 1772. Tenuto anche conto della confraternita del Santissimo Crocifisso che qui ebbe storicamente sede, Mor ragionevolmente suppone che sia questa la chiesa originaria di appartenenza del manufatto. Di certo l\u2019oblio prolungato ne ha peggiorato lo stato di conservazione gi\u00e0 precario, assai ridipinto e pervenuto con diversi problemi strutturali.<\/p>\n<p>Sotto l\u2019Alta sorveglianza della Soprintendenza Archeologia belle arti e paesaggio per il Friuli Venezia Giulia, il Comune ha proceduto alla messa in sicurezza dell\u2019opera d\u2019arte nel laboratorio tecnico allestito appositamente presso il Monastero di Santa Maria in Valle e ha affidato al restauratore incaricato della campagna di ricerca Stefano Tracanelli<br \/>\nla prima fase della campagna diagnostica propedeutica a quella che dovr\u00e0 essere in futuro l\u2019azione di restauro. Al fine di approfondire ulteriormente la ricerca sui materiali costitutivi del Crocifisso e del suo stato di conservazione, grazie all\u2019interessamento dello stesso Tracanelli, \u00e8 stata avviata una straordinaria collaborazione con i laboratori di <strong>Elettra Sincrotrone Trieste<\/strong>.<\/p>\n<p>La giornata del 28 aprile si annuncia, pertanto, come una preziosa opportunit\u00e0 di valorizzazione del Crocifisso sia nei confronti del mondo scientifico ed accademico attraverso il seminario di studi che evidenzier\u00e0 tutte le novit\u00e0 storiche e tecniche emerse attorno a una simile scoperta, tra cui\u00a0anche\u00a0la collaborazione prestigiosa di un ente di ricerca di primaria importanza quale Elettra Sincrotrone di Trieste, sia nei confronti del pubblico e di possibili finanziatori che avranno la possibilit\u00e0 di vedere da vicino un imponente Cristo medievale salvato dall\u2019oblio.<\/p>\n","protected":false},"excerpt":{"rendered":"<p>A Cividale la presentazione e l&#8217;esposizione della scultura lignea recentemente riconosciuta nella cappella funeraria del cimitero maggiore <\/p>\n","protected":false},"author":28,"featured_media":73245,"comment_status":"closed","ping_status":"closed","template":"","tags":[170,261,826,60,568],"mec_category":[59],"class_list":["post-73244","mec-events","type-mec-events","status-publish","has-post-thumbnail","hentry","tag-cividale","tag-eventi","tag-eventi-fvg","tag-mostre","tag-storia","mec_category-meeting"],"_links":{"self":[{"href":"https:\/\/imagazine.it\/home_desk\/wp-json\/wp\/v2\/mec-events\/73244","targetHints":{"allow":["GET"]}}],"collection":[{"href":"https:\/\/imagazine.it\/home_desk\/wp-json\/wp\/v2\/mec-events"}],"about":[{"href":"https:\/\/imagazine.it\/home_desk\/wp-json\/wp\/v2\/types\/mec-events"}],"author":[{"embeddable":true,"href":"https:\/\/imagazine.it\/home_desk\/wp-json\/wp\/v2\/users\/28"}],"replies":[{"embeddable":true,"href":"https:\/\/imagazine.it\/home_desk\/wp-json\/wp\/v2\/comments?post=73244"}],"wp:featuredmedia":[{"embeddable":true,"href":"https:\/\/imagazine.it\/home_desk\/wp-json\/wp\/v2\/media\/73245"}],"wp:attachment":[{"href":"https:\/\/imagazine.it\/home_desk\/wp-json\/wp\/v2\/media?parent=73244"}],"wp:term":[{"taxonomy":"post_tag","embeddable":true,"href":"https:\/\/imagazine.it\/home_desk\/wp-json\/wp\/v2\/tags?post=73244"},{"taxonomy":"mec_category","embeddable":true,"href":"https:\/\/imagazine.it\/home_desk\/wp-json\/wp\/v2\/mec_category?post=73244"}],"curies":[{"name":"wp","href":"https:\/\/api.w.org\/{rel}","templated":true}]}}

<h6>(ph. Luca Laureati)</h6>
<p>&nbsp;</p>
<p><strong>“</strong><em>Il Crocifisso svelato. La scoperta di una scultura medievale</em>”. Questo è il titolo del <strong>seminario di studi scientifici</strong> e della <strong>presentazione pubblica</strong> del <strong>Crocifisso ligneo medievale </strong>recentemente riconosciuto nella cappella funeraria del cimitero maggiore di Cividale del Friuli, due appuntamenti che comporranno una vera e propria giornata-evento per la città di Cividale del Friuli che si terrà <strong>martedì 28 aprile 2026</strong> all’interno del <strong>Monastero di Santa Maria in Valle.</strong></p>
<p>L’organizzazione è del <strong>Comune di Cividale del Friuli</strong>, assessorati al Patrimonio e all’Unesco, col sostegno economico della Regione Friuli Venezia Giulia, con la curatela scientifica di Luca Mor.</p>
<p>Nella Chiesa di San Giovanni del Monastero suddetto, accanto al celeberrimo Tempietto Longobardo, il <strong>seminario</strong> verterà sulla storia, diagnostica e urgenze di restauro di questa scultura lignea monumentale esposta per la prima volta dopo il rinvenimento; i lavori inizieranno alle ore 10 in seduta antimeridiana e alle ore 14 in seduta pomeridiana e vedranno la partecipazione di illustri studiosi, tra cui restauratori, diagnosti, ricercatori e storici dell’arte.</p>
<p>Alle <strong>ore 18</strong> spazio <strong>all’evento pubblico</strong>: sempre all’interno della Chiesa di San Giovanni l’Amministrazione Comunale presenterà ufficialmente l’opera riscoperta con il saluto delle autorità, l’introduzione di <strong>Luca Mor</strong> e la successiva visita al Crocifisso.</p>
<p>La scultura rimarrà <strong>esposta</strong> nella sala refettorio del <strong>Monastero di Santa Maria in </strong>Valle fino al 28 giugno 2026 e diventerà pertanto la protagonista del XV° anniversario dell’ingresso nell’UNESCO dei beni longobardi nazionali (l’opera sarà visibile tutti i giorni dalle 10 alle 13 e dalle 14 alle 18; l’ingresso è compreso nel biglietto d’accesso al Monastero/Tempietto Longobardo).</p>
<h3>Il Crocifisso</h3>
<p>Si tratta di un prezioso intaglio di cm 223 × 213 (più la croce), presumibilmente della fine circa del XII secolo, caratterizzato dal soggetto del Cristo vivo.</p>
<p>In Friuli Venezia Giulia e, in generale, nei territori che furono del Patriarcato di Aquileia si concentra uno dei più importanti nuclei superstiti di scultura lignea medievale d’Italia.</p>
<p>Si tratta sovente di opere di grandi dimensioni che, sebbene non in modo esclusivo, sono fortemente emblematiche del legame politico e culturale intercorso in quel periodo tra il Patriarcato e il Sacro Romano Impero, tanto da risentire direttamente dei colti modelli figurativi d’Oltralpe.</p>
<p>Fino alla metà del Duecento, infatti, i principi vescovi di Aquileia appartennero a potenti famiglie nobili di Franconia, Svevia e Carinzia, concorrendo attivamente ad assicurare questo speciale rapporto con l’area germanica.</p>
<p>Ricordiamo il celebre Crocifisso d’inizio Duecento del Duomo cittadino, dallo scorso anno eccezionalmente ricomposto insieme ai suoi Dolenti grazie all’accordo tra il Comune di Cividale e la Parrocchia di Santa Maria Assunta: l’individuazione proprio a Cividale di un secondo imponente Crocifisso così antico, non solo ha destato enorme soddisfazione, ma ancora una volta conferma il ruolo significativo della città ducale nel panorama europeo della produzione plastica monumentale in legno.</p>
<p>Fino a poco tempo fa la scultura si trovava in uno stato di semi abbondono nella cappella funeraria del cimitero maggiore, edificata tra il 1889 e il 1894, ma chiusa al pubblico da almeno cinquant’anni e da sempre scarsamente utilizzata a causa delle rampe di accesso poco idonee per il trasporto dei feretri.</p>
<p>Il prof. Mor, curatore scientifico della giornata di studi nonché responsabile della parte diagnostica, sostiene che la scultura provenga dall’ex cappella del SS. Crocifisso nel vecchio cimitero di Cividale, esattamente presso la chiesa distrutta di Santo Stefano in Pertica, prepositura molto importante fondata in età altomedievale e demolita nel 1772. Tenuto anche conto della confraternita del Santissimo Crocifisso che qui ebbe storicamente sede, Mor ragionevolmente suppone che sia questa la chiesa originaria di appartenenza del manufatto. Di certo l’oblio prolungato ne ha peggiorato lo stato di conservazione già precario, assai ridipinto e pervenuto con diversi problemi strutturali.</p>
<p>Sotto l’Alta sorveglianza della Soprintendenza Archeologia belle arti e paesaggio per il Friuli Venezia Giulia, il Comune ha proceduto alla messa in sicurezza dell’opera d’arte nel laboratorio tecnico allestito appositamente presso il Monastero di Santa Maria in Valle e ha affidato al restauratore incaricato della campagna di ricerca Stefano Tracanelli<br />
la prima fase della campagna diagnostica propedeutica a quella che dovrà essere in futuro l’azione di restauro. Al fine di approfondire ulteriormente la ricerca sui materiali costitutivi del Crocifisso e del suo stato di conservazione, grazie all’interessamento dello stesso Tracanelli, è stata avviata una straordinaria collaborazione con i laboratori di <strong>Elettra Sincrotrone Trieste</strong>.</p>
<p>La giornata del 28 aprile si annuncia, pertanto, come una preziosa opportunità di valorizzazione del Crocifisso sia nei confronti del mondo scientifico ed accademico attraverso il seminario di studi che evidenzierà tutte le novità storiche e tecniche emerse attorno a una simile scoperta, tra cui anche la collaborazione prestigiosa di un ente di ricerca di primaria importanza quale Elettra Sincrotrone di Trieste, sia nei confronti del pubblico e di possibili finanziatori che avranno la possibilità di vedere da vicino un imponente Cristo medievale salvato dall’oblio.</p>
