{"id":73155,"date":"2026-04-15T17:42:22","date_gmt":"2026-04-15T15:42:22","guid":{"rendered":"https:\/\/imagazine.it\/home_desk\/?post_type=mec-events&#038;p=73155"},"modified":"2026-04-15T17:42:22","modified_gmt":"2026-04-15T15:42:22","slug":"la-bajadera","status":"publish","type":"mec-events","link":"https:\/\/imagazine.it\/home_desk\/events\/la-bajadera\/","title":{"rendered":"La Bajadera"},"content":{"rendered":"<p>&nbsp;<\/p>\n<p>Brillante, divertente, con le splendide musiche del compositore ungherese Emmerich K\u00e1lm\u00e1n, considerato l\u2019ultimo grande maestro del genere operettistico, <strong><em>La Bajadera<\/em><\/strong> sar\u00e0 di scena al <strong>Teatro Nuovo Giovanni da Udine<\/strong> <strong>domenica 19 aprile <\/strong>alle ore 18.<\/p>\n<p>Lo spettacolo \u00e8 proposto nel nuovo allestimento di <strong>Arte Scenica<\/strong>.<\/p>\n<p>Al suo debutto a Vienna nel 1921, <em>La Bajadera<\/em> fece letteralmente impazzire il pubblico e godette subito di un successo enorme. Complici senza dubbio le atmosfere esotiche ma, soprattutto, la presenza di nuovi motivi musicali che avevano in gran parte sostituito il valzer e che apparvero, fin dalla prima esibizione, destinati a sicura popolarit\u00e0.<\/p>\n<p>La facile vena compositiva che anima i cori, le romanze e i motivi danzanti, i duetti comici piacevolissimi, coloriti, ricchi di originalit\u00e0 e vivacit\u00e0 catturarono subito il pubblico e ancor oggi affascinano gli ascoltatori di quest\u2019operetta elegante, sostenuta da una ricca strumentazione con finali pieni di grandiosit\u00e0.<\/p>\n<p>La vicenda, nata dalla fantasia dei librettisti Julius Brammer e Alfred Gr\u00fcnwald, \u00e8 ambientata a Parigi e vede protagonista il principe indiano Radjani di Lahore. Il giovane \u00e8 alla ricerca di una moglie da sposare entro lo scadere del suo trentesimo anno d\u2019et\u00e0: solo cos\u00ec potr\u00e0 mantenere il diritto al trono.<\/p>\n<p>Tutto sembra vano finch\u00e9 Radjani non s\u2019imbatte nella diva Odette Darimonde: per conquistare la riottosa soubrette, il principe decide di ricorrere al suo rubino magico, la Rosa di Jaipur, grazie al quale la cantante dichiara di essersi innamorata perdutamente di lui\u2026<\/p>\n<p>Fra i solisti spiccano <strong>Renata Campanella<\/strong> (Odette Darimonde), <strong>Antonio Colamorea<\/strong> (Principe Radjani di Lahore<em>)<\/em> e <strong>Alessandro Brachetti <\/strong>(Napoleone Garibaldi). Orchestra Sinfonica delle Terre Verdiane e Coro Novecento diretti da Stefano Giaroli, Corpo di Ballo Novecento, coreografie di Salvatore Loritto. Firma la regia Alessandro Brachetti, le scene e i costumi sono di Artemio Cabassi.<\/p>\n","protected":false},"excerpt":{"rendered":"<p>Atmosfere esotiche e musica trascinante: a Udine il capolavoro del compositore ungherese Emmerich K\u00e1lm\u00e1n<\/p>\n","protected":false},"author":28,"featured_media":73156,"comment_status":"closed","ping_status":"closed","template":"","tags":[1396,261,826,821,101],"mec_category":[48],"class_list":["post-73155","mec-events","type-mec-events","status-publish","has-post-thumbnail","hentry","tag-balletto","tag-eventi","tag-eventi-fvg","tag-spettacoli","tag-udine","mec_category-classic-art"],"_links":{"self":[{"href":"https:\/\/imagazine.it\/home_desk\/wp-json\/wp\/v2\/mec-events\/73155","targetHints":{"allow":["GET"]}}],"collection":[{"href":"https:\/\/imagazine.it\/home_desk\/wp-json\/wp\/v2\/mec-events"}],"about":[{"href":"https:\/\/imagazine.it\/home_desk\/wp-json\/wp\/v2\/types\/mec-events"}],"author":[{"embeddable":true,"href":"https:\/\/imagazine.it\/home_desk\/wp-json\/wp\/v2\/users\/28"}],"replies":[{"embeddable":true,"href":"https:\/\/imagazine.it\/home_desk\/wp-json\/wp\/v2\/comments?post=73155"}],"wp:featuredmedia":[{"embeddable":true,"href":"https:\/\/imagazine.it\/home_desk\/wp-json\/wp\/v2\/media\/73156"}],"wp:attachment":[{"href":"https:\/\/imagazine.it\/home_desk\/wp-json\/wp\/v2\/media?parent=73155"}],"wp:term":[{"taxonomy":"post_tag","embeddable":true,"href":"https:\/\/imagazine.it\/home_desk\/wp-json\/wp\/v2\/tags?post=73155"},{"taxonomy":"mec_category","embeddable":true,"href":"https:\/\/imagazine.it\/home_desk\/wp-json\/wp\/v2\/mec_category?post=73155"}],"curies":[{"name":"wp","href":"https:\/\/api.w.org\/{rel}","templated":true}]}}

<p>&nbsp;</p>
<p>Brillante, divertente, con le splendide musiche del compositore ungherese Emmerich Kálmán, considerato l’ultimo grande maestro del genere operettistico, <strong><em>La Bajadera</em></strong> sarà di scena al <strong>Teatro Nuovo Giovanni da Udine</strong> <strong>domenica 19 aprile </strong>alle ore 18.</p>
<p>Lo spettacolo è proposto nel nuovo allestimento di <strong>Arte Scenica</strong>.</p>
<p>Al suo debutto a Vienna nel 1921, <em>La Bajadera</em> fece letteralmente impazzire il pubblico e godette subito di un successo enorme. Complici senza dubbio le atmosfere esotiche ma, soprattutto, la presenza di nuovi motivi musicali che avevano in gran parte sostituito il valzer e che apparvero, fin dalla prima esibizione, destinati a sicura popolarità.</p>
<p>La facile vena compositiva che anima i cori, le romanze e i motivi danzanti, i duetti comici piacevolissimi, coloriti, ricchi di originalità e vivacità catturarono subito il pubblico e ancor oggi affascinano gli ascoltatori di quest’operetta elegante, sostenuta da una ricca strumentazione con finali pieni di grandiosità.</p>
<p>La vicenda, nata dalla fantasia dei librettisti Julius Brammer e Alfred Grünwald, è ambientata a Parigi e vede protagonista il principe indiano Radjani di Lahore. Il giovane è alla ricerca di una moglie da sposare entro lo scadere del suo trentesimo anno d’età: solo così potrà mantenere il diritto al trono.</p>
<p>Tutto sembra vano finché Radjani non s’imbatte nella diva Odette Darimonde: per conquistare la riottosa soubrette, il principe decide di ricorrere al suo rubino magico, la Rosa di Jaipur, grazie al quale la cantante dichiara di essersi innamorata perdutamente di lui…</p>
<p>Fra i solisti spiccano <strong>Renata Campanella</strong> (Odette Darimonde), <strong>Antonio Colamorea</strong> (Principe Radjani di Lahore<em>)</em> e <strong>Alessandro Brachetti </strong>(Napoleone Garibaldi). Orchestra Sinfonica delle Terre Verdiane e Coro Novecento diretti da Stefano Giaroli, Corpo di Ballo Novecento, coreografie di Salvatore Loritto. Firma la regia Alessandro Brachetti, le scene e i costumi sono di Artemio Cabassi.</p>

<p>Atmosfere esotiche e musica trascinante: a Udine il capolavoro del compositore ungherese Emmerich Kálmán</p>
