{"id":72295,"date":"2026-03-13T18:48:26","date_gmt":"2026-03-13T17:48:26","guid":{"rendered":"https:\/\/imagazine.it\/home_desk\/?post_type=mec-events&#038;p=72295"},"modified":"2026-03-13T18:48:26","modified_gmt":"2026-03-13T17:48:26","slug":"guarda-le-luci-amore-mio","status":"publish","type":"mec-events","link":"https:\/\/imagazine.it\/home_desk\/events\/guarda-le-luci-amore-mio\/","title":{"rendered":"Guarda le luci amore mio"},"content":{"rendered":"<h6>(ph. Le Pera)<\/h6>\n<p>&nbsp;<\/p>\n<p>Un viaggio nella quotidianit\u00e0 dell\u2019ipermercato per scoprire un nostro modo di \u201cfare societ\u00e0\u201d: diventa teatro \u201c<em>Guarda le luci amore mio<\/em>\u201d del Premio Nobel Annie Ernaux.<\/p>\n<p>Ne sono protagoniste <strong>Valeria Solarino <\/strong>e<strong> Silvia Gallerano<\/strong>, dirette da<strong> Michela Cescon<\/strong>.<\/p>\n<p>Lo spettacolo \u00e8 ospite del Teatro Stabile del Friuli Venezia Giulia, per il cartellone di Prosa <strong>il 17 e 18 marzo alle 20.30.<\/strong><\/p>\n<p>\u00abChi fa politica, chi scrive sui giornali, \u201cgli esperti\u201d, chiunque non abbia mai messo piede in un ipermercato, ignora la realt\u00e0\u00bb, ha dichiarato l\u2019autrice Annie Ernaux, una delle voci pi\u00f9 autorevoli della cultura contemporanea, Premio Nobel per la letteratura nel 2022.<\/p>\n<p>Era il 2012 quando l\u2019editore francese Seuil chiese un libro a Ernaux per la collana <em>Raccontare la vita<\/em>. L\u2019autrice scelse senza esitazioni l\u2019ipermercato.<\/p>\n<p>Ne nacque un diario in cui Ernaux registr\u00f2 per un anno le proprie regolari visite all\u2019ipermercato Auchan di Cergy, localit\u00e0 alle porte di Parigi, abitata da persone di 130 nazionalit\u00e0 diverse. Un inedito viaggio nella quotidianit\u00e0 dedicato all\u2019ipermercato, inteso come spazio collettivo, di memoria e di tempo, un teatro di segreti del nostro vivere collettivo.<\/p>\n<p>Sceneggiatrice, attrice e regista, Michela Cescon ha curato il primo adattamento teatrale italiano del libro assieme a Lorenzo Flabbi, storico traduttore dell\u2019autrice.<\/p>\n<p>Per Cescon, l\u2019opera di Ernaux porta in due spazi fisici differenti, quello dell\u2019ipermercato e quello della scrittura. Da qui l\u2019idea scenica e drammaturgica di sdoppiare la figura di Ernaux.<\/p>\n<p>\u00abIn scena convivono due presenze, che sono la stessa persona, la scrittrice e l\u2019osservatrice e queste due presenze si muovono in spazi differenti, la stanza tutta per s\u00e9 e il supermercato\u00bb.<\/p>\n<p>Sul palcoscenico Valeria Solarino e Silvia Gallerano incarnano questa duplicit\u00e0 di sguardi in continuo dialogo tra loro. Due attrici carismatiche, di grande spessore e dai profili differenti, capaci di dialogare e ascoltarsi continuamente, due \u00aboperaie della memoria\u00bb come le definisce Michela Cescon, capaci di far affiorare, anche dall\u2019oggetto pi\u00f9 banale, ricordi e mondi passati.<\/p>\n<p>\u00abIl mondo di Ernaux \u00e8 privo di pregiudizi\u00bb, commenta la regista dello spettacolo \u00abe se solitamente i supermercati vengono giudicati dei non-luoghi, per lei non \u00e8 cos\u00ec: la vita in essi esiste, se sai guardarla, considerarla, raccontarla, perch\u00e9 il supermercato, romanzo del mondo contemporaneo, \u00e8 diventato ora il nostro modo di \u201cfare societ\u00e0\u201d.\u00bb<\/p>\n<p>Scene, luci e costumi sono ideate da Dario Gessati, il sound designer \u00e8 Shari DeLorian.<\/p>\n<p>La produzione nasce dalla sinergia tra Teatro Stabile di Bolzano e Teatro Stabile di Torino \u2013 Teatro Nazionale e in collaborazione con Teatro di Dioniso, Riccione Teatro e L\u2019Orma Editore.<\/p>\n","protected":false},"excerpt":{"rendered":"<p>A Trieste il viaggio nella quotidianit\u00e0 dell\u2019ipermercato per scoprire un nostro modo di \u201cfare societ\u00e0\u201d<\/p>\n","protected":false},"author":28,"featured_media":72296,"comment_status":"closed","ping_status":"closed","template":"","tags":[261,826,2086,821,65],"mec_category":[48],"class_list":["post-72295","mec-events","type-mec-events","status-publish","has-post-thumbnail","hentry","tag-eventi","tag-eventi-fvg","tag-eventi-fvg-black-sorrows","tag-spettacoli","tag-trieste","mec_category-classic-art"],"_links":{"self":[{"href":"https:\/\/imagazine.it\/home_desk\/wp-json\/wp\/v2\/mec-events\/72295","targetHints":{"allow":["GET"]}}],"collection":[{"href":"https:\/\/imagazine.it\/home_desk\/wp-json\/wp\/v2\/mec-events"}],"about":[{"href":"https:\/\/imagazine.it\/home_desk\/wp-json\/wp\/v2\/types\/mec-events"}],"author":[{"embeddable":true,"href":"https:\/\/imagazine.it\/home_desk\/wp-json\/wp\/v2\/users\/28"}],"replies":[{"embeddable":true,"href":"https:\/\/imagazine.it\/home_desk\/wp-json\/wp\/v2\/comments?post=72295"}],"wp:featuredmedia":[{"embeddable":true,"href":"https:\/\/imagazine.it\/home_desk\/wp-json\/wp\/v2\/media\/72296"}],"wp:attachment":[{"href":"https:\/\/imagazine.it\/home_desk\/wp-json\/wp\/v2\/media?parent=72295"}],"wp:term":[{"taxonomy":"post_tag","embeddable":true,"href":"https:\/\/imagazine.it\/home_desk\/wp-json\/wp\/v2\/tags?post=72295"},{"taxonomy":"mec_category","embeddable":true,"href":"https:\/\/imagazine.it\/home_desk\/wp-json\/wp\/v2\/mec_category?post=72295"}],"curies":[{"name":"wp","href":"https:\/\/api.w.org\/{rel}","templated":true}]}}

<h6>(ph. Le Pera)</h6>
<p>&nbsp;</p>
<p>Un viaggio nella quotidianità dell’ipermercato per scoprire un nostro modo di “fare società”: diventa teatro “<em>Guarda le luci amore mio</em>” del Premio Nobel Annie Ernaux.</p>
<p>Ne sono protagoniste <strong>Valeria Solarino </strong>e<strong> Silvia Gallerano</strong>, dirette da<strong> Michela Cescon</strong>.</p>
<p>Lo spettacolo è ospite del Teatro Stabile del Friuli Venezia Giulia, per il cartellone di Prosa <strong>il 17 e 18 marzo alle 20.30.</strong></p>
<p>«Chi fa politica, chi scrive sui giornali, “gli esperti”, chiunque non abbia mai messo piede in un ipermercato, ignora la realtà», ha dichiarato l’autrice Annie Ernaux, una delle voci più autorevoli della cultura contemporanea, Premio Nobel per la letteratura nel 2022.</p>
<p>Era il 2012 quando l’editore francese Seuil chiese un libro a Ernaux per la collana <em>Raccontare la vita</em>. L’autrice scelse senza esitazioni l’ipermercato.</p>
<p>Ne nacque un diario in cui Ernaux registrò per un anno le proprie regolari visite all’ipermercato Auchan di Cergy, località alle porte di Parigi, abitata da persone di 130 nazionalità diverse. Un inedito viaggio nella quotidianità dedicato all’ipermercato, inteso come spazio collettivo, di memoria e di tempo, un teatro di segreti del nostro vivere collettivo.</p>
<p>Sceneggiatrice, attrice e regista, Michela Cescon ha curato il primo adattamento teatrale italiano del libro assieme a Lorenzo Flabbi, storico traduttore dell’autrice.</p>
<p>Per Cescon, l’opera di Ernaux porta in due spazi fisici differenti, quello dell’ipermercato e quello della scrittura. Da qui l’idea scenica e drammaturgica di sdoppiare la figura di Ernaux.</p>
<p>«In scena convivono due presenze, che sono la stessa persona, la scrittrice e l’osservatrice e queste due presenze si muovono in spazi differenti, la stanza tutta per sé e il supermercato».</p>
<p>Sul palcoscenico Valeria Solarino e Silvia Gallerano incarnano questa duplicità di sguardi in continuo dialogo tra loro. Due attrici carismatiche, di grande spessore e dai profili differenti, capaci di dialogare e ascoltarsi continuamente, due «operaie della memoria» come le definisce Michela Cescon, capaci di far affiorare, anche dall’oggetto più banale, ricordi e mondi passati.</p>
<p>«Il mondo di Ernaux è privo di pregiudizi», commenta la regista dello spettacolo «e se solitamente i supermercati vengono giudicati dei non-luoghi, per lei non è così: la vita in essi esiste, se sai guardarla, considerarla, raccontarla, perché il supermercato, romanzo del mondo contemporaneo, è diventato ora il nostro modo di “fare società”.»</p>
<p>Scene, luci e costumi sono ideate da Dario Gessati, il sound designer è Shari DeLorian.</p>
<p>La produzione nasce dalla sinergia tra Teatro Stabile di Bolzano e Teatro Stabile di Torino – Teatro Nazionale e in collaborazione con Teatro di Dioniso, Riccione Teatro e L’Orma Editore.</p>

<p>A Trieste il viaggio nella quotidianità dell’ipermercato per scoprire un nostro modo di “fare società”</p>
