{"id":72225,"date":"2026-03-11T18:19:14","date_gmt":"2026-03-11T17:19:14","guid":{"rendered":"https:\/\/imagazine.it\/home_desk\/?post_type=mec-events&#038;p=72225"},"modified":"2026-03-11T18:19:14","modified_gmt":"2026-03-11T17:19:14","slug":"toccando-il-vuoto","status":"publish","type":"mec-events","link":"https:\/\/imagazine.it\/home_desk\/events\/toccando-il-vuoto\/","title":{"rendered":"Toccando il vuoto"},"content":{"rendered":"<h6>(ph. Tiziano Ghidorsi)<\/h6>\n<p>&nbsp;<\/p>\n<p><strong>Venerd\u00ec 13 marzo<\/strong>, alle 21, al Teatro Comunale di <strong>Cormons<\/strong> andr\u00e0 in scena, in <strong>prima regionale<\/strong> <em>Toccando il vuoto<\/em>, tratto dal romanzo di <strong>Joe Simpson <\/strong>nell\u2019adattamento\u00a0di <strong>David Greig, <\/strong>con\u00a0<strong>Lodo Guenzi, Eleonora Giovanardi, Giovanni Anzaldo e Matteo Gatta<\/strong>, per la regia<strong>\u00a0di Silvio Peroni. <\/strong><\/p>\n<p>La produzione \u00e8 firmata da\u00a0<strong>Pierfrancesco Pisani e Isabella Borettini per Infinito e Argot Produzioni <\/strong>in co-produzione con<strong>\u00a0Accademia Perduta\/Romagna<\/strong>.<\/p>\n<p>Tratta da una storia vera, la pi\u00e8ce \u00e8 ambientata nel 1985 durante la scalata nelle Ande Peruviane, dove gli alpinisti Joe Simpson e Simon Yate restano vittime di un incidente durante la fase di discesa che provoca la caduta di Joe in un dirupo.<\/p>\n<p>Simon, per non rischiare di precipitare assieme al suo compagno, \u00e8 costretto a tagliare la corda da arrampicata.<\/p>\n<p>La storia si ambienta tra passato e presente, tra passione, sensi di colpa, amicizia e resilienza, in un tempo e spazio che si fondono costantemente, ponendo il pubblico in un interrogativo costante: \u201ccosa avremmo fatto al posto di Simon?\u201d.<\/p>\n<p>Rappresentato per la prima volta in Italia, il testo del drammaturgo scozzese, recensito in maniera molto positiva dalla critica estera, pone alla base dell\u2019opera il tema delle scelte, etiche e non, che circondano gli eventi.<\/p>\n<p>David Greig\u00a0\u00e8 un drammaturgo scozzese e regista teatrale. I suoi testi sono stati prodotti in tutto il mondo e rappresentati nelle principali realt\u00e0 teatrali britanniche, tra cui il Teatro Traverse, il Royal Court Theatre, il Royal National Theatre e la Royal Shakespeare Company.<\/p>\n<p>Lo spettacolo \u00e8 stato recensito in maniera eccellente e riconosciuto tra gli spettacoli pi\u00f9 emozionanti e innovativi dalla miglior critica mondiale (<em>The Guardian<\/em>, <em>The Times<\/em>, <em>The NY Times<\/em>).<\/p>\n<p>\u201cUno dei temi centrali del testo &#8211; spiega il regista Peroni &#8211; \u00e8 quello delle ossessioni: raggiungere vette sempre pi\u00f9 alte, superare i limiti, confrontarsi continuamente con le proprie paure. Spesso diventano pensieri costanti, quasi fossero fantasmi che disturbano il sonno e occupano incessantemente la mente. Queste ossessioni come sappiamo possono portare a compiere scelte rischiose, che possono diventare tragiche, come nella vicenda di Simon e Joe. E qualche volta anche nelle nostre vite. Il testo vuole raccontare le emozioni e le relazioni umane in uno spazio ostile e isolato come quello della montagna. Nel corso della storia, emergeranno segreti e tensioni tra i personaggi, mentre l\u2019ambiente impervio e separato dal resto del mondo li metter\u00e0 a dura prova. Sacrificare la vita di un amico per salvare la propria \u00e8 forse tra le scelte pi\u00f9 dolorose che esistano, da cui pu\u00f2 scaturire un senso di colpa eterno e duraturo\u201d.<\/p>\n","protected":false},"excerpt":{"rendered":"<p>In prima regionale a Corm\u00f2ns la vicenda degli alpinisti Joe Simpson e Simon Yate: tra passione, sensi di colpa, amicizia e resilienza <\/p>\n","protected":false},"author":28,"featured_media":72226,"comment_status":"closed","ping_status":"closed","template":"","tags":[517,261,826,821,52],"mec_category":[48],"class_list":["post-72225","mec-events","type-mec-events","status-publish","has-post-thumbnail","hentry","tag-cormons","tag-eventi","tag-eventi-fvg","tag-spettacoli","tag-teatro","mec_category-classic-art"],"_links":{"self":[{"href":"https:\/\/imagazine.it\/home_desk\/wp-json\/wp\/v2\/mec-events\/72225","targetHints":{"allow":["GET"]}}],"collection":[{"href":"https:\/\/imagazine.it\/home_desk\/wp-json\/wp\/v2\/mec-events"}],"about":[{"href":"https:\/\/imagazine.it\/home_desk\/wp-json\/wp\/v2\/types\/mec-events"}],"author":[{"embeddable":true,"href":"https:\/\/imagazine.it\/home_desk\/wp-json\/wp\/v2\/users\/28"}],"replies":[{"embeddable":true,"href":"https:\/\/imagazine.it\/home_desk\/wp-json\/wp\/v2\/comments?post=72225"}],"wp:featuredmedia":[{"embeddable":true,"href":"https:\/\/imagazine.it\/home_desk\/wp-json\/wp\/v2\/media\/72226"}],"wp:attachment":[{"href":"https:\/\/imagazine.it\/home_desk\/wp-json\/wp\/v2\/media?parent=72225"}],"wp:term":[{"taxonomy":"post_tag","embeddable":true,"href":"https:\/\/imagazine.it\/home_desk\/wp-json\/wp\/v2\/tags?post=72225"},{"taxonomy":"mec_category","embeddable":true,"href":"https:\/\/imagazine.it\/home_desk\/wp-json\/wp\/v2\/mec_category?post=72225"}],"curies":[{"name":"wp","href":"https:\/\/api.w.org\/{rel}","templated":true}]}}

<h6>(ph. Tiziano Ghidorsi)</h6>
<p>&nbsp;</p>
<p><strong>Venerdì 13 marzo</strong>, alle 21, al Teatro Comunale di <strong>Cormons</strong> andrà in scena, in <strong>prima regionale</strong> <em>Toccando il vuoto</em>, tratto dal romanzo di <strong>Joe Simpson </strong>nell’adattamento di <strong>David Greig, </strong>con <strong>Lodo Guenzi, Eleonora Giovanardi, Giovanni Anzaldo e Matteo Gatta</strong>, per la regia<strong> di Silvio Peroni. </strong></p>
<p>La produzione è firmata da <strong>Pierfrancesco Pisani e Isabella Borettini per Infinito e Argot Produzioni </strong>in co-produzione con<strong> Accademia Perduta/Romagna</strong>.</p>
<p>Tratta da una storia vera, la pièce è ambientata nel 1985 durante la scalata nelle Ande Peruviane, dove gli alpinisti Joe Simpson e Simon Yate restano vittime di un incidente durante la fase di discesa che provoca la caduta di Joe in un dirupo.</p>
<p>Simon, per non rischiare di precipitare assieme al suo compagno, è costretto a tagliare la corda da arrampicata.</p>
<p>La storia si ambienta tra passato e presente, tra passione, sensi di colpa, amicizia e resilienza, in un tempo e spazio che si fondono costantemente, ponendo il pubblico in un interrogativo costante: “cosa avremmo fatto al posto di Simon?”.</p>
<p>Rappresentato per la prima volta in Italia, il testo del drammaturgo scozzese, recensito in maniera molto positiva dalla critica estera, pone alla base dell’opera il tema delle scelte, etiche e non, che circondano gli eventi.</p>
<p>David Greig è un drammaturgo scozzese e regista teatrale. I suoi testi sono stati prodotti in tutto il mondo e rappresentati nelle principali realtà teatrali britanniche, tra cui il Teatro Traverse, il Royal Court Theatre, il Royal National Theatre e la Royal Shakespeare Company.</p>
<p>Lo spettacolo è stato recensito in maniera eccellente e riconosciuto tra gli spettacoli più emozionanti e innovativi dalla miglior critica mondiale (<em>The Guardian</em>, <em>The Times</em>, <em>The NY Times</em>).</p>
<p>“Uno dei temi centrali del testo &#8211; spiega il regista Peroni &#8211; è quello delle ossessioni: raggiungere vette sempre più alte, superare i limiti, confrontarsi continuamente con le proprie paure. Spesso diventano pensieri costanti, quasi fossero fantasmi che disturbano il sonno e occupano incessantemente la mente. Queste ossessioni come sappiamo possono portare a compiere scelte rischiose, che possono diventare tragiche, come nella vicenda di Simon e Joe. E qualche volta anche nelle nostre vite. Il testo vuole raccontare le emozioni e le relazioni umane in uno spazio ostile e isolato come quello della montagna. Nel corso della storia, emergeranno segreti e tensioni tra i personaggi, mentre l’ambiente impervio e separato dal resto del mondo li metterà a dura prova. Sacrificare la vita di un amico per salvare la propria è forse tra le scelte più dolorose che esistano, da cui può scaturire un senso di colpa eterno e duraturo”.</p>

<p>In prima regionale a Cormòns la vicenda degli alpinisti Joe Simpson e Simon Yate: tra passione, sensi di colpa, amicizia e resilienza </p>
