{"id":72199,"date":"2026-03-11T15:09:48","date_gmt":"2026-03-11T14:09:48","guid":{"rendered":"https:\/\/imagazine.it\/home_desk\/?post_type=mec-events&#038;p=72199"},"modified":"2026-03-11T15:09:48","modified_gmt":"2026-03-11T14:09:48","slug":"dialoghi-sulla-linea-dellorizzonte","status":"publish","type":"mec-events","link":"https:\/\/imagazine.it\/home_desk\/events\/dialoghi-sulla-linea-dellorizzonte\/","title":{"rendered":"Dialoghi sulla linea dell\u2019orizzonte"},"content":{"rendered":"<h6>Marco Petean (\u00a9 Elia Falaschi)<\/h6>\n<p>&nbsp;<\/p>\n<p>Per la prima volta nella sua citt\u00e0, Marco\u00a0Petean espone quindici sculture inedite in terracotta policroma, opere che lo accompagnano in un viaggio attraverso la memoria personale e quella del suo territorio, dove l\u2019arte si fa linguaggio capace di instaurare e ricucire legami, rivelando storie e vissuti.<\/p>\n<p>Idealmente l\u2019artista colloca il proprio racconto ponendosi in riflessione di fronte alla linea dell\u2019orizzonte che attraversa la Bassa Friulana come una promessa silenziosa: un confine visivo che al tempo stesso separa e unisce, custodendo memorie e svelando identit\u00e0. \u00c8 lungo questa linea \u2014 non soltanto paesaggio ma anche linea mentale, spazio sospeso e soglia simbolica \u2014 che prendono forma i \u201cdialoghi\u201d evocati dal titolo della mostra: dialoghi tra interiorit\u00e0 e vita, tra epoche, persone, luoghi e artisti.<\/p>\n<p>Petean rappresenta i luoghi della sua infanzia come luoghi interiori prima che reali,\u00a0paesaggi dell\u2019anima in cui la memoria familiare, la trasformazione ambientale e la stratificazione storica si fondono in una narrazione carica di malinconia, nostalgia, mistero e bellezza.<\/p>\n<p>Il paesaggio diviene metafora dell\u2019esistenza, di ci\u00f2 che appare immobile ma custodisce in realt\u00e0 una lenta trasformazione, una vita sotterranea che induce a riflettere sul senso della memoria e della permanenza.<\/p>\n<p>I Teatrini in terracotta, per i quali l\u2019artista \u00e8 conosciuto, in questa esposizione, divengono quindi il\u00a0<em>medium<\/em>\u00a0privilegiato per dare forma ad un atto d\u2019amore, di restituzione e riparazione nei confronti del proprio territorio e della figura paterna, cardine della memoria e della costruzione identitaria. Essi custodiscono i frammenti di vita e racconti lontani, restituendo colore ad immagini sbiadite e nuova presenza a luoghi e persone care. Il suo \u00e8 un atto di preservazione della memoria degli individui comuni, quelli che la storia tende a dimenticare.<\/p>\n<p>L\u2019artista, tramite le fotografie e i racconti del padre ottantenne, crea un nuovo legame, ancora pi\u00f9 profondo, ricostruendo l\u2019esperienza del padre bambino che, nella met\u00e0 degli anni Cinquanta, lascia il suo paese nativo e la sua famiglia per intraprendere la strada del seminario.<\/p>\n<p>Una \u201cpiccola memoria\u201d scolpita nell\u2019argilla si fa universale, diventa archivio dell\u2019anima e reliquia, un punto di contatto eterno tra padre e figlio.<\/p>\n<p><img loading=\"lazy\" decoding=\"async\" class=\"aligncenter size-large wp-image-72010\" src=\"https:\/\/imagazine.it\/wp-content\/uploads\/2026\/03\/LOCANDINA-DIALOGHI_Petean-Marco-738x1024.jpg\" alt=\"\" width=\"640\" height=\"888\" title=\"\" srcset=\"https:\/\/imagazine.it\/wp-content\/uploads\/2026\/03\/LOCANDINA-DIALOGHI_Petean-Marco-738x1024.jpg 738w, https:\/\/imagazine.it\/wp-content\/uploads\/2026\/03\/LOCANDINA-DIALOGHI_Petean-Marco-216x300.jpg 216w, https:\/\/imagazine.it\/wp-content\/uploads\/2026\/03\/LOCANDINA-DIALOGHI_Petean-Marco-768x1066.jpg 768w, https:\/\/imagazine.it\/wp-content\/uploads\/2026\/03\/LOCANDINA-DIALOGHI_Petean-Marco.jpg 800w\" sizes=\"auto, (max-width: 640px) 100vw, 640px\" \/><\/p>\n<p style=\"font-weight: 400;\"><strong>DIALOGHI SULLA LINEA DELL\u2019ORIZZONTE.\u00a0<\/strong><strong>A MIO PADRE, ALLA MIA TERRA<\/strong><\/p>\n<p><strong>inaugurazione\u00a0sabato 14 marzo 2026 ore 11.00<\/strong><\/p>\n<p>Biblioteca Giuseppe Zigaina, via Trieste 33 a\u00a0Cervignano del Friuli<\/p>\n<p><strong>La mostra, ad ingresso gratuito, sar\u00e0 visitabile sino\u00a0a sabato 16 maggio 2026 nelle giornate di apertura della biblioteca:\u00a0luned\u00ec, mercoled\u00ec, gioved\u00ec, venerd\u00ec 9.00-12.00 e 15.30-19.00, marted\u00ec e sabato 9.00-13.00.<\/strong><\/p>\n<p>&nbsp;<\/p>\n","protected":false},"excerpt":{"rendered":"<p>Lo scultore Marco Petean espone per la prima volta nella sua Cervignano: quindici sculture inedite in terracotta policroma<\/p>\n","protected":false},"author":28,"featured_media":72011,"comment_status":"closed","ping_status":"closed","template":"","tags":[119,261,826,60,511],"mec_category":[59],"class_list":["post-72199","mec-events","type-mec-events","status-publish","has-post-thumbnail","hentry","tag-cervignano","tag-eventi","tag-eventi-fvg","tag-mostre","tag-scultura","mec_category-meeting"],"_links":{"self":[{"href":"https:\/\/imagazine.it\/home_desk\/wp-json\/wp\/v2\/mec-events\/72199","targetHints":{"allow":["GET"]}}],"collection":[{"href":"https:\/\/imagazine.it\/home_desk\/wp-json\/wp\/v2\/mec-events"}],"about":[{"href":"https:\/\/imagazine.it\/home_desk\/wp-json\/wp\/v2\/types\/mec-events"}],"author":[{"embeddable":true,"href":"https:\/\/imagazine.it\/home_desk\/wp-json\/wp\/v2\/users\/28"}],"replies":[{"embeddable":true,"href":"https:\/\/imagazine.it\/home_desk\/wp-json\/wp\/v2\/comments?post=72199"}],"wp:featuredmedia":[{"embeddable":true,"href":"https:\/\/imagazine.it\/home_desk\/wp-json\/wp\/v2\/media\/72011"}],"wp:attachment":[{"href":"https:\/\/imagazine.it\/home_desk\/wp-json\/wp\/v2\/media?parent=72199"}],"wp:term":[{"taxonomy":"post_tag","embeddable":true,"href":"https:\/\/imagazine.it\/home_desk\/wp-json\/wp\/v2\/tags?post=72199"},{"taxonomy":"mec_category","embeddable":true,"href":"https:\/\/imagazine.it\/home_desk\/wp-json\/wp\/v2\/mec_category?post=72199"}],"curies":[{"name":"wp","href":"https:\/\/api.w.org\/{rel}","templated":true}]}}

<h6>Marco Petean (© Elia Falaschi)</h6>
<p>&nbsp;</p>
<p>Per la prima volta nella sua città, Marco Petean espone quindici sculture inedite in terracotta policroma, opere che lo accompagnano in un viaggio attraverso la memoria personale e quella del suo territorio, dove l’arte si fa linguaggio capace di instaurare e ricucire legami, rivelando storie e vissuti.</p>
<p>Idealmente l’artista colloca il proprio racconto ponendosi in riflessione di fronte alla linea dell’orizzonte che attraversa la Bassa Friulana come una promessa silenziosa: un confine visivo che al tempo stesso separa e unisce, custodendo memorie e svelando identità. È lungo questa linea — non soltanto paesaggio ma anche linea mentale, spazio sospeso e soglia simbolica — che prendono forma i “dialoghi” evocati dal titolo della mostra: dialoghi tra interiorità e vita, tra epoche, persone, luoghi e artisti.</p>
<p>Petean rappresenta i luoghi della sua infanzia come luoghi interiori prima che reali, paesaggi dell’anima in cui la memoria familiare, la trasformazione ambientale e la stratificazione storica si fondono in una narrazione carica di malinconia, nostalgia, mistero e bellezza.</p>
<p>Il paesaggio diviene metafora dell’esistenza, di ciò che appare immobile ma custodisce in realtà una lenta trasformazione, una vita sotterranea che induce a riflettere sul senso della memoria e della permanenza.</p>
<p>I Teatrini in terracotta, per i quali l’artista è conosciuto, in questa esposizione, divengono quindi il <em>medium</em> privilegiato per dare forma ad un atto d’amore, di restituzione e riparazione nei confronti del proprio territorio e della figura paterna, cardine della memoria e della costruzione identitaria. Essi custodiscono i frammenti di vita e racconti lontani, restituendo colore ad immagini sbiadite e nuova presenza a luoghi e persone care. Il suo è un atto di preservazione della memoria degli individui comuni, quelli che la storia tende a dimenticare.</p>
<p>L’artista, tramite le fotografie e i racconti del padre ottantenne, crea un nuovo legame, ancora più profondo, ricostruendo l’esperienza del padre bambino che, nella metà degli anni Cinquanta, lascia il suo paese nativo e la sua famiglia per intraprendere la strada del seminario.</p>
<p>Una “piccola memoria” scolpita nell’argilla si fa universale, diventa archivio dell’anima e reliquia, un punto di contatto eterno tra padre e figlio.</p>
<p><img loading="lazy" decoding="async" class="aligncenter size-large wp-image-72010" src="https://imagazine.it/wp-content/uploads/2026/03/LOCANDINA-DIALOGHI_Petean-Marco-738x1024.jpg" alt="" width="640" height="888" title="" srcset="https://imagazine.it/wp-content/uploads/2026/03/LOCANDINA-DIALOGHI_Petean-Marco-738x1024.jpg 738w, https://imagazine.it/wp-content/uploads/2026/03/LOCANDINA-DIALOGHI_Petean-Marco-216x300.jpg 216w, https://imagazine.it/wp-content/uploads/2026/03/LOCANDINA-DIALOGHI_Petean-Marco-768x1066.jpg 768w, https://imagazine.it/wp-content/uploads/2026/03/LOCANDINA-DIALOGHI_Petean-Marco.jpg 800w" sizes="auto, (max-width: 640px) 100vw, 640px" /></p>
<p style="font-weight: 400;"><strong>DIALOGHI SULLA LINEA DELL’ORIZZONTE. </strong><strong>A MIO PADRE, ALLA MIA TERRA</strong></p>
<p><strong>inaugurazione sabato 14 marzo 2026 ore 11.00</strong></p>
<p>Biblioteca Giuseppe Zigaina, via Trieste 33 a Cervignano del Friuli</p>
<p><strong>La mostra, ad ingresso gratuito, sarà visitabile sino a sabato 16 maggio 2026 nelle giornate di apertura della biblioteca: lunedì, mercoledì, giovedì, venerdì 9.00-12.00 e 15.30-19.00, martedì e sabato 9.00-13.00.</strong></p>
<p>&nbsp;</p>
