{"id":72180,"date":"2026-03-10T16:17:04","date_gmt":"2026-03-10T15:17:04","guid":{"rendered":"https:\/\/imagazine.it\/home_desk\/?post_type=mec-events&#038;p=72180"},"modified":"2026-03-10T16:17:04","modified_gmt":"2026-03-10T15:17:04","slug":"i-matti-sono-tutti-di-la","status":"publish","type":"mec-events","link":"https:\/\/imagazine.it\/home_desk\/events\/i-matti-sono-tutti-di-la\/","title":{"rendered":"I matti sono tutti di l\u00e0&#8230;"},"content":{"rendered":"<p>&nbsp;<\/p>\n<p>In uno studio medico, sei persone si ritrovano in attesa di un importante appuntamento terapeutico.<\/p>\n<p>Ciascuno porta con s\u00e9 una propria ossessione, un ritmo interiore diverso, una fobia esilarante \u2013 uno strano modo per affrontare la &#8220;normale&#8221; vita quotidiana.<\/p>\n<p>Il medico, per\u00f2, tarda ad arrivare. Cos\u00ec, nell\u2019attesa, le barriere iniziano lentamente a cedere: tra esitazioni, scambi surreali, conflitti e improvvise complicit\u00e0, i personaggi finiscono per diventare \u2013 loro malgrado \u2013 protagonisti di una seduta collettiva inattesa e rivelatrice.<\/p>\n<p>&#8220;I matti sono tutti di l\u00e0&#8230;&#8221; \u00e8 una commedia corale che mescola comicit\u00e0 e ironia, il ritmo \u00e8 serrato con momenti di umana fragilit\u00e0. Un ritratto ironico ma empatico del bisogno universale di essere ascoltati, compresi, accettati.<\/p>\n<p>\u00abIn un tempo in cui si parla molto di salute mentale ma si ascolta ancora troppo poco, ho voluto mettere in scena l\u2019incontro tra sei solitudini che si parlano \u2013 e, nel farlo, si curano a modo loro. \u00c8 una commedia, certo. Ma dietro le risate c\u2019\u00e8 una domanda sincera: e se fossimo tutti un po\u2019 matti?\u00bb<\/p>\n<p>Ingresso libero.<\/p>\n<p>11 aprile ore 20.30 presso la Sala Bergamas a Gradisca d&#8217;Isonzo.<br \/>\n&#8220;I matti sono tutti di l\u00e0&#8230;&#8221;<br \/>\nRegia: Andrea Pahor<br \/>\nCompagnia ARTEatro APS \u2013 Monfalcone<\/p>\n","protected":false},"excerpt":{"rendered":"<p>A Gradisca d&#8217;Isonzo la commedia brillante, senza filtri, a volte cruda e soprattutto fuori dagli schemi<\/p>\n","protected":false},"author":28,"featured_media":72181,"comment_status":"closed","ping_status":"closed","template":"","tags":[261,826,254,821,52],"mec_category":[48],"class_list":["post-72180","mec-events","type-mec-events","status-publish","has-post-thumbnail","hentry","tag-eventi","tag-eventi-fvg","tag-gradisca","tag-spettacoli","tag-teatro","mec_category-classic-art"],"_links":{"self":[{"href":"https:\/\/imagazine.it\/home_desk\/wp-json\/wp\/v2\/mec-events\/72180","targetHints":{"allow":["GET"]}}],"collection":[{"href":"https:\/\/imagazine.it\/home_desk\/wp-json\/wp\/v2\/mec-events"}],"about":[{"href":"https:\/\/imagazine.it\/home_desk\/wp-json\/wp\/v2\/types\/mec-events"}],"author":[{"embeddable":true,"href":"https:\/\/imagazine.it\/home_desk\/wp-json\/wp\/v2\/users\/28"}],"replies":[{"embeddable":true,"href":"https:\/\/imagazine.it\/home_desk\/wp-json\/wp\/v2\/comments?post=72180"}],"wp:featuredmedia":[{"embeddable":true,"href":"https:\/\/imagazine.it\/home_desk\/wp-json\/wp\/v2\/media\/72181"}],"wp:attachment":[{"href":"https:\/\/imagazine.it\/home_desk\/wp-json\/wp\/v2\/media?parent=72180"}],"wp:term":[{"taxonomy":"post_tag","embeddable":true,"href":"https:\/\/imagazine.it\/home_desk\/wp-json\/wp\/v2\/tags?post=72180"},{"taxonomy":"mec_category","embeddable":true,"href":"https:\/\/imagazine.it\/home_desk\/wp-json\/wp\/v2\/mec_category?post=72180"}],"curies":[{"name":"wp","href":"https:\/\/api.w.org\/{rel}","templated":true}]}}

I matti sono tutti di là&#8230;

<p>&nbsp;</p>
<p>In uno studio medico, sei persone si ritrovano in attesa di un importante appuntamento terapeutico.</p>
<p>Ciascuno porta con sé una propria ossessione, un ritmo interiore diverso, una fobia esilarante – uno strano modo per affrontare la &#8220;normale&#8221; vita quotidiana.</p>
<p>Il medico, però, tarda ad arrivare. Così, nell’attesa, le barriere iniziano lentamente a cedere: tra esitazioni, scambi surreali, conflitti e improvvise complicità, i personaggi finiscono per diventare – loro malgrado – protagonisti di una seduta collettiva inattesa e rivelatrice.</p>
<p>&#8220;I matti sono tutti di là&#8230;&#8221; è una commedia corale che mescola comicità e ironia, il ritmo è serrato con momenti di umana fragilità. Un ritratto ironico ma empatico del bisogno universale di essere ascoltati, compresi, accettati.</p>
<p>«In un tempo in cui si parla molto di salute mentale ma si ascolta ancora troppo poco, ho voluto mettere in scena l’incontro tra sei solitudini che si parlano – e, nel farlo, si curano a modo loro. È una commedia, certo. Ma dietro le risate c’è una domanda sincera: e se fossimo tutti un po’ matti?»</p>
<p>Ingresso libero.</p>
<p>11 aprile ore 20.30 presso la Sala Bergamas a Gradisca d&#8217;Isonzo.<br />
&#8220;I matti sono tutti di là&#8230;&#8221;<br />
Regia: Andrea Pahor<br />
Compagnia ARTEatro APS – Monfalcone</p>
