{"id":72133,"date":"2026-03-09T16:58:17","date_gmt":"2026-03-09T15:58:17","guid":{"rendered":"https:\/\/imagazine.it\/home_desk\/?post_type=mec-events&#038;p=72133"},"modified":"2026-03-09T16:58:17","modified_gmt":"2026-03-09T15:58:17","slug":"breve-enciclopedia-delle-porte-2","status":"publish","type":"mec-events","link":"https:\/\/imagazine.it\/home_desk\/events\/breve-enciclopedia-delle-porte-2\/","title":{"rendered":"Breve enciclopedia delle porte"},"content":{"rendered":"<p>La rassegna \u2018Innesti &#8211; Connessioni teatrali affatto prevedibili\u2019 ospiter\u00e0 al Nuovo Teatro Comunale di <strong>Gradisca d\u2019Isonzo<\/strong>, <strong>marted\u00ec 10, mercoled\u00ec 11 e gioved\u00ec 12 marzo, alle 20.30<\/strong>, la compagnia I Gordi con \u2018<em>Breve enciclopedia delle porte<\/em>\u2019 ideato e diretto da <strong>Riccardo Pippa<\/strong>, di e con di e con Cecilia Campani, Claudia Caldarano, Giovanni Longhin, Andrea Panigatti, Sandro Pivotti, e Matteo Vitanza. Lo spettacolo \u00e8 una produzione ArtistiAssociati \u2013 Centro di Produzione Teatrale | Il Rossetti-Teatro Stabile del Friuli Venezia Giulia.<\/p>\n<p>Si tratta di un progetto ideato nell\u2019ambito dell\u2019evento <em>GO!2025 Nova Gorica e Gorizia Capitale europea della cultura 2025<\/em>, dove il linguaggio scenico \u00e8 fatto per lo pi\u00f9 di movimento, coralit\u00e0 e immagini evocative.<\/p>\n<p>I Gordi continuano cos\u00ec la loro ricerca sul teatro fisico capace di superare le barriere linguistiche e culturali.<\/p>\n<p>\u201cLe porte sono attesa di un incontro, un esame, un permesso; sono coda, selezione, accoglienza ed esclusione \u2013 spiegano I Gordi. Con\u00a0<em>Breve enciclopedia delle porte<\/em>, vorremmo raccontare di quelle porte, reali o immaginarie, che segnano le nostre esistenze.\u00a0 Il progetto \u00e8 la nostra risposta alla call di ArtistiAssociati di Gorizia sul tema del confine. Alla base della compilazione di un\u2019enciclopedia c\u2019\u00e8 il tentativo di riordinare il mondo, di contenerlo e di renderlo accessibile, di abbracciare tutto lo scibile, di confinare lo sconfinato. Questa continua attivit\u00e0 di raccolta e riordino, di accumulo e compilazione, tradotta nel nostro teatro fisico, l\u2019abbiamo ritrovata nelle sale d\u2019aspetto, nei corridoi e in tutti quei luoghi in cui si attende di oltrepassare una porta. C\u2019\u00e8 una ovvia dose di approssimazione, selezione, compromesso tra il mondo e un\u2019enciclopedia, cos\u00ec come tra noi e la societ\u00e0. Questo confine doloroso e necessario \u00e8 il nostro campo d\u2019indagine. L\u2019enciclopedia \u00e8 una metafora del nostro modo di sentire la quotidianit\u00e0, per il suo accumulo di informazioni e i surreali accostamenti tragicomici che il mero ordine alfabetico produce\u201d.<\/p>\n","protected":false},"excerpt":{"rendered":"<p>A Gradisca lo spettacolo dei Gordi, in cui il linguaggio scenico \u00e8 fatto per lo pi\u00f9 di movimento, coralit\u00e0 e immagini evocative<\/p>\n","protected":false},"author":28,"featured_media":72134,"comment_status":"closed","ping_status":"closed","template":"","tags":[261,826,254,821,52],"mec_category":[],"class_list":["post-72133","mec-events","type-mec-events","status-publish","has-post-thumbnail","hentry","tag-eventi","tag-eventi-fvg","tag-gradisca","tag-spettacoli","tag-teatro"],"_links":{"self":[{"href":"https:\/\/imagazine.it\/home_desk\/wp-json\/wp\/v2\/mec-events\/72133","targetHints":{"allow":["GET"]}}],"collection":[{"href":"https:\/\/imagazine.it\/home_desk\/wp-json\/wp\/v2\/mec-events"}],"about":[{"href":"https:\/\/imagazine.it\/home_desk\/wp-json\/wp\/v2\/types\/mec-events"}],"author":[{"embeddable":true,"href":"https:\/\/imagazine.it\/home_desk\/wp-json\/wp\/v2\/users\/28"}],"replies":[{"embeddable":true,"href":"https:\/\/imagazine.it\/home_desk\/wp-json\/wp\/v2\/comments?post=72133"}],"wp:featuredmedia":[{"embeddable":true,"href":"https:\/\/imagazine.it\/home_desk\/wp-json\/wp\/v2\/media\/72134"}],"wp:attachment":[{"href":"https:\/\/imagazine.it\/home_desk\/wp-json\/wp\/v2\/media?parent=72133"}],"wp:term":[{"taxonomy":"post_tag","embeddable":true,"href":"https:\/\/imagazine.it\/home_desk\/wp-json\/wp\/v2\/tags?post=72133"},{"taxonomy":"mec_category","embeddable":true,"href":"https:\/\/imagazine.it\/home_desk\/wp-json\/wp\/v2\/mec_category?post=72133"}],"curies":[{"name":"wp","href":"https:\/\/api.w.org\/{rel}","templated":true}]}}

<p>La rassegna ‘Innesti &#8211; Connessioni teatrali affatto prevedibili’ ospiterà al Nuovo Teatro Comunale di <strong>Gradisca d’Isonzo</strong>, <strong>martedì 10, mercoledì 11 e giovedì 12 marzo, alle 20.30</strong>, la compagnia I Gordi con ‘<em>Breve enciclopedia delle porte</em>’ ideato e diretto da <strong>Riccardo Pippa</strong>, di e con di e con Cecilia Campani, Claudia Caldarano, Giovanni Longhin, Andrea Panigatti, Sandro Pivotti, e Matteo Vitanza. Lo spettacolo è una produzione ArtistiAssociati – Centro di Produzione Teatrale | Il Rossetti-Teatro Stabile del Friuli Venezia Giulia.</p>
<p>Si tratta di un progetto ideato nell’ambito dell’evento <em>GO!2025 Nova Gorica e Gorizia Capitale europea della cultura 2025</em>, dove il linguaggio scenico è fatto per lo più di movimento, coralità e immagini evocative.</p>
<p>I Gordi continuano così la loro ricerca sul teatro fisico capace di superare le barriere linguistiche e culturali.</p>
<p>“Le porte sono attesa di un incontro, un esame, un permesso; sono coda, selezione, accoglienza ed esclusione – spiegano I Gordi. Con <em>Breve enciclopedia delle porte</em>, vorremmo raccontare di quelle porte, reali o immaginarie, che segnano le nostre esistenze.  Il progetto è la nostra risposta alla call di ArtistiAssociati di Gorizia sul tema del confine. Alla base della compilazione di un’enciclopedia c’è il tentativo di riordinare il mondo, di contenerlo e di renderlo accessibile, di abbracciare tutto lo scibile, di confinare lo sconfinato. Questa continua attività di raccolta e riordino, di accumulo e compilazione, tradotta nel nostro teatro fisico, l’abbiamo ritrovata nelle sale d’aspetto, nei corridoi e in tutti quei luoghi in cui si attende di oltrepassare una porta. C’è una ovvia dose di approssimazione, selezione, compromesso tra il mondo e un’enciclopedia, così come tra noi e la società. Questo confine doloroso e necessario è il nostro campo d’indagine. L’enciclopedia è una metafora del nostro modo di sentire la quotidianità, per il suo accumulo di informazioni e i surreali accostamenti tragicomici che il mero ordine alfabetico produce”.</p>

<p>A Gradisca lo spettacolo dei Gordi, in cui il linguaggio scenico è fatto per lo più di movimento, coralità e immagini evocative</p>
