{"id":72024,"date":"2026-03-04T16:26:41","date_gmt":"2026-03-04T15:26:41","guid":{"rendered":"https:\/\/imagazine.it\/home_desk\/?post_type=mec-events&#038;p=72024"},"modified":"2026-03-04T16:26:41","modified_gmt":"2026-03-04T15:26:41","slug":"madame-voce-e-mito-della-divina","status":"publish","type":"mec-events","link":"https:\/\/imagazine.it\/home_desk\/events\/madame-voce-e-mito-della-divina\/","title":{"rendered":"Madame &#8211; Voce e mito della divina"},"content":{"rendered":"<p>&nbsp;<\/p>\n<p>Cosa resta di un mito quando cala il sipario? Resta un\u2019eco. Un respiro sospeso. Un\u2019emozione che attraversa il tempo.<\/p>\n<p>C\u2019\u00e8 tutto questo, e molto altro, in \u201c<em>Madame<\/em>\u201d, omaggio della Lyric Dance Company e del coreografo Alberto Canestro alla \u201cdivina\u201d Maria Callas, in scena in prima regionale sabato 7 marzo alle 20.45 al <strong>Teatro della Corte di Osoppo<\/strong> per la stagione di An\u00e0-Thema Teatro.<\/p>\n<p>\u201c<em>Madame<\/em>\u201d \u00e8 molto pi\u00f9 di uno spettacolo di danza. \u00c8 un\u2019esperienza immersiva dove la lirica si trasforma in movimento e la voce leggendaria di <strong>Maria Callas<\/strong> rivive attraverso i corpi dei danzatori. Un\u2019opera di danza contemporanea e neoclassica ideata e coreografata da Canestro e con le composizioni musicali di Pierfrancesco Nannoni, che rende omaggio a una delle figure pi\u00f9 iconiche della storia della musica.<\/p>\n<h3><strong>Lo spettacolo<\/strong><\/h3>\n<p>Lo spettacolo si sviluppa come un viaggio nelle emozioni e nelle sfumature della vita della cantante, esplorandone non solo la straordinaria carriera artistica, ma anche il carisma, la fragilit\u00e0 e l\u2019aura magnetica che l\u2019hanno resa immortale. I danzatori danno forma alla complessit\u00e0 di una donna capace di conquistare il mondo con la sua voce e il suo fascino ineguagliabile, restituendo sulla scena la forza drammatica delle arie che hanno segnato un\u2019epoca.<\/p>\n<p>La coreografia di Canestro traduce in linguaggio corporeo l\u2019intensit\u00e0 emotiva delle interpretazioni di Callas, creando un dialogo vibrante tra musica e movimento. Ogni gesto \u00e8 carico di significato, ogni quadro scenico diventa un atto di celebrazione: non solo dell\u2019artista, ma dell\u2019essere umano dietro il mito. Luci e ombre, scenografie evocative e costumi ricercati contribuiscono a costruire un\u2019atmosfera sospesa, capace di trasportare il pubblico in un tempo in cui arte e divismo erano sinonimo di grandezza. Il palcoscenico si fa spazio di riflessione e memoria, luogo in cui il mito di Callas rivive attraverso l\u2019energia e la sensibilit\u00e0 degli interpreti.<\/p>\n<p>Con \u201cMadame\u201d, la Lyric Dance Company firma cos\u00ec un tributo intenso e poetico, un invito a riscoprire la forza trasformativa dell\u2019arte e a interrogarsi sul significato pi\u00f9 profondo dell\u2019essere icona. Perch\u00e9 la vera grandezza, come dimostr\u00f2 Maria Callas, risiede nella capacit\u00e0 di lasciare un segno indelebile nel cuore del pubblico.<\/p>\n","protected":false},"excerpt":{"rendered":"<p>In prima regionale un viaggio poetico tra luci e ombre dedicato a Maria Callas. Una creazione di danza contemporanea e neoclassica <\/p>\n","protected":false},"author":28,"featured_media":72025,"comment_status":"closed","ping_status":"closed","template":"","tags":[49,261,826,876,821,52],"mec_category":[48],"class_list":["post-72024","mec-events","type-mec-events","status-publish","has-post-thumbnail","hentry","tag-danza","tag-eventi","tag-eventi-fvg","tag-osoppo","tag-spettacoli","tag-teatro","mec_category-classic-art"],"_links":{"self":[{"href":"https:\/\/imagazine.it\/home_desk\/wp-json\/wp\/v2\/mec-events\/72024","targetHints":{"allow":["GET"]}}],"collection":[{"href":"https:\/\/imagazine.it\/home_desk\/wp-json\/wp\/v2\/mec-events"}],"about":[{"href":"https:\/\/imagazine.it\/home_desk\/wp-json\/wp\/v2\/types\/mec-events"}],"author":[{"embeddable":true,"href":"https:\/\/imagazine.it\/home_desk\/wp-json\/wp\/v2\/users\/28"}],"replies":[{"embeddable":true,"href":"https:\/\/imagazine.it\/home_desk\/wp-json\/wp\/v2\/comments?post=72024"}],"wp:featuredmedia":[{"embeddable":true,"href":"https:\/\/imagazine.it\/home_desk\/wp-json\/wp\/v2\/media\/72025"}],"wp:attachment":[{"href":"https:\/\/imagazine.it\/home_desk\/wp-json\/wp\/v2\/media?parent=72024"}],"wp:term":[{"taxonomy":"post_tag","embeddable":true,"href":"https:\/\/imagazine.it\/home_desk\/wp-json\/wp\/v2\/tags?post=72024"},{"taxonomy":"mec_category","embeddable":true,"href":"https:\/\/imagazine.it\/home_desk\/wp-json\/wp\/v2\/mec_category?post=72024"}],"curies":[{"name":"wp","href":"https:\/\/api.w.org\/{rel}","templated":true}]}}

<p>&nbsp;</p>
<p>Cosa resta di un mito quando cala il sipario? Resta un’eco. Un respiro sospeso. Un’emozione che attraversa il tempo.</p>
<p>C’è tutto questo, e molto altro, in “<em>Madame</em>”, omaggio della Lyric Dance Company e del coreografo Alberto Canestro alla “divina” Maria Callas, in scena in prima regionale sabato 7 marzo alle 20.45 al <strong>Teatro della Corte di Osoppo</strong> per la stagione di Anà-Thema Teatro.</p>
<p>“<em>Madame</em>” è molto più di uno spettacolo di danza. È un’esperienza immersiva dove la lirica si trasforma in movimento e la voce leggendaria di <strong>Maria Callas</strong> rivive attraverso i corpi dei danzatori. Un’opera di danza contemporanea e neoclassica ideata e coreografata da Canestro e con le composizioni musicali di Pierfrancesco Nannoni, che rende omaggio a una delle figure più iconiche della storia della musica.</p>
<h3><strong>Lo spettacolo</strong></h3>
<p>Lo spettacolo si sviluppa come un viaggio nelle emozioni e nelle sfumature della vita della cantante, esplorandone non solo la straordinaria carriera artistica, ma anche il carisma, la fragilità e l’aura magnetica che l’hanno resa immortale. I danzatori danno forma alla complessità di una donna capace di conquistare il mondo con la sua voce e il suo fascino ineguagliabile, restituendo sulla scena la forza drammatica delle arie che hanno segnato un’epoca.</p>
<p>La coreografia di Canestro traduce in linguaggio corporeo l’intensità emotiva delle interpretazioni di Callas, creando un dialogo vibrante tra musica e movimento. Ogni gesto è carico di significato, ogni quadro scenico diventa un atto di celebrazione: non solo dell’artista, ma dell’essere umano dietro il mito. Luci e ombre, scenografie evocative e costumi ricercati contribuiscono a costruire un’atmosfera sospesa, capace di trasportare il pubblico in un tempo in cui arte e divismo erano sinonimo di grandezza. Il palcoscenico si fa spazio di riflessione e memoria, luogo in cui il mito di Callas rivive attraverso l’energia e la sensibilità degli interpreti.</p>
<p>Con “Madame”, la Lyric Dance Company firma così un tributo intenso e poetico, un invito a riscoprire la forza trasformativa dell’arte e a interrogarsi sul significato più profondo dell’essere icona. Perché la vera grandezza, come dimostrò Maria Callas, risiede nella capacità di lasciare un segno indelebile nel cuore del pubblico.</p>
