{"id":72001,"date":"2026-03-03T18:51:41","date_gmt":"2026-03-03T17:51:41","guid":{"rendered":"https:\/\/imagazine.it\/home_desk\/?post_type=mec-events&#038;p=72001"},"modified":"2026-03-03T18:51:41","modified_gmt":"2026-03-03T17:51:41","slug":"la-signora-delle-camelie-127-747","status":"publish","type":"mec-events","link":"https:\/\/imagazine.it\/home_desk\/events\/la-signora-delle-camelie-127-747\/","title":{"rendered":"La Signora delle Camelie"},"content":{"rendered":"<h6>(ph. Giulia Lenzi)<\/h6>\n<p>&nbsp;<\/p>\n<p>Scritto da Alexandre Dumas figlio, <strong><em>La Signora delle Camelie<\/em><\/strong> racconta la storia d\u2019amore impossibile tra Marguerite Gautier e Armand Duval.<\/p>\n<p><strong>Giovanni Ortoleva<\/strong>, con il supporto del <em>dramaturg<\/em> Federico Bellini, ha adattato il romanzo per la scena.<\/p>\n<p>La \u201csua\u201d <em>Signora delle Camelie<\/em> sar\u00e0 ospite del Circuito ERT per quattro serate: <strong>sabato 7 e domenica 8 marzo<\/strong> al Teatro Comunale Marlena Bonezzi di <strong>Monfalcone<\/strong>, <strong>marted\u00ec 10 marzo <\/strong>al Teatro Verdi di <strong>Maniago<\/strong> e <strong>mercoled\u00ec 11 marzo<\/strong> all\u2019Auditorium Centro Civico di <strong>San Vito al Tagliamento<\/strong>.<\/p>\n<p>Alle 20.45 sui tre palchi regionali saliranno <strong>Gabriele Benedetti, Anna Manella, Alberto Marcello, Nika Perrone <\/strong>e<strong> Vito Vicino<\/strong>.<\/p>\n<p>Marguerite \u00e8 una giovane cortigiana parigina, malata di tubercolosi, che vive immersa tra feste e relazioni interessate. L\u2019incontro con Armand fa nascere un sentimento sincero e i due scelgono di allontanarsi dalla mondanit\u00e0. Il padre del ragazzo, per\u00f2, la persuade a troncare la relazione per salvaguardare il nome e il futuro della famiglia.<\/p>\n<p>Per proteggere l\u2019uomo che ama, Marguerite finge indifferenza e si allontana senza rivelare la verit\u00e0. Armand, ferito, la umilia pubblicamente. Lei morir\u00e0 sola e in povert\u00e0, mentre solo dopo la sua scomparsa lui comprender\u00e0 il sacrificio compiuto, leggendo le pagine del suo diario. Il romanzo, che ispir\u00f2 a Verdi <em>La Traviata<\/em>, \u00e8 stato a lungo letto come un\u2019esaltazione dell\u2019amore romantico e della redenzione.<\/p>\n<p>Nella rilettura di Giovanni Ortoleva il mito sentimentale lascia spazio a una visione pi\u00f9 aspra. La vicenda si trasforma nella storia di un\u2019esclusione, quasi in un processo collettivo che condanna la protagonista. L\u2019ambientazione dialoga con l\u2019Ottocento ma si apre a risonanze contemporanee, mettendo in luce la violenza sociale e lo sguardo di una comunit\u00e0 che esercita il proprio potere sul corpo femminile.<\/p>\n<p>Il romanticismo non viene negato, ma attraversato e smascherato nelle sue ambiguit\u00e0.<\/p>\n<p>Autore e regista per il teatro e il cinema, <strong>Giovanni Ortoleva<\/strong>, classe 1991, ha ricevuto nel 2018 la menzione speciale \u201cRegista Under 30\u201d alla Biennale di Venezia. Ha lavorato con importanti realt\u00e0 teatrali in Italia e in Svizzera ed \u00e8 stato regista residente al Teatro della Tosse di Genova. Il suo lavoro indaga le dinamiche psicologiche dei personaggi e le tensioni che attraversano la societ\u00e0, con una scrittura scenica rigorosa e riconoscibile.<\/p>\n","protected":false},"excerpt":{"rendered":"<p>Una storia d\u2019amore impossibile tra cronaca sociale e mito romantico. Uno spettacolo tra Ottocento e contemporaneit\u00e0 <\/p>\n","protected":false},"author":28,"featured_media":71999,"comment_status":"closed","ping_status":"closed","template":"","tags":[261,826,51,821,52],"mec_category":[48],"class_list":["post-72001","mec-events","type-mec-events","status-publish","has-post-thumbnail","hentry","tag-eventi","tag-eventi-fvg","tag-monfalcone","tag-spettacoli","tag-teatro","mec_category-classic-art"],"_links":{"self":[{"href":"https:\/\/imagazine.it\/home_desk\/wp-json\/wp\/v2\/mec-events\/72001","targetHints":{"allow":["GET"]}}],"collection":[{"href":"https:\/\/imagazine.it\/home_desk\/wp-json\/wp\/v2\/mec-events"}],"about":[{"href":"https:\/\/imagazine.it\/home_desk\/wp-json\/wp\/v2\/types\/mec-events"}],"author":[{"embeddable":true,"href":"https:\/\/imagazine.it\/home_desk\/wp-json\/wp\/v2\/users\/28"}],"replies":[{"embeddable":true,"href":"https:\/\/imagazine.it\/home_desk\/wp-json\/wp\/v2\/comments?post=72001"}],"wp:featuredmedia":[{"embeddable":true,"href":"https:\/\/imagazine.it\/home_desk\/wp-json\/wp\/v2\/media\/71999"}],"wp:attachment":[{"href":"https:\/\/imagazine.it\/home_desk\/wp-json\/wp\/v2\/media?parent=72001"}],"wp:term":[{"taxonomy":"post_tag","embeddable":true,"href":"https:\/\/imagazine.it\/home_desk\/wp-json\/wp\/v2\/tags?post=72001"},{"taxonomy":"mec_category","embeddable":true,"href":"https:\/\/imagazine.it\/home_desk\/wp-json\/wp\/v2\/mec_category?post=72001"}],"curies":[{"name":"wp","href":"https:\/\/api.w.org\/{rel}","templated":true}]}}

<h6>(ph. Giulia Lenzi)</h6>
<p>&nbsp;</p>
<p>Scritto da Alexandre Dumas figlio, <strong><em>La Signora delle Camelie</em></strong> racconta la storia d’amore impossibile tra Marguerite Gautier e Armand Duval.</p>
<p><strong>Giovanni Ortoleva</strong>, con il supporto del <em>dramaturg</em> Federico Bellini, ha adattato il romanzo per la scena.</p>
<p>La “sua” <em>Signora delle Camelie</em> sarà ospite del Circuito ERT per quattro serate: <strong>sabato 7 e domenica 8 marzo</strong> al Teatro Comunale Marlena Bonezzi di <strong>Monfalcone</strong>, <strong>martedì 10 marzo </strong>al Teatro Verdi di <strong>Maniago</strong> e <strong>mercoledì 11 marzo</strong> all’Auditorium Centro Civico di <strong>San Vito al Tagliamento</strong>.</p>
<p>Alle 20.45 sui tre palchi regionali saliranno <strong>Gabriele Benedetti, Anna Manella, Alberto Marcello, Nika Perrone </strong>e<strong> Vito Vicino</strong>.</p>
<p>Marguerite è una giovane cortigiana parigina, malata di tubercolosi, che vive immersa tra feste e relazioni interessate. L’incontro con Armand fa nascere un sentimento sincero e i due scelgono di allontanarsi dalla mondanità. Il padre del ragazzo, però, la persuade a troncare la relazione per salvaguardare il nome e il futuro della famiglia.</p>
<p>Per proteggere l’uomo che ama, Marguerite finge indifferenza e si allontana senza rivelare la verità. Armand, ferito, la umilia pubblicamente. Lei morirà sola e in povertà, mentre solo dopo la sua scomparsa lui comprenderà il sacrificio compiuto, leggendo le pagine del suo diario. Il romanzo, che ispirò a Verdi <em>La Traviata</em>, è stato a lungo letto come un’esaltazione dell’amore romantico e della redenzione.</p>
<p>Nella rilettura di Giovanni Ortoleva il mito sentimentale lascia spazio a una visione più aspra. La vicenda si trasforma nella storia di un’esclusione, quasi in un processo collettivo che condanna la protagonista. L’ambientazione dialoga con l’Ottocento ma si apre a risonanze contemporanee, mettendo in luce la violenza sociale e lo sguardo di una comunità che esercita il proprio potere sul corpo femminile.</p>
<p>Il romanticismo non viene negato, ma attraversato e smascherato nelle sue ambiguità.</p>
<p>Autore e regista per il teatro e il cinema, <strong>Giovanni Ortoleva</strong>, classe 1991, ha ricevuto nel 2018 la menzione speciale “Regista Under 30” alla Biennale di Venezia. Ha lavorato con importanti realtà teatrali in Italia e in Svizzera ed è stato regista residente al Teatro della Tosse di Genova. Il suo lavoro indaga le dinamiche psicologiche dei personaggi e le tensioni che attraversano la società, con una scrittura scenica rigorosa e riconoscibile.</p>

<p>Una storia d’amore impossibile tra cronaca sociale e mito romantico. Uno spettacolo tra Ottocento e contemporaneità </p>
