{"id":71947,"date":"2026-03-02T16:14:35","date_gmt":"2026-03-02T15:14:35","guid":{"rendered":"https:\/\/imagazine.it\/home_desk\/?post_type=mec-events&#038;p=71947"},"modified":"2026-03-02T16:14:35","modified_gmt":"2026-03-02T15:14:35","slug":"antonio-caprarica-apre-i-colloqui-dellabbazia","status":"publish","type":"mec-events","link":"https:\/\/imagazine.it\/home_desk\/events\/antonio-caprarica-apre-i-colloqui-dellabbazia\/","title":{"rendered":"Antonio Caprarica apre &#8220;I Colloqui dell\u2019Abbazia&#8221;"},"content":{"rendered":"<h6>Caprarica in Abbazia nel 2024<\/h6>\n<p>&nbsp;<\/p>\n<p>Al via <strong>venerd\u00ec 6 marzo<\/strong> l\u2019undicesima edizione della rassegna di autori in viaggio nella letteratura e saggistica \u201c<strong><em>I Colloqui dell\u2019Abbazia. Il viaggio della carta geografica di Livio Felluga<\/em><\/strong>\u201d curata e condotta da <strong>Elda Felluga e Margherita Reguitti<\/strong> ospitata nella secolare <strong>Abbazia di Rosazzo<\/strong>.<\/p>\n<p>Un\u2019edizione particolare che celebra i 70 anni della storica etichetta \u201ccarta geografica\u201d, logo inconfondibile del marchio Livio Felluga che organizza e promuove la manifestazione con la Fondazione Abbazia.<\/p>\n<p>La rassegna si articola in due sezioni: primavera-estate e autunno-inverno. Prima tornata dal 6 marzo al 19 giugno con <strong>8 appuntamenti di cui 6 prime regionali<\/strong>.<\/p>\n<p>Apre venerd\u00ec 6 marzo <strong>Antonio Caprarica<\/strong>, affezionato amico della rassegna. Il noto volto televisivo e scrittore sorprender\u00e0 il pubblico con \u201c<em>Il Bullo. Come Donald Trump ha distrutto l\u2019Occidente<\/em>\u201d (Piemme). Ospite straordinario in veste di conduttore <strong>Fabrizio Brancoli<\/strong>, vicedirettore del gruppo editoriale NEM, pagine Eventi e Cultura.<\/p>\n<p>Un\u2019acuta analisi e un ritratto lucido senza sconti del pi\u00f9 controverso presidente degli Stati Uniti. \u00ab<em>Per l\u2019immobiliarista che volle farsi re, non c\u2019\u00e8 giudice pi\u00f9 spietato della realt\u00e0<\/em>\u00bb scrive Caprarica che si chiede: chi si nasconde davvero dietro la sua maschera? Prenotazione obbligatoria via mail <a href=\"mailto:fondazione@abbaziadirosazzo.it\">fondazione@abbaziadirosazzo.it<\/a>.<\/p>\n<p>Segue <strong>venerd\u00ec 27<\/strong> l\u2019incontro con <strong>Anna Lina Molteni<\/strong> con il romanzo \u201c<em>Polissena Das. In viaggio verso il Golem<\/em>\u201d (Ronzani). Romanzo che inizia a Trieste allo scoppio della Grande Guerra seguendo le vicende di una farmacista triestina e si conclude, dopo avventurose e dolorose peregrinazioni, nella citt\u00e0 giuliana. Entrambi gli incontri in anteprima regionale.<\/p>\n<p>Un saggio e un <em>memoir<\/em> sono in programma nel mese di <strong>aprile<\/strong>.<\/p>\n<p><strong>Venerd\u00ec 10<\/strong> sar\u00e0 ospite l\u2019esperto di cultura culinaria <strong>Fabiano Guatteri<\/strong> con \u201c<em>La cucina milanese<\/em>\u201d (Hoepli), un viaggio-racconto della gastronomia e del costume culinario di Milano, parte integrante della vita e della cultura sotto la Madonnina.<\/p>\n<p><strong>Venerd\u00ec 17<\/strong> lo scrittore <strong>Mario Andreose<\/strong> proporr\u00e0 un viaggio-<em>memoir<\/em> di ricordi ed emozioni personali in un contesto artistico culturale internazionale con \u201c<em>Un&#8217;educazione veneziana<\/em>\u201d (Nave di Teseo). Un racconto autobiografico, di rinascita e scoperta dell\u2019amore con gli occhi di un bambino.<\/p>\n<p>Entrambi i libri saranno presentati per la prima volta in regione.<\/p>\n<p>Due gli incontri in <strong>maggio<\/strong>, <strong>gioved\u00ec 7<\/strong> con <strong>Elena Commessatti<\/strong> presentata dalla senior editor dell\u2019editore Newton Compton <strong>Federica Graceffa<\/strong>, con il romanzo \u201c<em>Il tempo delle viole<\/em>\u201d. ambientato nel Friuli di fine \u2019800 con protagoniste Viola, Bianca e Aurora tre donne che danno vita a una societ\u00e0 segreta.<\/p>\n<p>Sar\u00e0 un saggio il protagonista <strong>venerd\u00ec 22<\/strong> dell\u2019incontro con <strong>Venanzio Postiglione<\/strong>, vicedirettore del Corriere della Sera, autore di \u201c<em>Le dieci parole tradite<\/em>\u201d (Solferino). Sar\u00e0 un dialogo, in anteprima regionale, con <strong>Edoardo Vigna<\/strong>, sulle parole cardine della civilt\u00e0: democrazia, felicit\u00e0, fraternit\u00e0, libert\u00e0, misura, pace, parit\u00e0, pianeta, talento e verit\u00e0.<\/p>\n<p><strong>Giugno<\/strong> proporr\u00e0 due appuntamenti, un viaggio oltre oceano e un saggio-riflessione sull\u2019etica della lotta allo spreco.<\/p>\n<p><strong>Venerd\u00ec 12<\/strong> sar\u00e0 in Abbazia per la prima volta lo scrittore italo-argentino <strong>Eduardo Fernando<\/strong><strong> Varela<\/strong> con \u201c<em>Patagonia route 203. Il segno del vento<\/em>\u201d (Solferino). Un viaggio, ballata malinconica e avventura, capace di restituire la potenza e il mistero del Sud del mondo, dove nulla \u00e8 come sembra.<\/p>\n<p>Chiuder\u00e0 la sezione primavera-estate <strong>venerd\u00ec 19<\/strong> il docente universitario e scrittore, fondatore del Last Minute Market, <strong>Andrea Segr\u00e8<\/strong> che presenter\u00e0 \u201c<em>Contro lo spreco<\/em>\u201d (Treccani libri). Non solo un saggio ma un tentativo di leggere il fenomeno come sintomo di un modello economico e culturale malato. Ospite straordinario della serata il condirettore de Il Piccolo <strong>Alberto Bollis<\/strong>.<\/p>\n<p>Collaborano all\u2019evento l\u2019associazione Vigne Museum ed il Comune di Manzano. Gli incontri iniziano alle 18, gradita la prenotazione via <a href=\"mailto:fondazione@abbaziadirosazzo.it\">fondazione@abbaziadirosazzo.it<\/a>.<\/p>\n<p><em>Elisa Fucina<\/em><\/p>\n","protected":false},"excerpt":{"rendered":"<p>A Rosazzo la presentazione del libro: \u201cIl Bullo. Come Donald Trump ha distrutto l\u2019Occidente\u201d. In programma otto appuntamenti di cui sei prime regionali<\/p>\n","protected":false},"author":16,"featured_media":71948,"comment_status":"closed","ping_status":"closed","template":"","tags":[914,261,826,273,913,911],"mec_category":[59],"class_list":["post-71947","mec-events","type-mec-events","status-publish","has-post-thumbnail","hentry","tag-colloqui-in-abbazia","tag-eventi","tag-eventi-fvg","tag-libri","tag-manzano","tag-rosazzo","mec_category-meeting"],"_links":{"self":[{"href":"https:\/\/imagazine.it\/home_desk\/wp-json\/wp\/v2\/mec-events\/71947","targetHints":{"allow":["GET"]}}],"collection":[{"href":"https:\/\/imagazine.it\/home_desk\/wp-json\/wp\/v2\/mec-events"}],"about":[{"href":"https:\/\/imagazine.it\/home_desk\/wp-json\/wp\/v2\/types\/mec-events"}],"author":[{"embeddable":true,"href":"https:\/\/imagazine.it\/home_desk\/wp-json\/wp\/v2\/users\/16"}],"replies":[{"embeddable":true,"href":"https:\/\/imagazine.it\/home_desk\/wp-json\/wp\/v2\/comments?post=71947"}],"wp:featuredmedia":[{"embeddable":true,"href":"https:\/\/imagazine.it\/home_desk\/wp-json\/wp\/v2\/media\/71948"}],"wp:attachment":[{"href":"https:\/\/imagazine.it\/home_desk\/wp-json\/wp\/v2\/media?parent=71947"}],"wp:term":[{"taxonomy":"post_tag","embeddable":true,"href":"https:\/\/imagazine.it\/home_desk\/wp-json\/wp\/v2\/tags?post=71947"},{"taxonomy":"mec_category","embeddable":true,"href":"https:\/\/imagazine.it\/home_desk\/wp-json\/wp\/v2\/mec_category?post=71947"}],"curies":[{"name":"wp","href":"https:\/\/api.w.org\/{rel}","templated":true}]}}

<h6>Caprarica in Abbazia nel 2024</h6>
<p>&nbsp;</p>
<p>Al via <strong>venerdì 6 marzo</strong> l’undicesima edizione della rassegna di autori in viaggio nella letteratura e saggistica “<strong><em>I Colloqui dell’Abbazia. Il viaggio della carta geografica di Livio Felluga</em></strong>” curata e condotta da <strong>Elda Felluga e Margherita Reguitti</strong> ospitata nella secolare <strong>Abbazia di Rosazzo</strong>.</p>
<p>Un’edizione particolare che celebra i 70 anni della storica etichetta “carta geografica”, logo inconfondibile del marchio Livio Felluga che organizza e promuove la manifestazione con la Fondazione Abbazia.</p>
<p>La rassegna si articola in due sezioni: primavera-estate e autunno-inverno. Prima tornata dal 6 marzo al 19 giugno con <strong>8 appuntamenti di cui 6 prime regionali</strong>.</p>
<p>Apre venerdì 6 marzo <strong>Antonio Caprarica</strong>, affezionato amico della rassegna. Il noto volto televisivo e scrittore sorprenderà il pubblico con “<em>Il Bullo. Come Donald Trump ha distrutto l’Occidente</em>” (Piemme). Ospite straordinario in veste di conduttore <strong>Fabrizio Brancoli</strong>, vicedirettore del gruppo editoriale NEM, pagine Eventi e Cultura.</p>
<p>Un’acuta analisi e un ritratto lucido senza sconti del più controverso presidente degli Stati Uniti. «<em>Per l’immobiliarista che volle farsi re, non c’è giudice più spietato della realtà</em>» scrive Caprarica che si chiede: chi si nasconde davvero dietro la sua maschera? Prenotazione obbligatoria via mail <a href="mailto:fondazione@abbaziadirosazzo.it">fondazione@abbaziadirosazzo.it</a>.</p>
<p>Segue <strong>venerdì 27</strong> l’incontro con <strong>Anna Lina Molteni</strong> con il romanzo “<em>Polissena Das. In viaggio verso il Golem</em>” (Ronzani). Romanzo che inizia a Trieste allo scoppio della Grande Guerra seguendo le vicende di una farmacista triestina e si conclude, dopo avventurose e dolorose peregrinazioni, nella città giuliana. Entrambi gli incontri in anteprima regionale.</p>
<p>Un saggio e un <em>memoir</em> sono in programma nel mese di <strong>aprile</strong>.</p>
<p><strong>Venerdì 10</strong> sarà ospite l’esperto di cultura culinaria <strong>Fabiano Guatteri</strong> con “<em>La cucina milanese</em>” (Hoepli), un viaggio-racconto della gastronomia e del costume culinario di Milano, parte integrante della vita e della cultura sotto la Madonnina.</p>
<p><strong>Venerdì 17</strong> lo scrittore <strong>Mario Andreose</strong> proporrà un viaggio-<em>memoir</em> di ricordi ed emozioni personali in un contesto artistico culturale internazionale con “<em>Un&#8217;educazione veneziana</em>” (Nave di Teseo). Un racconto autobiografico, di rinascita e scoperta dell’amore con gli occhi di un bambino.</p>
<p>Entrambi i libri saranno presentati per la prima volta in regione.</p>
<p>Due gli incontri in <strong>maggio</strong>, <strong>giovedì 7</strong> con <strong>Elena Commessatti</strong> presentata dalla senior editor dell’editore Newton Compton <strong>Federica Graceffa</strong>, con il romanzo “<em>Il tempo delle viole</em>”. ambientato nel Friuli di fine ’800 con protagoniste Viola, Bianca e Aurora tre donne che danno vita a una società segreta.</p>
<p>Sarà un saggio il protagonista <strong>venerdì 22</strong> dell’incontro con <strong>Venanzio Postiglione</strong>, vicedirettore del Corriere della Sera, autore di “<em>Le dieci parole tradite</em>” (Solferino). Sarà un dialogo, in anteprima regionale, con <strong>Edoardo Vigna</strong>, sulle parole cardine della civiltà: democrazia, felicità, fraternità, libertà, misura, pace, parità, pianeta, talento e verità.</p>
<p><strong>Giugno</strong> proporrà due appuntamenti, un viaggio oltre oceano e un saggio-riflessione sull’etica della lotta allo spreco.</p>
<p><strong>Venerdì 12</strong> sarà in Abbazia per la prima volta lo scrittore italo-argentino <strong>Eduardo Fernando</strong><strong> Varela</strong> con “<em>Patagonia route 203. Il segno del vento</em>” (Solferino). Un viaggio, ballata malinconica e avventura, capace di restituire la potenza e il mistero del Sud del mondo, dove nulla è come sembra.</p>
<p>Chiuderà la sezione primavera-estate <strong>venerdì 19</strong> il docente universitario e scrittore, fondatore del Last Minute Market, <strong>Andrea Segrè</strong> che presenterà “<em>Contro lo spreco</em>” (Treccani libri). Non solo un saggio ma un tentativo di leggere il fenomeno come sintomo di un modello economico e culturale malato. Ospite straordinario della serata il condirettore de Il Piccolo <strong>Alberto Bollis</strong>.</p>
<p>Collaborano all’evento l’associazione Vigne Museum ed il Comune di Manzano. Gli incontri iniziano alle 18, gradita la prenotazione via <a href="mailto:fondazione@abbaziadirosazzo.it">fondazione@abbaziadirosazzo.it</a>.</p>
<p><em>Elisa Fucina</em></p>
