{"id":71873,"date":"2026-02-26T17:26:34","date_gmt":"2026-02-26T16:26:34","guid":{"rendered":"https:\/\/imagazine.it\/home_desk\/?post_type=mec-events&#038;p=71873"},"modified":"2026-02-26T17:26:34","modified_gmt":"2026-02-26T16:26:34","slug":"la-traiettoria-calante","status":"publish","type":"mec-events","link":"https:\/\/imagazine.it\/home_desk\/events\/la-traiettoria-calante\/","title":{"rendered":"La traiettoria calante"},"content":{"rendered":"<h6>(ph. Matilde Pisani)<\/h6>\n<p>&nbsp;<\/p>\n<p>Il <strong>14 agosto 2018 crolla il Ponte Morandi di Genova<\/strong>, una delle arterie pi\u00f9 importanti della citt\u00e0, provocando la morte di 43 persone e lo sfollamento di decine di famiglie, stravolgendo la vita di una intera comunit\u00e0.<\/p>\n<p>Dopo la prima nazionale al <em>Romaeuropa Festival<\/em> nella sezione <em>Anni Luce<\/em>, dedicata ai giovani talenti emergenti, \u201c<strong><em>La traiettoria calante<\/em><\/strong><strong>\u201d<\/strong>, produzione del <strong>Teatro Nazionale di Genova,<\/strong> prosegue il suo percorso fortunato e denso di riscontri e arriva a Trieste alla Sala Bartoli<strong> sabato 28 febbraio alle 18.30 e alle 21 (doppia replica) e domenica 1 marzo alle ore 17<\/strong>.<\/p>\n<p>Nel lavoro \u2013 scritto e interpretato dal giovane attore e drammaturgo genovese <strong>Pietro Giannini <\/strong>\u2013 si ripercorrono le tappe di quella tragica vicenda con dettagli, vicende e documenti a partire dalla costruzione del Ponte tra il 1963 e il 1967, ricostruiti insieme al Comitato Ricordo Vittime Parenti Ponte Morandi.<\/p>\n<p>La narrazione procede dando forma a un monologo che, a tratti, risuona con toni di satira amara e crudele, ripercorrendo una storia paradigmatica del nostro Paese, tra vittime e colpevoli, demagogia e menzogne, corruzione e omissioni, cercando una motivazione a ci\u00f2 che ancora oggi sembra impossibile da spiegare.<\/p>\n<p><em>\u00ab<\/em>Il crollo del ponte scatena un effetto domino che investe le persone e le cose \u2013 afferma<strong> Pietro Giannini<\/strong> \u2013. <em>La traiettoria calante<\/em>\u00a0pu\u00f2 accettare sul palcoscenico un solo corpo, un unico testimone inerme, un Amleto moderno perseguitato dai fantasmi di chi era prima di lui ed ora non \u00e8 pi\u00f9. La scena (del crimine) \u00e8 nuda, niente pi\u00f9 \u00e8 rimasto; dopo le macerie, neanche pi\u00f9 ricostruzione. In questo logorante vuoto, nell\u2019assordante rumore dell\u2019assenza, l\u2019interprete pu\u00f2 solo cercare di fuggire il buio attraverso la testimonianza, qualunque essa sia\u00bb.<\/p>\n","protected":false},"excerpt":{"rendered":"<p>La vicenda del ponte Morandi dalla sua costruzione al tragico epilogo del 14 agosto 2018. L\u2019esito fallimentare di un\u2019impresa costata la vita a 43 persone<\/p>\n","protected":false},"author":28,"featured_media":71874,"comment_status":"closed","ping_status":"closed","template":"","tags":[261,826,821,52,65],"mec_category":[48],"class_list":["post-71873","mec-events","type-mec-events","status-publish","has-post-thumbnail","hentry","tag-eventi","tag-eventi-fvg","tag-spettacoli","tag-teatro","tag-trieste","mec_category-classic-art"],"_links":{"self":[{"href":"https:\/\/imagazine.it\/home_desk\/wp-json\/wp\/v2\/mec-events\/71873","targetHints":{"allow":["GET"]}}],"collection":[{"href":"https:\/\/imagazine.it\/home_desk\/wp-json\/wp\/v2\/mec-events"}],"about":[{"href":"https:\/\/imagazine.it\/home_desk\/wp-json\/wp\/v2\/types\/mec-events"}],"author":[{"embeddable":true,"href":"https:\/\/imagazine.it\/home_desk\/wp-json\/wp\/v2\/users\/28"}],"replies":[{"embeddable":true,"href":"https:\/\/imagazine.it\/home_desk\/wp-json\/wp\/v2\/comments?post=71873"}],"wp:featuredmedia":[{"embeddable":true,"href":"https:\/\/imagazine.it\/home_desk\/wp-json\/wp\/v2\/media\/71874"}],"wp:attachment":[{"href":"https:\/\/imagazine.it\/home_desk\/wp-json\/wp\/v2\/media?parent=71873"}],"wp:term":[{"taxonomy":"post_tag","embeddable":true,"href":"https:\/\/imagazine.it\/home_desk\/wp-json\/wp\/v2\/tags?post=71873"},{"taxonomy":"mec_category","embeddable":true,"href":"https:\/\/imagazine.it\/home_desk\/wp-json\/wp\/v2\/mec_category?post=71873"}],"curies":[{"name":"wp","href":"https:\/\/api.w.org\/{rel}","templated":true}]}}

<h6>(ph. Matilde Pisani)</h6>
<p>&nbsp;</p>
<p>Il <strong>14 agosto 2018 crolla il Ponte Morandi di Genova</strong>, una delle arterie più importanti della città, provocando la morte di 43 persone e lo sfollamento di decine di famiglie, stravolgendo la vita di una intera comunità.</p>
<p>Dopo la prima nazionale al <em>Romaeuropa Festival</em> nella sezione <em>Anni Luce</em>, dedicata ai giovani talenti emergenti, “<strong><em>La traiettoria calante</em></strong><strong>”</strong>, produzione del <strong>Teatro Nazionale di Genova,</strong> prosegue il suo percorso fortunato e denso di riscontri e arriva a Trieste alla Sala Bartoli<strong> sabato 28 febbraio alle 18.30 e alle 21 (doppia replica) e domenica 1 marzo alle ore 17</strong>.</p>
<p>Nel lavoro – scritto e interpretato dal giovane attore e drammaturgo genovese <strong>Pietro Giannini </strong>– si ripercorrono le tappe di quella tragica vicenda con dettagli, vicende e documenti a partire dalla costruzione del Ponte tra il 1963 e il 1967, ricostruiti insieme al Comitato Ricordo Vittime Parenti Ponte Morandi.</p>
<p>La narrazione procede dando forma a un monologo che, a tratti, risuona con toni di satira amara e crudele, ripercorrendo una storia paradigmatica del nostro Paese, tra vittime e colpevoli, demagogia e menzogne, corruzione e omissioni, cercando una motivazione a ciò che ancora oggi sembra impossibile da spiegare.</p>
<p><em>«</em>Il crollo del ponte scatena un effetto domino che investe le persone e le cose – afferma<strong> Pietro Giannini</strong> –. <em>La traiettoria calante</em> può accettare sul palcoscenico un solo corpo, un unico testimone inerme, un Amleto moderno perseguitato dai fantasmi di chi era prima di lui ed ora non è più. La scena (del crimine) è nuda, niente più è rimasto; dopo le macerie, neanche più ricostruzione. In questo logorante vuoto, nell’assordante rumore dell’assenza, l’interprete può solo cercare di fuggire il buio attraverso la testimonianza, qualunque essa sia».</p>
