{"id":71561,"date":"2026-02-13T15:33:12","date_gmt":"2026-02-13T14:33:12","guid":{"rendered":"https:\/\/imagazine.it\/home_desk\/?post_type=mec-events&#038;p=71561"},"modified":"2026-02-13T15:33:12","modified_gmt":"2026-02-13T14:33:12","slug":"la-voce-di-madame-nella-notte-di-udine","status":"publish","type":"mec-events","link":"https:\/\/imagazine.it\/home_desk\/events\/la-voce-di-madame-nella-notte-di-udine\/","title":{"rendered":"La voce di Madame nella notte di Udine"},"content":{"rendered":"<p>&nbsp;<\/p>\n<p><strong>Madame<\/strong>\u00a0annuncia il\u00a0<strong><em>Madame Tour Estate 2026<\/em><\/strong>.<\/p>\n<p>La cantautrice italiana, fra i talenti pi\u00f9 luminosi delle ultime generazioni, annuncia il suo ritorno sulle scene con un tour che la vedr\u00e0 protagonista nei festival, nelle arene e nei luoghi pi\u00f9 suggestivi d\u2019Italia.<\/p>\n<p>Dopo il grande successo del concerto tenuto a luglio 2023, l\u2019artista vicentina torner\u00e0 anche in Friuli Venezia Giulia, nuovamente nello scenario del\u00a0<strong>Castello di Udine<\/strong>, per l\u2019unico concerto regionale in programma il prossimo\u00a0<strong>29 luglio<\/strong>, con inizio alle\u00a0<strong>21<\/strong>.<\/p>\n<p>I\u00a0<strong>biglietti<\/strong>\u00a0per l\u2019evento, organizzato da\u00a0<strong>Zenit srl<\/strong>, in collaborazione con\u00a0<strong>Regione Friuli Venezia Giulia<\/strong>,\u00a0<strong>PromoTurismoFVG<\/strong>\u00a0e\u00a0<strong>Comune di Udine<\/strong>, inserito nel calendario di\u00a0<strong>UdinEstate<\/strong>\u00a0e\u00a0<strong>Udine Vola<\/strong>, sono in vendita sul circuito\u00a0<strong>Ticketone<\/strong>. Tutte le info su\u00a0<span style=\"text-decoration: underline;\"><a href=\"http:\/\/www.azalea.it\/\" target=\"_blank\" rel=\"noopener\">www.azalea.it<\/a><\/span>\u00a0.<\/p>\n<p>Sui palchi dell\u2019estate\u00a0<strong>Madame<\/strong>, nome d\u2019arte di Francesca Calearo, vicentina classe 2002, porter\u00e0 tutti i suoi successi, canzoni che hanno conquistato un pubblico transgenerazionale e l\u2019hanno caratterizzata come una delle artiste pi\u00f9 originali, innovative e credibili degli ultimi anni.<\/p>\n<p>Cantautrice dalla scrittura intensa e personale, unisce urban, pop ed elettronica in uno stile diretto e identitario. Si fa conoscere dal grande pubblico con \u201c<strong>Sciccherie<\/strong>\u201d, brano virale che mette in luce un talento fuori dagli schemi.<\/p>\n<p>Nel 2021 partecipa al Festival di Sanremo con \u201c<strong>Voce<\/strong>\u201d, conquistando il\u00a0<strong>Premio Lunezia<\/strong>\u00a0e l\u2019attenzione di critica e pubblico. Nello stesso anno pubblica l\u2019album d\u2019esordio \u201c<strong>Madame<\/strong>\u201d, certificato platino, con il quale si aggiudica la\u00a0<strong>Targa Tenco<\/strong>, diventando la pi\u00f9 giovane di sempre ad aggiudicarsi il prestigioso riconoscimento.<\/p>\n<p>Tornata in gara a Sanremo nel 2023 con \u201c<strong>Il bene nel male<\/strong>\u201d, Madame ha confermato una scrittura capace di raccontare fragilit\u00e0 e contraddizioni contemporanee. Autrice ricercata e stimata, ha firmato brani per diversi protagonisti del panorama italiano e ha contribuito, come coautrice, alla vittoria al Festival di Sanremo 2024 con \u201c<strong>La noia<\/strong>\u201d, interpretata da Angelina Mango.<\/p>\n<p>Con milioni di streaming e numerosi riconoscimenti, rappresenta oggi una delle artiste pi\u00f9 innovative e influenti della musica italiana.<\/p>\n","protected":false},"excerpt":{"rendered":"<p>La cantautrice annuncia il suo ritorno sulle scene. In Castello il concerto nell&#8217;ambito del tour estivo<\/p>\n","protected":false},"author":3,"featured_media":71562,"comment_status":"closed","ping_status":"closed","template":"","tags":[861,261,826,55,101],"mec_category":[99],"class_list":["post-71561","mec-events","type-mec-events","status-publish","has-post-thumbnail","hentry","tag-concerti","tag-eventi","tag-eventi-fvg","tag-musica","tag-udine","mec_category-music"],"_links":{"self":[{"href":"https:\/\/imagazine.it\/home_desk\/wp-json\/wp\/v2\/mec-events\/71561","targetHints":{"allow":["GET"]}}],"collection":[{"href":"https:\/\/imagazine.it\/home_desk\/wp-json\/wp\/v2\/mec-events"}],"about":[{"href":"https:\/\/imagazine.it\/home_desk\/wp-json\/wp\/v2\/types\/mec-events"}],"author":[{"embeddable":true,"href":"https:\/\/imagazine.it\/home_desk\/wp-json\/wp\/v2\/users\/3"}],"replies":[{"embeddable":true,"href":"https:\/\/imagazine.it\/home_desk\/wp-json\/wp\/v2\/comments?post=71561"}],"wp:featuredmedia":[{"embeddable":true,"href":"https:\/\/imagazine.it\/home_desk\/wp-json\/wp\/v2\/media\/71562"}],"wp:attachment":[{"href":"https:\/\/imagazine.it\/home_desk\/wp-json\/wp\/v2\/media?parent=71561"}],"wp:term":[{"taxonomy":"post_tag","embeddable":true,"href":"https:\/\/imagazine.it\/home_desk\/wp-json\/wp\/v2\/tags?post=71561"},{"taxonomy":"mec_category","embeddable":true,"href":"https:\/\/imagazine.it\/home_desk\/wp-json\/wp\/v2\/mec_category?post=71561"}],"curies":[{"name":"wp","href":"https:\/\/api.w.org\/{rel}","templated":true}]}}

<p>&nbsp;</p>
<p><strong>Madame</strong> annuncia il <strong><em>Madame Tour Estate 2026</em></strong>.</p>
<p>La cantautrice italiana, fra i talenti più luminosi delle ultime generazioni, annuncia il suo ritorno sulle scene con un tour che la vedrà protagonista nei festival, nelle arene e nei luoghi più suggestivi d’Italia.</p>
<p>Dopo il grande successo del concerto tenuto a luglio 2023, l’artista vicentina tornerà anche in Friuli Venezia Giulia, nuovamente nello scenario del <strong>Castello di Udine</strong>, per l’unico concerto regionale in programma il prossimo <strong>29 luglio</strong>, con inizio alle <strong>21</strong>.</p>
<p>I <strong>biglietti</strong> per l’evento, organizzato da <strong>Zenit srl</strong>, in collaborazione con <strong>Regione Friuli Venezia Giulia</strong>, <strong>PromoTurismoFVG</strong> e <strong>Comune di Udine</strong>, inserito nel calendario di <strong>UdinEstate</strong> e <strong>Udine Vola</strong>, sono in vendita sul circuito <strong>Ticketone</strong>. Tutte le info su <span style="text-decoration: underline;"><a href="http://www.azalea.it/" target="_blank" rel="noopener">www.azalea.it</a></span> .</p>
<p>Sui palchi dell’estate <strong>Madame</strong>, nome d’arte di Francesca Calearo, vicentina classe 2002, porterà tutti i suoi successi, canzoni che hanno conquistato un pubblico transgenerazionale e l’hanno caratterizzata come una delle artiste più originali, innovative e credibili degli ultimi anni.</p>
<p>Cantautrice dalla scrittura intensa e personale, unisce urban, pop ed elettronica in uno stile diretto e identitario. Si fa conoscere dal grande pubblico con “<strong>Sciccherie</strong>”, brano virale che mette in luce un talento fuori dagli schemi.</p>
<p>Nel 2021 partecipa al Festival di Sanremo con “<strong>Voce</strong>”, conquistando il <strong>Premio Lunezia</strong> e l’attenzione di critica e pubblico. Nello stesso anno pubblica l’album d’esordio “<strong>Madame</strong>”, certificato platino, con il quale si aggiudica la <strong>Targa Tenco</strong>, diventando la più giovane di sempre ad aggiudicarsi il prestigioso riconoscimento.</p>
<p>Tornata in gara a Sanremo nel 2023 con “<strong>Il bene nel male</strong>”, Madame ha confermato una scrittura capace di raccontare fragilità e contraddizioni contemporanee. Autrice ricercata e stimata, ha firmato brani per diversi protagonisti del panorama italiano e ha contribuito, come coautrice, alla vittoria al Festival di Sanremo 2024 con “<strong>La noia</strong>”, interpretata da Angelina Mango.</p>
<p>Con milioni di streaming e numerosi riconoscimenti, rappresenta oggi una delle artiste più innovative e influenti della musica italiana.</p>
