{"id":71558,"date":"2026-02-13T12:43:55","date_gmt":"2026-02-13T11:43:55","guid":{"rendered":"https:\/\/imagazine.it\/home_desk\/?post_type=mec-events&#038;p=71558"},"modified":"2026-07-30T12:40:08","modified_gmt":"2026-07-30T10:40:08","slug":"raf-in-concerto-a-trieste","status":"publish","type":"mec-events","link":"https:\/\/imagazine.it\/home_desk\/events\/raf-in-concerto-a-trieste\/","title":{"rendered":"Raf in concerto a Trieste"},"content":{"rendered":"<p>&nbsp;<\/p>\n<p>Dopo aver partecipato alla\u00a0<strong>76\u00b0 edizione del Festival di Sanremo<\/strong>\u00a0<strong>con il brano\u00a0<em>Ora e per sempre\u00a0<\/em><\/strong>e in attesa dell\u2019uscita del suo nuovo disco prevista per il prossimo autunno, <strong>Raf<\/strong> torna alla dimensione live per festeggiare i 25 anni del successo\u00a0<em>Infinito<\/em>\u00a0con \u201c<strong>INFINITO &#8211; ESTATE 2026\u201d<\/strong>, organizzato da Friends &amp; Partners, prodotto da Girotondo srl in collaborazione MOMY RECORDS.<\/p>\n<p>Vero e proprio evergreen che continua a emozionarci,\u00a0<em>Infinito<\/em>\u00a0\u00e8 uno dei brani \u201cmanifesto\u201d della carriera di Raf, lunga\u00a0<strong>oltre 40 anni e fatta di migliaia di live<\/strong>,\u00a0<strong>14 album<\/strong>\u00a0<strong>pubblicati in studio<\/strong>,\u00a0<strong>pi\u00f9 di 20 milioni di dischi venduti in tutto il mondo<\/strong>.<\/p>\n<p>Seconda tappa del tour estivo, il concerto di Trieste si terr\u00e0 <strong>luned\u00ec 3 agosto<\/strong> alle ore 21 al <strong>Castello di San Giusto<\/strong>.<\/p>\n<p>L\u2019artista, padre del pop in Italia, tra le voci e firme pi\u00f9 belle e rappresentative della canzone italiana, dedicher\u00e0 al suo pubblico un viaggio musicale che scandisce le tappe significative del suo percorso artistico fino al capitolo pi\u00f9 recente, quello sanremese.<\/p>\n<p>I biglietti sono disponibili in prevendita su\u00a0<span style=\"text-decoration: underline;\"><a href=\"http:\/\/ticketone.it\/\" target=\"_blank\" rel=\"noopener\" data-saferedirecturl=\"https:\/\/www.google.com\/url?q=http:\/\/ticketone.it&amp;source=gmail&amp;ust=1785484900158000&amp;usg=AOvVaw0-aqEbAV2DeLOwwMl4Dzay\">ticketone.it<\/a><\/span>\u00a0e in tutti i punti vendita autorizzati.<\/p>\n<p>Un nuovo capitolo live per Raf, che fa seguito alla straordinaria esperienza sanremese in cui l\u2019artista ha emozionato con una ballad romantica e autobiografica &#8211; scritta insieme al figlio Samuele Riefoli, che ha anche firmato la regia del videoclip &#8211; e che anticipa l\u2019uscita del suo nuovo disco di inediti.<\/p>\n<p><strong>Raf<\/strong>\u00a0ha inoltre annunciato a sorpresa l\u2019uscita del<strong>\u00a0nuovo singolo \u201cPazzi Stupidi Ragazzi\u201d<\/strong>\u00a0(Warner Records \/ Warner Music Italy; Girotondo EM srl), disponibile dal 29 maggio sulle piattaforme digitali e in rotazione radiofonica.<\/p>\n<p><strong>\u201c<em>Pazzi Stupidi Ragazzi<\/em>\u201d <\/strong>racconta un amore istintivo, irrazionale e travolgente, uno di quei legami capaci di resistere al tempo, alle distanze e soprattutto alle differenze. \u00c8 la storia di due persone che continuano a cercarsi e a rincorrersi perch\u00e9, quando un sentimento \u00e8 autentico, tutto il resto perde importanza: le paure, gli ostacoli, i confini che spesso siamo noi stessi a creare.<\/p>\n<p>Musicalmente, il brano ha un\u2019anima electropop intensa e ritmata, pensata per far \u201cmuovere\u201d ma anche per emozionare. Tra atmosfere notturne, immagini romantiche, corse verso l\u2019estate e stelle da contare insieme, la canzone accompagna l\u2019ascoltatore in un viaggio fatto di desiderio, libert\u00e0 e connessione. Perch\u00e9 le differenze non dovrebbero mai dividerci: spesso sono solo illusioni create dalla mente.<\/p>\n<p>Raf ha scritto e ha realizzato successi che hanno segnato la storia della discografia del nostro Paese &#8211; come\u00a0<strong><em>Self Control, Infinito, Sei La Pi\u00f9 Bella Del Mondo, Il battito Animale, Cosa Rester\u00e0 degli Anni \u201880, Ti Pretendo, Infinito, Stai con Me, Non \u00e8 mai un errore &#8211;\u00a0<\/em><\/strong>hit amate da milioni di persone e in vetta alle classifiche in tutto il mondo, brani senza tempo cantati anche dalle nuove generazioni. Questa \u00e8 la potenza della musica di Raf, cantautore, autore e compositore raffinato che negli anni si \u00e8 sempre distinto per una scrittura autentica e originale, nonch\u00e9 per una straordinaria e fresca capacit\u00e0 interpretativa.<\/p>\n","protected":false},"excerpt":{"rendered":"<p>Al Castello di San Giusto l&#8217;unica tappa in Friuli Venezia Giulia del tour &#8220;Infinito Estate 2026&#8221;<\/p>\n","protected":false},"author":28,"featured_media":71560,"comment_status":"closed","ping_status":"closed","template":"","tags":[861,261,826,55,65],"mec_category":[99],"class_list":["post-71558","mec-events","type-mec-events","status-publish","has-post-thumbnail","hentry","tag-concerti","tag-eventi","tag-eventi-fvg","tag-musica","tag-trieste","mec_category-music"],"_links":{"self":[{"href":"https:\/\/imagazine.it\/home_desk\/wp-json\/wp\/v2\/mec-events\/71558","targetHints":{"allow":["GET"]}}],"collection":[{"href":"https:\/\/imagazine.it\/home_desk\/wp-json\/wp\/v2\/mec-events"}],"about":[{"href":"https:\/\/imagazine.it\/home_desk\/wp-json\/wp\/v2\/types\/mec-events"}],"author":[{"embeddable":true,"href":"https:\/\/imagazine.it\/home_desk\/wp-json\/wp\/v2\/users\/28"}],"replies":[{"embeddable":true,"href":"https:\/\/imagazine.it\/home_desk\/wp-json\/wp\/v2\/comments?post=71558"}],"wp:featuredmedia":[{"embeddable":true,"href":"https:\/\/imagazine.it\/home_desk\/wp-json\/wp\/v2\/media\/71560"}],"wp:attachment":[{"href":"https:\/\/imagazine.it\/home_desk\/wp-json\/wp\/v2\/media?parent=71558"}],"wp:term":[{"taxonomy":"post_tag","embeddable":true,"href":"https:\/\/imagazine.it\/home_desk\/wp-json\/wp\/v2\/tags?post=71558"},{"taxonomy":"mec_category","embeddable":true,"href":"https:\/\/imagazine.it\/home_desk\/wp-json\/wp\/v2\/mec_category?post=71558"}],"curies":[{"name":"wp","href":"https:\/\/api.w.org\/{rel}","templated":true}]}}

<p>&nbsp;</p>
<p>Dopo aver partecipato alla <strong>76° edizione del Festival di Sanremo</strong> <strong>con il brano <em>Ora e per sempre </em></strong>e in attesa dell’uscita del suo nuovo disco prevista per il prossimo autunno, <strong>Raf</strong> torna alla dimensione live per festeggiare i 25 anni del successo <em>Infinito</em> con “<strong>INFINITO &#8211; ESTATE 2026”</strong>, organizzato da Friends &amp; Partners, prodotto da Girotondo srl in collaborazione MOMY RECORDS.</p>
<p>Vero e proprio evergreen che continua a emozionarci, <em>Infinito</em> è uno dei brani “manifesto” della carriera di Raf, lunga <strong>oltre 40 anni e fatta di migliaia di live</strong>, <strong>14 album</strong> <strong>pubblicati in studio</strong>, <strong>più di 20 milioni di dischi venduti in tutto il mondo</strong>.</p>
<p>Seconda tappa del tour estivo, il concerto di Trieste si terrà <strong>lunedì 3 agosto</strong> alle ore 21 al <strong>Castello di San Giusto</strong>.</p>
<p>L’artista, padre del pop in Italia, tra le voci e firme più belle e rappresentative della canzone italiana, dedicherà al suo pubblico un viaggio musicale che scandisce le tappe significative del suo percorso artistico fino al capitolo più recente, quello sanremese.</p>
<p>I biglietti sono disponibili in prevendita su <span style="text-decoration: underline;"><a href="http://ticketone.it/" target="_blank" rel="noopener" data-saferedirecturl="https://www.google.com/url?q=http://ticketone.it&amp;source=gmail&amp;ust=1785484900158000&amp;usg=AOvVaw0-aqEbAV2DeLOwwMl4Dzay">ticketone.it</a></span> e in tutti i punti vendita autorizzati.</p>
<p>Un nuovo capitolo live per Raf, che fa seguito alla straordinaria esperienza sanremese in cui l’artista ha emozionato con una ballad romantica e autobiografica &#8211; scritta insieme al figlio Samuele Riefoli, che ha anche firmato la regia del videoclip &#8211; e che anticipa l’uscita del suo nuovo disco di inediti.</p>
<p><strong>Raf</strong> ha inoltre annunciato a sorpresa l’uscita del<strong> nuovo singolo “Pazzi Stupidi Ragazzi”</strong> (Warner Records / Warner Music Italy; Girotondo EM srl), disponibile dal 29 maggio sulle piattaforme digitali e in rotazione radiofonica.</p>
<p><strong>“<em>Pazzi Stupidi Ragazzi</em>” </strong>racconta un amore istintivo, irrazionale e travolgente, uno di quei legami capaci di resistere al tempo, alle distanze e soprattutto alle differenze. È la storia di due persone che continuano a cercarsi e a rincorrersi perché, quando un sentimento è autentico, tutto il resto perde importanza: le paure, gli ostacoli, i confini che spesso siamo noi stessi a creare.</p>
<p>Musicalmente, il brano ha un’anima electropop intensa e ritmata, pensata per far “muovere” ma anche per emozionare. Tra atmosfere notturne, immagini romantiche, corse verso l’estate e stelle da contare insieme, la canzone accompagna l’ascoltatore in un viaggio fatto di desiderio, libertà e connessione. Perché le differenze non dovrebbero mai dividerci: spesso sono solo illusioni create dalla mente.</p>
<p>Raf ha scritto e ha realizzato successi che hanno segnato la storia della discografia del nostro Paese &#8211; come <strong><em>Self Control, Infinito, Sei La Più Bella Del Mondo, Il battito Animale, Cosa Resterà degli Anni ‘80, Ti Pretendo, Infinito, Stai con Me, Non è mai un errore &#8211; </em></strong>hit amate da milioni di persone e in vetta alle classifiche in tutto il mondo, brani senza tempo cantati anche dalle nuove generazioni. Questa è la potenza della musica di Raf, cantautore, autore e compositore raffinato che negli anni si è sempre distinto per una scrittura autentica e originale, nonché per una straordinaria e fresca capacità interpretativa.</p>
