{"id":71219,"date":"2026-02-02T15:17:02","date_gmt":"2026-02-02T14:17:02","guid":{"rendered":"https:\/\/imagazine.it\/home_desk\/?post_type=mec-events&#038;p=71219"},"modified":"2026-02-05T10:57:33","modified_gmt":"2026-02-05T09:57:33","slug":"il-carnevale-goriziano-per-lanniversario-di-go-2025","status":"publish","type":"mec-events","link":"https:\/\/imagazine.it\/home_desk\/events\/il-carnevale-goriziano-per-lanniversario-di-go-2025\/","title":{"rendered":"Il Carnevale Goriziano per l&#8217;anniversario di GO! 2025"},"content":{"rendered":"<p>Domenica 8 febbraio, nel giorno dell\u2019anniversario dei festeggiamenti per l\u2019avvio di Nova Gorica Gorizia Capitale europea della cultura, con la <strong>Sfilata di Carri e Gruppi mascherati<\/strong> prender\u00e0 il via il <strong>36\u00b0 Carnevale Goriziano<\/strong>,\u00a0organizzato da Pro Loco Gorizia con il sostegno del Comune di Gorizia e con la collaborazione di diverse associazioni cittadine.<\/p>\n<p>Confermato il percorso della sfilata, ma in <strong>senso contrario rispetto agli anni passati<\/strong>: si partir\u00e0 alle 14 da Corso Verdi, per poi passare per Corso Italia, via XXIV Maggio, via Nazario Sauro, piazza del Municipio, via de Gasperi, via Roma, per terminare in piazza Vittoria.<\/p>\n<p>Dalle 18 largo alla Festa di Carnevale nell\u2019area coperta dell\u2019ex mercato all\u2019ingrosso di via Boccaccio, dedicata non solo a tutti i partecipanti alla sfilata ma anche al grande pubblico di bambini e adulti. La festa culminer\u00e0 alle 19 nella premiazione dei carri e dei gruppi migliori e nell\u2019incoronazione dei vincitori dell\u2019edizione 2026 del Carnevale Goriziano e proseguir\u00e0 fino alle 23.<\/p>\n<p>Parteciperanno alla sfilata <strong>12 carri e 16 gruppi<\/strong> da Italia e Slovenia, con due speaker che descriveranno e animeranno lo spettacolo in italiano e sloveno:\u00a0Gorizia, Grions del Torre, Duino Aurisina\/San Pelagio, Colloredo di Prato, Gabria, San Floriano del Collio, Turriaco, Savogna d&#8217;Isonzo, Opatje Selo, Santa Croce, Slivia, Doberd\u00f2 del Lago, Bilje, Medeazza, San Mauro, Sant&#8217;Andrea, Trebiciano, Treppo Piccolo, Treppo Grande, Basovizza, Monrupino, Marcottini\/Poljane, Breg, Vajont, Monfalcone, Padriciano\/Gropada, Prepotto\/Praprot.<\/p>\n<p>Come bande, ci saranno il Gruppo Bandistico Tita Michelas di Fiumicello e la Banda di Tolmino.<\/p>\n<p>I carri saranno valutati dalla giuria in base a creativit\u00e0 e originalit\u00e0, realizzazione, numero di movimenti, costumi e coreografie, numero dei partecipanti. Per i gruppi verr\u00e0 premiata creativit\u00e0 e originalit\u00e0, idea, realizzazione dei costumi, coreografia e numero partecipanti.<\/p>\n<p>\u201cQuest\u2019anno \u2013 spiega <strong>Giorgio Lorenzoni<\/strong>, presidente di Pro Loco Gorizia \u2013 abbiamo avuto tante richieste, battendo anche l\u2019anno precedente, registrando il record assoluto di partecipazione. Confermata la festa finale, che l\u2019anno scorso ha riscosso un grande successo, per concludere nel migliore dei modi la giornata di festa. Pro Loco Gorizia \u00e8 impegnata tutto l\u2019anno per vivacizzare la citt\u00e0, per creare attivit\u00e0 ed eventi, cercando di coinvolgere persone che desiderino impegnarsi per la propria comunit\u00e0\u201d.<\/p>\n<p>Se qualcuno volesse dare una mano, pu\u00f2 scrivere a\u00a0<a href=\"mailto:prolocogo@gmail.com\">prolocogo@gmail.com<\/a>.<\/p>\n<h3 class=\"m_4892918601328710131MsoNoSpacing\">Modifiche alla viabilit\u00e0<u><\/u><\/h3>\n<ul type=\"disc\">\n<li class=\"m_4892918601328710131MsoNoSpacing\">dalle 8 fino a fine manifestazione in Via Cadorna, via Boccaccio, piazza Donatori Volontari di Sangue e nell\u2019area del parcheggio dell\u2019ex mercato all\u2019ingrosso tra le vie Boccaccio e Santa Chiara divieto di sosta (eccetto i carri allegorici e veicoli partecipanti alla sfilata) e divieto di transito (eccetto partecipanti alla sfilata e frontisti compatibilmente con l\u2019ammassamento ed il transito dei carri allegorici);<u><\/u><u><\/u><\/li>\n<li class=\"m_4892918601328710131MsoNoSpacing\">dalle 9 fino a fine manifestazione in via Mameli, via Santa Chiara, via Roma, piazza Vittoria tra le vie Oberdan e Mameli, via de Gasperi, piazza Municipio, viale XXIV Maggio, corso Italia tra le vie XXIV Maggio e Garibaldi e in via Sauro divieto di sosta;<u><\/u><u><\/u><\/li>\n<li class=\"m_4892918601328710131MsoNoSpacing\">dalle 13.30 fino a fine manifestazione in via Mameli, via Santa Chiara, via Roma, piazza Vittoria tra le vie Oberdan e Mameli, via de Gasperi, piazza Municipio, viale XXIV Maggio, corso Italia tra le vie XXIV Maggio e Garibaldi, via Sauro e corso Verdi tra le vie Diaz e Seminario;<u><\/u><u><\/u><\/li>\n<li class=\"m_4892918601328710131MsoNoSpacing\">dalle 13.30 fino a fine manifestazione in via Cascino e via Dante divieto di transito eccetto frontisti e revoca del senso unico di marcia<\/li>\n<\/ul>\n<h3>I prossimi appuntamenti<\/h3>\n<p>Seguiranno due appuntamenti. Il <strong>Carnevale dei Bambini<\/strong> \u00e8 fissato per <strong>luned\u00ec 16 febbraio alle 14.30<\/strong>, con ritrovo davanti al Teatro Verdi e breve sfilata verso piazza Vittoria. Qui, dalle 15.30, \u00e8 previsto un concorso mascherato, animazione, giochi di magia e trucca bimbi. Alle 17.30, la proiezione del film animato al Kinemax di Gorizia, &#8220;<em>Spongbob &#8211; Un&#8217;avventuta da pirati<\/em>&#8221; (ingresso unico 4 euro).<\/p>\n<p>Immancabile il tradizionale appuntamento con il <strong>Funerale di Re Carnevale<\/strong>, previsto per <strong>mercoled\u00ec 18 febbraio<\/strong> e curato dall\u2019associazione Stile Goriziano con il supporto del Centro tradizioni Borgo San Rocco. Il ritrovo sar\u00e0 alle 16 davanti al Municipio per l\u2019orazione e l\u2019esposizione di Re Carnevale. Alle 16.45 la lettura del testamento e la cremazione del Re nell&#8217;area della Sagra di San Rocco, nei pressi dello Stadio Baiamonti, con <em>rebechin<\/em>. Alle 17.30, il goliardico corteo funebre, con i resti di Re Carnevale, percorrer\u00e0 allegramente il centro fino a raggiungere piazza Vittoria, con tappa alla DAG, la Digital Art Gallery.<\/p>\n","protected":false},"excerpt":{"rendered":"<p>Dodici carri, sedici gruppi e due bande protagoniste della sfilata nel capoluogo isontino. Festa finale nell&#8217;ex mercato all&#8217;ingrosso<\/p>\n","protected":false},"author":28,"featured_media":71220,"comment_status":"closed","ping_status":"closed","template":"","tags":[93,261,826,43],"mec_category":[131],"class_list":["post-71219","mec-events","type-mec-events","status-publish","has-post-thumbnail","hentry","tag-carnevale","tag-eventi","tag-eventi-fvg","tag-gorizia","mec_category-discovery"],"_links":{"self":[{"href":"https:\/\/imagazine.it\/home_desk\/wp-json\/wp\/v2\/mec-events\/71219","targetHints":{"allow":["GET"]}}],"collection":[{"href":"https:\/\/imagazine.it\/home_desk\/wp-json\/wp\/v2\/mec-events"}],"about":[{"href":"https:\/\/imagazine.it\/home_desk\/wp-json\/wp\/v2\/types\/mec-events"}],"author":[{"embeddable":true,"href":"https:\/\/imagazine.it\/home_desk\/wp-json\/wp\/v2\/users\/28"}],"replies":[{"embeddable":true,"href":"https:\/\/imagazine.it\/home_desk\/wp-json\/wp\/v2\/comments?post=71219"}],"wp:featuredmedia":[{"embeddable":true,"href":"https:\/\/imagazine.it\/home_desk\/wp-json\/wp\/v2\/media\/71220"}],"wp:attachment":[{"href":"https:\/\/imagazine.it\/home_desk\/wp-json\/wp\/v2\/media?parent=71219"}],"wp:term":[{"taxonomy":"post_tag","embeddable":true,"href":"https:\/\/imagazine.it\/home_desk\/wp-json\/wp\/v2\/tags?post=71219"},{"taxonomy":"mec_category","embeddable":true,"href":"https:\/\/imagazine.it\/home_desk\/wp-json\/wp\/v2\/mec_category?post=71219"}],"curies":[{"name":"wp","href":"https:\/\/api.w.org\/{rel}","templated":true}]}}

<p>Domenica 8 febbraio, nel giorno dell’anniversario dei festeggiamenti per l’avvio di Nova Gorica Gorizia Capitale europea della cultura, con la <strong>Sfilata di Carri e Gruppi mascherati</strong> prenderà il via il <strong>36° Carnevale Goriziano</strong>, organizzato da Pro Loco Gorizia con il sostegno del Comune di Gorizia e con la collaborazione di diverse associazioni cittadine.</p>
<p>Confermato il percorso della sfilata, ma in <strong>senso contrario rispetto agli anni passati</strong>: si partirà alle 14 da Corso Verdi, per poi passare per Corso Italia, via XXIV Maggio, via Nazario Sauro, piazza del Municipio, via de Gasperi, via Roma, per terminare in piazza Vittoria.</p>
<p>Dalle 18 largo alla Festa di Carnevale nell’area coperta dell’ex mercato all’ingrosso di via Boccaccio, dedicata non solo a tutti i partecipanti alla sfilata ma anche al grande pubblico di bambini e adulti. La festa culminerà alle 19 nella premiazione dei carri e dei gruppi migliori e nell’incoronazione dei vincitori dell’edizione 2026 del Carnevale Goriziano e proseguirà fino alle 23.</p>
<p>Parteciperanno alla sfilata <strong>12 carri e 16 gruppi</strong> da Italia e Slovenia, con due speaker che descriveranno e animeranno lo spettacolo in italiano e sloveno: Gorizia, Grions del Torre, Duino Aurisina/San Pelagio, Colloredo di Prato, Gabria, San Floriano del Collio, Turriaco, Savogna d&#8217;Isonzo, Opatje Selo, Santa Croce, Slivia, Doberdò del Lago, Bilje, Medeazza, San Mauro, Sant&#8217;Andrea, Trebiciano, Treppo Piccolo, Treppo Grande, Basovizza, Monrupino, Marcottini/Poljane, Breg, Vajont, Monfalcone, Padriciano/Gropada, Prepotto/Praprot.</p>
<p>Come bande, ci saranno il Gruppo Bandistico Tita Michelas di Fiumicello e la Banda di Tolmino.</p>
<p>I carri saranno valutati dalla giuria in base a creatività e originalità, realizzazione, numero di movimenti, costumi e coreografie, numero dei partecipanti. Per i gruppi verrà premiata creatività e originalità, idea, realizzazione dei costumi, coreografia e numero partecipanti.</p>
<p>“Quest’anno – spiega <strong>Giorgio Lorenzoni</strong>, presidente di Pro Loco Gorizia – abbiamo avuto tante richieste, battendo anche l’anno precedente, registrando il record assoluto di partecipazione. Confermata la festa finale, che l’anno scorso ha riscosso un grande successo, per concludere nel migliore dei modi la giornata di festa. Pro Loco Gorizia è impegnata tutto l’anno per vivacizzare la città, per creare attività ed eventi, cercando di coinvolgere persone che desiderino impegnarsi per la propria comunità”.</p>
<p>Se qualcuno volesse dare una mano, può scrivere a <a href="mailto:prolocogo@gmail.com">prolocogo@gmail.com</a>.</p>
<h3 class="m_4892918601328710131MsoNoSpacing">Modifiche alla viabilità<u></u></h3>
<ul type="disc">
<li class="m_4892918601328710131MsoNoSpacing">dalle 8 fino a fine manifestazione in Via Cadorna, via Boccaccio, piazza Donatori Volontari di Sangue e nell’area del parcheggio dell’ex mercato all’ingrosso tra le vie Boccaccio e Santa Chiara divieto di sosta (eccetto i carri allegorici e veicoli partecipanti alla sfilata) e divieto di transito (eccetto partecipanti alla sfilata e frontisti compatibilmente con l’ammassamento ed il transito dei carri allegorici);<u></u><u></u></li>
<li class="m_4892918601328710131MsoNoSpacing">dalle 9 fino a fine manifestazione in via Mameli, via Santa Chiara, via Roma, piazza Vittoria tra le vie Oberdan e Mameli, via de Gasperi, piazza Municipio, viale XXIV Maggio, corso Italia tra le vie XXIV Maggio e Garibaldi e in via Sauro divieto di sosta;<u></u><u></u></li>
<li class="m_4892918601328710131MsoNoSpacing">dalle 13.30 fino a fine manifestazione in via Mameli, via Santa Chiara, via Roma, piazza Vittoria tra le vie Oberdan e Mameli, via de Gasperi, piazza Municipio, viale XXIV Maggio, corso Italia tra le vie XXIV Maggio e Garibaldi, via Sauro e corso Verdi tra le vie Diaz e Seminario;<u></u><u></u></li>
<li class="m_4892918601328710131MsoNoSpacing">dalle 13.30 fino a fine manifestazione in via Cascino e via Dante divieto di transito eccetto frontisti e revoca del senso unico di marcia</li>
</ul>
<h3>I prossimi appuntamenti</h3>
<p>Seguiranno due appuntamenti. Il <strong>Carnevale dei Bambini</strong> è fissato per <strong>lunedì 16 febbraio alle 14.30</strong>, con ritrovo davanti al Teatro Verdi e breve sfilata verso piazza Vittoria. Qui, dalle 15.30, è previsto un concorso mascherato, animazione, giochi di magia e trucca bimbi. Alle 17.30, la proiezione del film animato al Kinemax di Gorizia, &#8220;<em>Spongbob &#8211; Un&#8217;avventuta da pirati</em>&#8221; (ingresso unico 4 euro).</p>
<p>Immancabile il tradizionale appuntamento con il <strong>Funerale di Re Carnevale</strong>, previsto per <strong>mercoledì 18 febbraio</strong> e curato dall’associazione Stile Goriziano con il supporto del Centro tradizioni Borgo San Rocco. Il ritrovo sarà alle 16 davanti al Municipio per l’orazione e l’esposizione di Re Carnevale. Alle 16.45 la lettura del testamento e la cremazione del Re nell&#8217;area della Sagra di San Rocco, nei pressi dello Stadio Baiamonti, con <em>rebechin</em>. Alle 17.30, il goliardico corteo funebre, con i resti di Re Carnevale, percorrerà allegramente il centro fino a raggiungere piazza Vittoria, con tappa alla DAG, la Digital Art Gallery.</p>
