{"id":71118,"date":"2026-01-26T12:12:40","date_gmt":"2026-01-26T11:12:40","guid":{"rendered":"https:\/\/imagazine.it\/home_desk\/?post_type=mec-events&#038;p=71118"},"modified":"2026-01-26T12:14:08","modified_gmt":"2026-01-26T11:14:08","slug":"franciscus-il-folle-che-parlava-agli-uccelli","status":"publish","type":"mec-events","link":"https:\/\/imagazine.it\/home_desk\/events\/franciscus-il-folle-che-parlava-agli-uccelli\/","title":{"rendered":"Franciscus. Il folle che parlava agli uccelli"},"content":{"rendered":"<h6>Simone Cristicchi (ph. Giorgio Amendola)<\/h6>\n<p>&nbsp;<\/p>\n<p>A 800 anni dalla morte di san Francesco, <strong>Simone Cristicchi<\/strong> porta in scena al <strong>Teatro Nuovo Giovanni da Udine <em>Franciscus<\/em><\/strong>.<strong><em> Il folle che parlava agli uccelli<\/em><\/strong>, uno spettacolo lirico e commovente arricchito di splendide canzoni inedite scritte assieme alla cantautrice Amara.<\/p>\n<p><strong><em>Franciscus. Il folle che parlava agli uccelli<\/em><\/strong>, che fa parte della 29\u00aa Stagione di Prosa del Teatro Nuovo Giovanni da Udine firmata dal direttore artistico Roberto Valerio e realizzata anche con il sostegno di Fondazione Friuli, \u00e8 in programma <strong>gioved\u00ec 29 gennaio<\/strong> con inizio alle ore 20.30 per la rassegna di Prosa \u201cTempi Unici\u201d.<\/p>\n<p>Franciscus il rivoluzionario, l\u2019estremista, l\u2019innamorato della vita. Franciscus il folle, che parlava agli uccelli e vedeva la sacralit\u00e0 e la bellezza in ogni persona e animale e poi anche nel sole, nella morte, nella terra su cui camminava insieme agli altri. In cosa risiede l\u2019attualit\u00e0, del suo messaggio? Cosa pu\u00f2 dirci la filosofia del \u201cricchissimo\u201d di Assisi, nella confusione della modernit\u00e0 affamata di senso, nelle promesse tradite del progresso?<\/p>\n<p>Tra riflessioni, domande e canzoni inedite, Simone Cristicchi indaga e racconta il \u201cSanto di tutti\u201d: un uomo in crisi, consumato dai dubbi, un laico che imparava facendo, si perfezionava incontrando, e il cui esempio riusc\u00ec ad attrarre una comunit\u00e0 ma non senza destare sospetti di alcuni del popolo. Nello spettacolo, uno in particolare: Cencio, stracciaiolo girovago, inventore di una lingua solo sua, osservatore critico del viaggio di Francesco, interpretato dallo stesso Cristicchi.<\/p>\n<p>Al centro di questo spettacolo, il labile confine tra follia e santit\u00e0, tema cardine della vita personale e spirituale di Francesco. Ma anche la povert\u00e0, la ricerca della perfetta letizia, la spiritualit\u00e0 universale, l\u2019utopia necessaria di una nuova umanit\u00e0 che riesca a vivere in armonia con il creato. Temi che nel frastuono della societ\u00e0 in cui viviamo diventano ancora pi\u00f9 urgenti e vividi.<\/p>\n","protected":false},"excerpt":{"rendered":"<p>Simone Cristicchi protagonista a Udine con lo spettacolo dedicato a San Francesco a 800 anni dalla morte<\/p>\n","protected":false},"author":28,"featured_media":71119,"comment_status":"closed","ping_status":"closed","template":"","tags":[261,826,821,52,101],"mec_category":[48],"class_list":["post-71118","mec-events","type-mec-events","status-publish","has-post-thumbnail","hentry","tag-eventi","tag-eventi-fvg","tag-spettacoli","tag-teatro","tag-udine","mec_category-classic-art"],"_links":{"self":[{"href":"https:\/\/imagazine.it\/home_desk\/wp-json\/wp\/v2\/mec-events\/71118","targetHints":{"allow":["GET"]}}],"collection":[{"href":"https:\/\/imagazine.it\/home_desk\/wp-json\/wp\/v2\/mec-events"}],"about":[{"href":"https:\/\/imagazine.it\/home_desk\/wp-json\/wp\/v2\/types\/mec-events"}],"author":[{"embeddable":true,"href":"https:\/\/imagazine.it\/home_desk\/wp-json\/wp\/v2\/users\/28"}],"replies":[{"embeddable":true,"href":"https:\/\/imagazine.it\/home_desk\/wp-json\/wp\/v2\/comments?post=71118"}],"wp:featuredmedia":[{"embeddable":true,"href":"https:\/\/imagazine.it\/home_desk\/wp-json\/wp\/v2\/media\/71119"}],"wp:attachment":[{"href":"https:\/\/imagazine.it\/home_desk\/wp-json\/wp\/v2\/media?parent=71118"}],"wp:term":[{"taxonomy":"post_tag","embeddable":true,"href":"https:\/\/imagazine.it\/home_desk\/wp-json\/wp\/v2\/tags?post=71118"},{"taxonomy":"mec_category","embeddable":true,"href":"https:\/\/imagazine.it\/home_desk\/wp-json\/wp\/v2\/mec_category?post=71118"}],"curies":[{"name":"wp","href":"https:\/\/api.w.org\/{rel}","templated":true}]}}

<h6>Simone Cristicchi (ph. Giorgio Amendola)</h6>
<p>&nbsp;</p>
<p>A 800 anni dalla morte di san Francesco, <strong>Simone Cristicchi</strong> porta in scena al <strong>Teatro Nuovo Giovanni da Udine <em>Franciscus</em></strong>.<strong><em> Il folle che parlava agli uccelli</em></strong>, uno spettacolo lirico e commovente arricchito di splendide canzoni inedite scritte assieme alla cantautrice Amara.</p>
<p><strong><em>Franciscus. Il folle che parlava agli uccelli</em></strong>, che fa parte della 29ª Stagione di Prosa del Teatro Nuovo Giovanni da Udine firmata dal direttore artistico Roberto Valerio e realizzata anche con il sostegno di Fondazione Friuli, è in programma <strong>giovedì 29 gennaio</strong> con inizio alle ore 20.30 per la rassegna di Prosa “Tempi Unici”.</p>
<p>Franciscus il rivoluzionario, l’estremista, l’innamorato della vita. Franciscus il folle, che parlava agli uccelli e vedeva la sacralità e la bellezza in ogni persona e animale e poi anche nel sole, nella morte, nella terra su cui camminava insieme agli altri. In cosa risiede l’attualità, del suo messaggio? Cosa può dirci la filosofia del “ricchissimo” di Assisi, nella confusione della modernità affamata di senso, nelle promesse tradite del progresso?</p>
<p>Tra riflessioni, domande e canzoni inedite, Simone Cristicchi indaga e racconta il “Santo di tutti”: un uomo in crisi, consumato dai dubbi, un laico che imparava facendo, si perfezionava incontrando, e il cui esempio riuscì ad attrarre una comunità ma non senza destare sospetti di alcuni del popolo. Nello spettacolo, uno in particolare: Cencio, stracciaiolo girovago, inventore di una lingua solo sua, osservatore critico del viaggio di Francesco, interpretato dallo stesso Cristicchi.</p>
<p>Al centro di questo spettacolo, il labile confine tra follia e santità, tema cardine della vita personale e spirituale di Francesco. Ma anche la povertà, la ricerca della perfetta letizia, la spiritualità universale, l’utopia necessaria di una nuova umanità che riesca a vivere in armonia con il creato. Temi che nel frastuono della società in cui viviamo diventano ancora più urgenti e vividi.</p>
