{"id":70996,"date":"2026-01-20T17:47:45","date_gmt":"2026-01-20T16:47:45","guid":{"rendered":"https:\/\/imagazine.it\/home_desk\/?post_type=mec-events&#038;p=70996"},"modified":"2026-01-20T17:47:45","modified_gmt":"2026-01-20T16:47:45","slug":"pierre-laurent-aimard-debutta-a-udine","status":"publish","type":"mec-events","link":"https:\/\/imagazine.it\/home_desk\/events\/pierre-laurent-aimard-debutta-a-udine\/","title":{"rendered":"Pierre-Laurent Aimard debutta a Udine"},"content":{"rendered":"<h6>Pierre-Laurent Aimard<\/h6>\n<p>&nbsp;<\/p>\n<p>Insigne pianista, francese di formazione ma dalla carriera internazionale, <strong>Pierre-Laurent Aimard<\/strong> \u00e8 atteso al <strong>Teatro Nuovo Giovanni da Udine<\/strong> <strong>gioved\u00ec 22 gennaio<\/strong> <strong>alle 20.30<\/strong> per un recital che lo vedr\u00e0 protagonista per la prima volta sul palcoscenico friulano in un concerto esclusivo per il Nord Italia.<\/p>\n<p>Il recital, in programma alle ore 20.30, fa parte della 29ma Stagione del Teatro Nuovo Giovanni da Udine realizzata anche con il sostegno di Fondazione Friuli e sar\u00e0 preceduto, alle ore 18.00, da una conferenza di approfondimento dal titolo \u201c<strong>Prendi Nota. Diario intimo: poetiche del frammento nella Mitteleuropa<\/strong>\u201d a cura di <strong>Luca Ciammarughi<\/strong>, pianista e scrittore (Ingresso gratuito).<\/p>\n<p>Acclamato dalla critica per le sue significanti letture del repertorio pianistico ma soprattutto per la dedizione alla musica del Novecento e a quella contemporanea, Aimard dar\u00e0 vita a un programma che includer\u00e0 brani di <strong>Bach<\/strong>, <strong>Schubert <\/strong>(del quale il pianista francese ha appena registrato i\u00a0<em>L\u00e4ndler<\/em>, premiati come Best Classical Album del 2024) e un omaggio a <strong>Gy\u00f6rgy Kurt\u00e1g<\/strong>, maestro che ha trasformato il \u201cframmento\u201d in un linguaggio universale e con cui Aimard ha lavorato a stretto contatto per molti anni. Il concerto sar\u00e0 anche l\u2019occasione per festeggiare il musicista ungherese in occasione dei 100 anni dalla sua nascita.<\/p>\n<p><strong>Pierre-Laurent Aimard<\/strong> \u00e8 acclamato come una delle massime autorit\u00e0 nella musica del nostro tempo. Il suo intenso calendario internazionale di concerti, trasmissioni radiofoniche e incisioni si affianca a un impegno costante nell\u2019insegnamento, nelle lezioni-concerto e nei workshop in tutto il mondo.<\/p>\n<p>Pierre-Laurent Aimard ha intrattenuto strette collaborazioni con molti dei pi\u00f9 importanti compositori contemporanei, tra cui Helmut Lachenmann, Elliott Carter, Harrison Birtwistle, Gy\u00f6rgy Kurt\u00e1g, Karlheinz Stockhausen, Marco Stroppa, Pierre Boulez e Olivier Messiaen.<\/p>\n<p>Nella stagione 2023\/24 ha celebrato la musica di Gy\u00f6rgy Ligeti con progetti in tutta Europa, Nord America, Giappone e Cina. Tra le pi\u00f9 recenti collaborazioni come solista si citano quelle con le orchestre Czech Philharmonic, Staatskapelle Dresden, Teatro alla Scala, Orchestre National de France, Danish National Symphony Orchestra e New York Philharmonic.<\/p>\n<p>La sua intensa attivit\u00e0 solistica lo ha portato, tra l\u2019altro, nelle sale pi\u00f9 prestigiose quali Southbank Centre di Londra, Elbphilharmonie di Amburgo, Musikverein di Vienna, Philharmonie Luxembourg, Concertgebouw, Th\u00e9\u00e2tre des Champs-\u00c9lys\u00e9es di Parigi oltre che a Philadelphia, Chicago e San Francisco.<\/p>\n","protected":false},"excerpt":{"rendered":"<p>Bach, Schubert e Kurt\u00e1g gli interpreti scelti dall&#8217;insigne musicista francese per il suo concerto in Friuli<\/p>\n","protected":false},"author":28,"featured_media":70997,"comment_status":"closed","ping_status":"closed","template":"","tags":[861,261,826,55,101],"mec_category":[99],"class_list":["post-70996","mec-events","type-mec-events","status-publish","has-post-thumbnail","hentry","tag-concerti","tag-eventi","tag-eventi-fvg","tag-musica","tag-udine","mec_category-music"],"_links":{"self":[{"href":"https:\/\/imagazine.it\/home_desk\/wp-json\/wp\/v2\/mec-events\/70996","targetHints":{"allow":["GET"]}}],"collection":[{"href":"https:\/\/imagazine.it\/home_desk\/wp-json\/wp\/v2\/mec-events"}],"about":[{"href":"https:\/\/imagazine.it\/home_desk\/wp-json\/wp\/v2\/types\/mec-events"}],"author":[{"embeddable":true,"href":"https:\/\/imagazine.it\/home_desk\/wp-json\/wp\/v2\/users\/28"}],"replies":[{"embeddable":true,"href":"https:\/\/imagazine.it\/home_desk\/wp-json\/wp\/v2\/comments?post=70996"}],"wp:featuredmedia":[{"embeddable":true,"href":"https:\/\/imagazine.it\/home_desk\/wp-json\/wp\/v2\/media\/70997"}],"wp:attachment":[{"href":"https:\/\/imagazine.it\/home_desk\/wp-json\/wp\/v2\/media?parent=70996"}],"wp:term":[{"taxonomy":"post_tag","embeddable":true,"href":"https:\/\/imagazine.it\/home_desk\/wp-json\/wp\/v2\/tags?post=70996"},{"taxonomy":"mec_category","embeddable":true,"href":"https:\/\/imagazine.it\/home_desk\/wp-json\/wp\/v2\/mec_category?post=70996"}],"curies":[{"name":"wp","href":"https:\/\/api.w.org\/{rel}","templated":true}]}}

<h6>Pierre-Laurent Aimard</h6>
<p>&nbsp;</p>
<p>Insigne pianista, francese di formazione ma dalla carriera internazionale, <strong>Pierre-Laurent Aimard</strong> è atteso al <strong>Teatro Nuovo Giovanni da Udine</strong> <strong>giovedì 22 gennaio</strong> <strong>alle 20.30</strong> per un recital che lo vedrà protagonista per la prima volta sul palcoscenico friulano in un concerto esclusivo per il Nord Italia.</p>
<p>Il recital, in programma alle ore 20.30, fa parte della 29ma Stagione del Teatro Nuovo Giovanni da Udine realizzata anche con il sostegno di Fondazione Friuli e sarà preceduto, alle ore 18.00, da una conferenza di approfondimento dal titolo “<strong>Prendi Nota. Diario intimo: poetiche del frammento nella Mitteleuropa</strong>” a cura di <strong>Luca Ciammarughi</strong>, pianista e scrittore (Ingresso gratuito).</p>
<p>Acclamato dalla critica per le sue significanti letture del repertorio pianistico ma soprattutto per la dedizione alla musica del Novecento e a quella contemporanea, Aimard darà vita a un programma che includerà brani di <strong>Bach</strong>, <strong>Schubert </strong>(del quale il pianista francese ha appena registrato i <em>Ländler</em>, premiati come Best Classical Album del 2024) e un omaggio a <strong>György Kurtág</strong>, maestro che ha trasformato il “frammento” in un linguaggio universale e con cui Aimard ha lavorato a stretto contatto per molti anni. Il concerto sarà anche l’occasione per festeggiare il musicista ungherese in occasione dei 100 anni dalla sua nascita.</p>
<p><strong>Pierre-Laurent Aimard</strong> è acclamato come una delle massime autorità nella musica del nostro tempo. Il suo intenso calendario internazionale di concerti, trasmissioni radiofoniche e incisioni si affianca a un impegno costante nell’insegnamento, nelle lezioni-concerto e nei workshop in tutto il mondo.</p>
<p>Pierre-Laurent Aimard ha intrattenuto strette collaborazioni con molti dei più importanti compositori contemporanei, tra cui Helmut Lachenmann, Elliott Carter, Harrison Birtwistle, György Kurtág, Karlheinz Stockhausen, Marco Stroppa, Pierre Boulez e Olivier Messiaen.</p>
<p>Nella stagione 2023/24 ha celebrato la musica di György Ligeti con progetti in tutta Europa, Nord America, Giappone e Cina. Tra le più recenti collaborazioni come solista si citano quelle con le orchestre Czech Philharmonic, Staatskapelle Dresden, Teatro alla Scala, Orchestre National de France, Danish National Symphony Orchestra e New York Philharmonic.</p>
<p>La sua intensa attività solistica lo ha portato, tra l’altro, nelle sale più prestigiose quali Southbank Centre di Londra, Elbphilharmonie di Amburgo, Musikverein di Vienna, Philharmonie Luxembourg, Concertgebouw, Théâtre des Champs-Élysées di Parigi oltre che a Philadelphia, Chicago e San Francisco.</p>

<p>Bach, Schubert e Kurtág gli interpreti scelti dall&#8217;insigne musicista francese per il suo concerto in Friuli</p>
