{"id":70860,"date":"2026-01-13T16:07:02","date_gmt":"2026-01-13T15:07:02","guid":{"rendered":"https:\/\/imagazine.it\/home_desk\/?post_type=mec-events&#038;p=70860"},"modified":"2026-01-13T16:07:02","modified_gmt":"2026-01-13T15:07:02","slug":"gad-lerner-e-la-guerra-civile-tra-gli-ebrei","status":"publish","type":"mec-events","link":"https:\/\/imagazine.it\/home_desk\/events\/gad-lerner-e-la-guerra-civile-tra-gli-ebrei\/","title":{"rendered":"Gad Lerner e la guerra civile tra gli ebrei"},"content":{"rendered":"<h6>Gad Lerner<\/h6>\n<p>&nbsp;<\/p>\n<p>Arriva a <strong>Udine<\/strong> una delle voci pi\u00f9 autorevoli del giornalismo italiano,<strong> Gad Lerner<\/strong>.<\/p>\n<p>Figura di riferimento nel panorama culturale nazionale, il giornalista, conduttore televisivo e saggista \u00e8 atteso al <strong>Teatro Nuovo Giovanni da Udine<\/strong> <strong>marted\u00ec 20 gennaio<\/strong> (ore 18) per un evento gratuito dal titolo <strong><em>Dialogo sull\u2019ebraismo al tempo della guerra<\/em><\/strong>.<\/p>\n<p>Nell\u2019incontro, in cui verr\u00e0 presentato il suo nuovo libro <strong><em>Ebrei in guerra<\/em><\/strong>. <strong><em>Dialogo tra un rabbino e un dissidente<\/em><\/strong> (Feltrinelli 2025), scritto insieme al Rabbino Capo di Roma Riccardo Di Segni, Lerner sar\u00e0 accompagnato dalla professoressa <strong>Milena Santerini<\/strong>, direttrice del Centro di Ricerca sulle Relazioni Interculturali e vicepresidente della Fondazione Memoriale della Shoah di Milano, una delle massime esperte italiane di educazione interculturale, contrasto all\u2019antisemitismo e memoria storica.<\/p>\n<p>Nato a Beirut e cresciuto in Italia, Gad Lerner ha attraversato mezzo secolo di storia del giornalismo italiano mantenendo una posizione sempre critica e attenta alle trasformazioni sociali. In televisione come sulla carta stampata, la sua voce ha raccontato conflitti, migrazioni, identit\u00e0 e scontri culturali, diventando un punto di riferimento per chi cerca nella narrazione dell\u2019attualit\u00e0 profondit\u00e0 e complessit\u00e0.<\/p>\n<p><em>Ebrei in guerra.<\/em> <em>Dialogo tra un rabbino e un dissidente<\/em> nasce dal dialogo intenso tra Lerner e Di Segni e affronta senza sconti le domande che il presente impone: perch\u00e9 la storia del popolo ebraico rimane centrale in un\u2019epoca segnata dal conflitto? Quali ferite, divisioni e riflessioni emergono oggi all\u2019interno dell\u2019ebraismo?<\/p>\n<p>Il libro si presenta come una conversazione franca e a tratti aspra, che attraversa il nuovo antisemitismo, il sionismo religioso, la memoria della Shoah, il rapporto tra diaspora e Stato d\u2019Israele e le tensioni che percorrono le comunit\u00e0 ebraiche contemporanee.<\/p>\n<p>\u00abSiamo sull\u2019orlo di una guerra civile e non si creda che una guerra civile sia impensabile fra gli ebrei\u00bb, recita una delle affermazioni pi\u00f9 potenti del volume, simbolo della sua urgenza.<\/p>\n<p>L\u2019incontro \u00e8 un\u2019iniziativa del <strong>Comune di Udine &#8211;<\/strong> <strong>Biblioteca Civica Vincenzo Joppi<\/strong> e della <strong>Fondazione Teatro Nuovo Giovanni da Udine<\/strong>.<\/p>\n<p><strong>Ingresso gratuito <\/strong>previo ritiro del tagliando segnaposto alla biglietteria del Teatro (via Trento, 4 -Udine) e online sulla piattaforma <span style=\"text-decoration: underline;\"><a href=\"http:\/\/Vivaticket.it\" target=\"_blank\" rel=\"noopener\">Vivaticket.it<\/a><\/span><\/p>\n","protected":false},"excerpt":{"rendered":"<p>Il giornalista a Udine per il &#8220;Dialogo sull\u2019ebraismo al tempo della guerra&#8221;. Un incontro su identit\u00e0, conflitto e memoria<\/p>\n","protected":false},"author":28,"featured_media":70861,"comment_status":"closed","ping_status":"closed","template":"","tags":[261,826,821,52,101],"mec_category":[59],"class_list":["post-70860","mec-events","type-mec-events","status-publish","has-post-thumbnail","hentry","tag-eventi","tag-eventi-fvg","tag-spettacoli","tag-teatro","tag-udine","mec_category-meeting"],"_links":{"self":[{"href":"https:\/\/imagazine.it\/home_desk\/wp-json\/wp\/v2\/mec-events\/70860","targetHints":{"allow":["GET"]}}],"collection":[{"href":"https:\/\/imagazine.it\/home_desk\/wp-json\/wp\/v2\/mec-events"}],"about":[{"href":"https:\/\/imagazine.it\/home_desk\/wp-json\/wp\/v2\/types\/mec-events"}],"author":[{"embeddable":true,"href":"https:\/\/imagazine.it\/home_desk\/wp-json\/wp\/v2\/users\/28"}],"replies":[{"embeddable":true,"href":"https:\/\/imagazine.it\/home_desk\/wp-json\/wp\/v2\/comments?post=70860"}],"wp:featuredmedia":[{"embeddable":true,"href":"https:\/\/imagazine.it\/home_desk\/wp-json\/wp\/v2\/media\/70861"}],"wp:attachment":[{"href":"https:\/\/imagazine.it\/home_desk\/wp-json\/wp\/v2\/media?parent=70860"}],"wp:term":[{"taxonomy":"post_tag","embeddable":true,"href":"https:\/\/imagazine.it\/home_desk\/wp-json\/wp\/v2\/tags?post=70860"},{"taxonomy":"mec_category","embeddable":true,"href":"https:\/\/imagazine.it\/home_desk\/wp-json\/wp\/v2\/mec_category?post=70860"}],"curies":[{"name":"wp","href":"https:\/\/api.w.org\/{rel}","templated":true}]}}

<h6>Gad Lerner</h6>
<p>&nbsp;</p>
<p>Arriva a <strong>Udine</strong> una delle voci più autorevoli del giornalismo italiano,<strong> Gad Lerner</strong>.</p>
<p>Figura di riferimento nel panorama culturale nazionale, il giornalista, conduttore televisivo e saggista è atteso al <strong>Teatro Nuovo Giovanni da Udine</strong> <strong>martedì 20 gennaio</strong> (ore 18) per un evento gratuito dal titolo <strong><em>Dialogo sull’ebraismo al tempo della guerra</em></strong>.</p>
<p>Nell’incontro, in cui verrà presentato il suo nuovo libro <strong><em>Ebrei in guerra</em></strong>. <strong><em>Dialogo tra un rabbino e un dissidente</em></strong> (Feltrinelli 2025), scritto insieme al Rabbino Capo di Roma Riccardo Di Segni, Lerner sarà accompagnato dalla professoressa <strong>Milena Santerini</strong>, direttrice del Centro di Ricerca sulle Relazioni Interculturali e vicepresidente della Fondazione Memoriale della Shoah di Milano, una delle massime esperte italiane di educazione interculturale, contrasto all’antisemitismo e memoria storica.</p>
<p>Nato a Beirut e cresciuto in Italia, Gad Lerner ha attraversato mezzo secolo di storia del giornalismo italiano mantenendo una posizione sempre critica e attenta alle trasformazioni sociali. In televisione come sulla carta stampata, la sua voce ha raccontato conflitti, migrazioni, identità e scontri culturali, diventando un punto di riferimento per chi cerca nella narrazione dell’attualità profondità e complessità.</p>
<p><em>Ebrei in guerra.</em> <em>Dialogo tra un rabbino e un dissidente</em> nasce dal dialogo intenso tra Lerner e Di Segni e affronta senza sconti le domande che il presente impone: perché la storia del popolo ebraico rimane centrale in un’epoca segnata dal conflitto? Quali ferite, divisioni e riflessioni emergono oggi all’interno dell’ebraismo?</p>
<p>Il libro si presenta come una conversazione franca e a tratti aspra, che attraversa il nuovo antisemitismo, il sionismo religioso, la memoria della Shoah, il rapporto tra diaspora e Stato d’Israele e le tensioni che percorrono le comunità ebraiche contemporanee.</p>
<p>«Siamo sull’orlo di una guerra civile e non si creda che una guerra civile sia impensabile fra gli ebrei», recita una delle affermazioni più potenti del volume, simbolo della sua urgenza.</p>
<p>L’incontro è un’iniziativa del <strong>Comune di Udine &#8211;</strong> <strong>Biblioteca Civica Vincenzo Joppi</strong> e della <strong>Fondazione Teatro Nuovo Giovanni da Udine</strong>.</p>
<p><strong>Ingresso gratuito </strong>previo ritiro del tagliando segnaposto alla biglietteria del Teatro (via Trento, 4 -Udine) e online sulla piattaforma <span style="text-decoration: underline;"><a href="http://Vivaticket.it" target="_blank" rel="noopener">Vivaticket.it</a></span></p>

<p>Il giornalista a Udine per il &#8220;Dialogo sull’ebraismo al tempo della guerra&#8221;. Un incontro su identità, conflitto e memoria</p>
