{"id":70794,"date":"2026-01-09T18:01:51","date_gmt":"2026-01-09T17:01:51","guid":{"rendered":"https:\/\/imagazine.it\/home_desk\/?post_type=mec-events&#038;p=70794"},"modified":"2026-01-09T18:01:51","modified_gmt":"2026-01-09T17:01:51","slug":"la-mostra-del-disco-piu-grande-ditalia","status":"publish","type":"mec-events","link":"https:\/\/imagazine.it\/home_desk\/events\/la-mostra-del-disco-piu-grande-ditalia\/","title":{"rendered":"La mostra del disco pi\u00f9 grande d&#8217;Italia"},"content":{"rendered":"<p>La Mostra del Disco si prepara ad accogliere migliaia di visitatori, che nel <strong>weekend del 17-18 gennaio<\/strong> potranno immergersi nella grandissima variet\u00e0 di LP, 45 giri, CD e musicassette, oltre a memorabilia e merchandising di ogni tipo.<\/p>\n<p>Gli espositori offriranno un\u2019ampia selezione curata di vinili di ogni genere musicale, pensata per soddisfare collezionisti, appassionati e curiosi, dai grandi classici alle rarit\u00e0 pi\u00f9 ricercate. Un\u2019occasione unica per completare la propria collezione, scoprire nuovi generi, scene e movimenti culturali e confrontarsi con i veri esperti del settore.<\/p>\n<p>Il ritorno del vinile non conosce limiti: negli Stati Uniti nel 2024 \u00e8 stato registrato un record con la vendita di oltre 1,4 miliardi di dollari in vinili, a dimostrazione di come anche la Generazione Z abbia riscoperto il valore della musica fisica e il suo ponte generazionale.<\/p>\n<p>Il vinile offre un\u2019esperienza che va oltre l\u2019ascolto: un suono pi\u00f9 caldo e analogico rispetto al digitale, l\u2019emozione della puntina sul giradischi, lontano da pubblicit\u00e0 e abbonamenti. Le copertine e i dischi stessi sono vere opere d\u2019arte, spesso colorate o stampate, diventando anche elementi decorativi. Oggi il vinile rappresenta inoltre uno dei modi pi\u00f9 diretti per sostenere gli artisti, soprattutto quelli indipendenti, offrendo una pausa dagli schermi e un\u2019esperienza sensoriale autentica nell\u2019era dell\u2019intelligenza artificiale.<\/p>\n<p>Grazie alla crescita esponenziale dell\u2019affluenza degli ultimi anni, avendo superato i 4000 partecipanti e 150 espositori da tutta Europa, la Mostra Mercato del Disco di Pordenone \u00e8 l\u2019unica ad essere inserita nel Calendario Nazionale delle Fiere. Una certificazione tanto prestigiosa quanto inaspettata per una manifestazione fondata come hobby da due studenti universitari nel 1991.<\/p>\n<h3><strong>Il concerto del Banco del Mutuo Soccorso al Capitol<\/strong><\/h3>\n<p>Per celebrare lo speciale traguardo e il 36\u00b0 anno della Fiera, sabato 17 gennaio al Capitol di Pordenone avr\u00e0 luogo un imperdibile concerto, con la storica band\u00a0<strong>BANCO DEL MUTUO SOCCORSO.\u00a0<\/strong><\/p>\n<p>Il gruppo far\u00e0 tappa in occasione del tour con\u00a0<em>Storie Invisibili<\/em>, inserito nel sesto anno della rassegna\u00a0<em>Estensioni \u2013 Jazz Club Diffuso<\/em>: uno spettacolo intimo e immersivo che accompagna l\u2019omonimo album, capitolo conclusivo di una trilogia dedicata all\u2019umanit\u00e0 quotidiana, alle storie delle persone comuni e alla forza silenziosa che attraversa le nostre vite.<\/p>\n<p>Inizio show ore 21.15, prevendite disponibili su DICE.fm.<\/p>\n<h3 class=\"m_4226561350963628783mcePastedContent\"><strong>MEET&amp;SIGN&amp;GREET: il firmacopie con gli artisti<\/strong><\/h3>\n<p>All\u2019interno del padiglione, nel foyer dedicato agli incontri, ci saranno anche dei momenti speciali per incontrare alcuni artisti.<\/p>\n<p class=\"m_4226561350963628783mcePastedContent\"><strong>Sabato 17 gennaio:<\/strong><br \/>\nore 17:00 &#8211; Banco del Mutuo Soccorso<\/p>\n<p class=\"m_4226561350963628783mcePastedContent\"><strong>Domenica 18 gennaio:<\/strong><br \/>\nore 11:00 &#8211; Steno dei Nabat<br \/>\nore 12:00 &#8211; Jimi Barbiani<br \/>\nore 14:30 &#8211; Le Orme (in occasione del loro concerto del 20 febbraio a Pordenone)<\/p>\n<h3><strong>I TALK DELLA MOSTRA DEL DISCO<\/strong><\/h3>\n<p>Per il secondo anno consecutivo la Mostra del Disco di Pordenone amplia il proprio programma culturale affiancando alla fiera il format TALK, con un focus sulla musica come linguaggio culturale e visivo.\u00a0<strong>\u201cLe linee del rumore: la resistenza indipendente tra suono e segno\u201d<\/strong>\u00a0\u00e8 il talk che rilegge il punk come attitudine contemporanea fondata su autonomia, libert\u00e0 produttiva e identit\u00e0 visiva, in dialogo con la mostra\u00a0<em>Punks for Art, Art for All<\/em>.<\/p>\n<p>Tra i protagonisti\u00a0<strong>TINALS \u2013 This Is Not A Love Song<\/strong>, progetto editoriale autoprodotto che intreccia musica, illustrazione e fumetto, presente anche con un corner dedicato, insieme a illustratori ed etichette indipendenti per un confronto aperto e partecipativo rivolto a pubblico, studenti e operatori culturali; il programma si completa con un contest di illustrazione dedicato alle copertine punk pi\u00f9 iconiche, volto a valorizzare nuove voci creative, con la stampa dell\u2019opera vincitrice in un\u2019edizione limitata di 100 vinili e una mostra collettiva dei lavori selezionati.<\/p>\n<h3><strong>LA MOSTRA: PUNKS FOR ART, ART FOR ALL \u00a01977-1980<\/strong><\/h3>\n<p>L\u2019esposizione\u00a0<strong>PUNKS FOR ART, ART FOR ALL<\/strong>\u00a0presenta al pubblico oltre sessanta tra manifesti discografici e di concerti, copertine di dischi, handbills e flyer del periodo 1977\u20131980, offrendo una panoramica parziale ma rappresentativa dell\u2019innovazione grafica dell\u2019era punk, a cinquant\u2019anni dalla sua nascita e per la prima volta in Italia.<\/p>\n<p>In mostra materiali rari legati a Clash, Sex Pistols, Public Image Ltd, Damned, Ultravox, Jam, XTC e altri, con una sezione introduttiva dedicata ai \u201cpadri del punk\u201d come Velvet Underground, Lou Reed e Stooges, oltre al fenomeno del pub rock; la selezione privilegia il valore estetico e la sperimentazione visiva pi\u00f9 che la sola rilevanza storica, mettendo in luce opere oggi di estrema rarit\u00e0, spesso sopravvissute in pochissimi esemplari, provenienti in gran parte dalla collezione personale di L. Sartor, in arte Taylor.<\/p>\n<p>L\u2019evento \u00e8 organizzato con il supporto di regione FVG, il Comune di Pordenone e Pordenone Fiere.<\/p>\n","protected":false},"excerpt":{"rendered":"<p>Torna a Pordenone il principale evento italiano dedicato al Vinile che riunisce migliaia di appassionati<\/p>\n","protected":false},"author":28,"featured_media":70795,"comment_status":"closed","ping_status":"closed","template":"","tags":[261,826,501,251,55,275],"mec_category":[131],"class_list":["post-70794","mec-events","type-mec-events","status-publish","has-post-thumbnail","hentry","tag-eventi","tag-eventi-fvg","tag-fiera","tag-mostra","tag-musica","tag-pordenone","mec_category-discovery"],"_links":{"self":[{"href":"https:\/\/imagazine.it\/home_desk\/wp-json\/wp\/v2\/mec-events\/70794","targetHints":{"allow":["GET"]}}],"collection":[{"href":"https:\/\/imagazine.it\/home_desk\/wp-json\/wp\/v2\/mec-events"}],"about":[{"href":"https:\/\/imagazine.it\/home_desk\/wp-json\/wp\/v2\/types\/mec-events"}],"author":[{"embeddable":true,"href":"https:\/\/imagazine.it\/home_desk\/wp-json\/wp\/v2\/users\/28"}],"replies":[{"embeddable":true,"href":"https:\/\/imagazine.it\/home_desk\/wp-json\/wp\/v2\/comments?post=70794"}],"wp:featuredmedia":[{"embeddable":true,"href":"https:\/\/imagazine.it\/home_desk\/wp-json\/wp\/v2\/media\/70795"}],"wp:attachment":[{"href":"https:\/\/imagazine.it\/home_desk\/wp-json\/wp\/v2\/media?parent=70794"}],"wp:term":[{"taxonomy":"post_tag","embeddable":true,"href":"https:\/\/imagazine.it\/home_desk\/wp-json\/wp\/v2\/tags?post=70794"},{"taxonomy":"mec_category","embeddable":true,"href":"https:\/\/imagazine.it\/home_desk\/wp-json\/wp\/v2\/mec_category?post=70794"}],"curies":[{"name":"wp","href":"https:\/\/api.w.org\/{rel}","templated":true}]}}

La mostra del disco più grande d&#8217;Italia

<p>La Mostra del Disco si prepara ad accogliere migliaia di visitatori, che nel <strong>weekend del 17-18 gennaio</strong> potranno immergersi nella grandissima varietà di LP, 45 giri, CD e musicassette, oltre a memorabilia e merchandising di ogni tipo.</p>
<p>Gli espositori offriranno un’ampia selezione curata di vinili di ogni genere musicale, pensata per soddisfare collezionisti, appassionati e curiosi, dai grandi classici alle rarità più ricercate. Un’occasione unica per completare la propria collezione, scoprire nuovi generi, scene e movimenti culturali e confrontarsi con i veri esperti del settore.</p>
<p>Il ritorno del vinile non conosce limiti: negli Stati Uniti nel 2024 è stato registrato un record con la vendita di oltre 1,4 miliardi di dollari in vinili, a dimostrazione di come anche la Generazione Z abbia riscoperto il valore della musica fisica e il suo ponte generazionale.</p>
<p>Il vinile offre un’esperienza che va oltre l’ascolto: un suono più caldo e analogico rispetto al digitale, l’emozione della puntina sul giradischi, lontano da pubblicità e abbonamenti. Le copertine e i dischi stessi sono vere opere d’arte, spesso colorate o stampate, diventando anche elementi decorativi. Oggi il vinile rappresenta inoltre uno dei modi più diretti per sostenere gli artisti, soprattutto quelli indipendenti, offrendo una pausa dagli schermi e un’esperienza sensoriale autentica nell’era dell’intelligenza artificiale.</p>
<p>Grazie alla crescita esponenziale dell’affluenza degli ultimi anni, avendo superato i 4000 partecipanti e 150 espositori da tutta Europa, la Mostra Mercato del Disco di Pordenone è l’unica ad essere inserita nel Calendario Nazionale delle Fiere. Una certificazione tanto prestigiosa quanto inaspettata per una manifestazione fondata come hobby da due studenti universitari nel 1991.</p>
<h3><strong>Il concerto del Banco del Mutuo Soccorso al Capitol</strong></h3>
<p>Per celebrare lo speciale traguardo e il 36° anno della Fiera, sabato 17 gennaio al Capitol di Pordenone avrà luogo un imperdibile concerto, con la storica band <strong>BANCO DEL MUTUO SOCCORSO. </strong></p>
<p>Il gruppo farà tappa in occasione del tour con <em>Storie Invisibili</em>, inserito nel sesto anno della rassegna <em>Estensioni – Jazz Club Diffuso</em>: uno spettacolo intimo e immersivo che accompagna l’omonimo album, capitolo conclusivo di una trilogia dedicata all’umanità quotidiana, alle storie delle persone comuni e alla forza silenziosa che attraversa le nostre vite.</p>
<p>Inizio show ore 21.15, prevendite disponibili su DICE.fm.</p>
<h3 class="m_4226561350963628783mcePastedContent"><strong>MEET&amp;SIGN&amp;GREET: il firmacopie con gli artisti</strong></h3>
<p>All’interno del padiglione, nel foyer dedicato agli incontri, ci saranno anche dei momenti speciali per incontrare alcuni artisti.</p>
<p class="m_4226561350963628783mcePastedContent"><strong>Sabato 17 gennaio:</strong><br />
ore 17:00 &#8211; Banco del Mutuo Soccorso</p>
<p class="m_4226561350963628783mcePastedContent"><strong>Domenica 18 gennaio:</strong><br />
ore 11:00 &#8211; Steno dei Nabat<br />
ore 12:00 &#8211; Jimi Barbiani<br />
ore 14:30 &#8211; Le Orme (in occasione del loro concerto del 20 febbraio a Pordenone)</p>
<h3><strong>I TALK DELLA MOSTRA DEL DISCO</strong></h3>
<p>Per il secondo anno consecutivo la Mostra del Disco di Pordenone amplia il proprio programma culturale affiancando alla fiera il format TALK, con un focus sulla musica come linguaggio culturale e visivo. <strong>“Le linee del rumore: la resistenza indipendente tra suono e segno”</strong> è il talk che rilegge il punk come attitudine contemporanea fondata su autonomia, libertà produttiva e identità visiva, in dialogo con la mostra <em>Punks for Art, Art for All</em>.</p>
<p>Tra i protagonisti <strong>TINALS – This Is Not A Love Song</strong>, progetto editoriale autoprodotto che intreccia musica, illustrazione e fumetto, presente anche con un corner dedicato, insieme a illustratori ed etichette indipendenti per un confronto aperto e partecipativo rivolto a pubblico, studenti e operatori culturali; il programma si completa con un contest di illustrazione dedicato alle copertine punk più iconiche, volto a valorizzare nuove voci creative, con la stampa dell’opera vincitrice in un’edizione limitata di 100 vinili e una mostra collettiva dei lavori selezionati.</p>
<h3><strong>LA MOSTRA: PUNKS FOR ART, ART FOR ALL  1977-1980</strong></h3>
<p>L’esposizione <strong>PUNKS FOR ART, ART FOR ALL</strong> presenta al pubblico oltre sessanta tra manifesti discografici e di concerti, copertine di dischi, handbills e flyer del periodo 1977–1980, offrendo una panoramica parziale ma rappresentativa dell’innovazione grafica dell’era punk, a cinquant’anni dalla sua nascita e per la prima volta in Italia.</p>
<p>In mostra materiali rari legati a Clash, Sex Pistols, Public Image Ltd, Damned, Ultravox, Jam, XTC e altri, con una sezione introduttiva dedicata ai “padri del punk” come Velvet Underground, Lou Reed e Stooges, oltre al fenomeno del pub rock; la selezione privilegia il valore estetico e la sperimentazione visiva più che la sola rilevanza storica, mettendo in luce opere oggi di estrema rarità, spesso sopravvissute in pochissimi esemplari, provenienti in gran parte dalla collezione personale di L. Sartor, in arte Taylor.</p>
<p>L’evento è organizzato con il supporto di regione FVG, il Comune di Pordenone e Pordenone Fiere.</p>
