{"id":70321,"date":"2025-12-16T17:12:11","date_gmt":"2025-12-16T16:12:11","guid":{"rendered":"https:\/\/imagazine.it\/home_desk\/?post_type=mec-events&#038;p=70321"},"modified":"2025-12-16T17:12:11","modified_gmt":"2025-12-16T16:12:11","slug":"arte-ed-editoria-si-intrecciano-a-palmanova","status":"publish","type":"mec-events","link":"https:\/\/imagazine.it\/home_desk\/events\/arte-ed-editoria-si-intrecciano-a-palmanova\/","title":{"rendered":"Arte ed editoria si intrecciano a Palmanova"},"content":{"rendered":"<p><span style=\"font-size: 10pt;\"><em>Opera di Antonio Sofianopulo<\/em><\/span><\/p>\n<p style=\"font-weight: 400;\">Il termine inglese <em>possessions<\/em> pu\u00f2 essere tradotto come \u2018beni\u2019 o \u2018propriet\u00e0\u2019, ma porta con s\u00e9 una sfumatura aggiuntiva rispetto all\u2019italiano ovvero l\u2019idea di un valore distintivo, legato tanto all\u2019oggetto quanto al suo possessore. Non tutti i beni, dunque, possono essere definiti possessions: una collezione d\u2019arte s\u00ec, una fabbrica o un pacchetto azionario no.<\/p>\n<p style=\"font-weight: 400;\">\u00c8 questa la chiave di lettura della\u00a0<strong>mostra \u201cJuliet art magazine &#8211; Since 1980<\/strong>\u201d, che porta al pubblico \u2013 per la prima volta in forma organica \u2013 la collezione proveniente dall\u2019archivio della\u00a0<strong>storica rivista d\u2019arte Juliet, fondata a Trieste nel 1980<\/strong>\u00a0da Davio Fabris, Giuliana Ferrara, Rolan Marino, Antonio Sofianopulo, Roberto Vidali e Oreste Zevola.<\/p>\n<p style=\"font-weight: 400;\">Ospitata negli storici\u00a0<strong>spazi della Polveriera Napoleonica Foscarini<\/strong>, grazie alla collaborazione del Comune di Palmanova, l\u2019esposizione \u2013 aperta dal 20\/12\/2025 al 18\/01\/2026 (<strong>venerd\u00ec, sabato e domenica 10.30-12.30 \/ 15.00-18.00 \/ ingresso libero<\/strong>) \u2013 offre un percorso coinvolgente attraverso\u00a0<strong>stili, tecniche e linguaggi<\/strong>\u00a0che hanno segnato oltre quattro decenni di ricerca artistica.<\/p>\n<p style=\"font-weight: 400;\">Cuore pulsante del progetto espositivo sono le\u00a0<strong>225 iconiche cover<\/strong>\u00a0che, nell\u2019arco di quarantacinque anni, hanno raccontato\u00a0<strong>l\u2019evoluzione dell\u2019arte contemporanea e testimoniato<\/strong>\u00a0la visione, la coerenza critica e l\u2019energia editoriale di una redazione che oggi conta una cinquantina di collaboratori sparsi in tutto il mondo.<\/p>\n<p style=\"font-weight: 400;\">Un\u2019occasione imperdibile per immergersi nell\u2019energia e nella visione di\u00a0<strong>una rivista d\u2019arte e tendenze riconosciuta a livello internazionale.\u00a0<\/strong>La mostra collettiva riunisce i lavori degli artisti: Elisabetta Bacci, Massimo Barzagli, Aldo Damioli, Enrico T. De Paris, Andrea Di Marco, Bonomo Faita, Carlo Fontana, Annamaria Iodice, Ernesto Jannini, Mark Kostabi, \u017divko Maru\u0161i\u010d, Silvio Merlino, Giovanni Pulze, Max Rohr, Antonio Serrapica, Antonio Sofianopulo, Andrea Toniolo, Franco Ule, Oreste Zevola.<\/p>\n<p style=\"font-weight: 400;\">\u00abL\u2019integrazione tra linguaggi contemporanei e patrimonio storico, coltivata negli ultimi anni, ha contribuito a consolidare l\u2019identit\u00e0 culturale della citt\u00e0. L\u2019esposizione dedicata alla storia della rivista Juliet offre una importante occasione per approfondire un progetto che, dagli anni \u201980, <strong>documenta l\u2019evoluzione della sua attivit\u00e0 nell\u2019ambito dell\u2019arte<\/strong>\u00bb, afferma il sindaco di Palmanova, <strong>Giuseppe Tellini<\/strong>.<\/p>\n<p style=\"font-weight: 400;\">\u00abPalmanova si conferma un <strong>punto di riferimento per i linguaggi visivi contemporanei,<\/strong> ospitando rassegne di qualit\u00e0 aperte sia ad artisti affermati che a giovani talenti. La mostra dell\u2019Associazione.\u00a0 Juliet ripercorre 45 anni di attivit\u00e0 culturale ed editoriale, offrendo ai visitatori l&#8217;opportunit\u00e0 di cogliere il dialogo tra le opere esposte e la storia della rivista\u00bb, aggiunge l\u2019assessore alla Cultura <strong>Silvia Savi<\/strong>.<\/p>\n<p style=\"font-weight: 400;\">Il pubblico potr\u00e0 visionare opere firmate da artisti di comprovata autorevolezza internazionale, accompagnate da schede e approfondimenti che ripropongono estratti delle recensioni pubblicate nel corso degli anni sulle pagine di Juliet, restituendo la vitalit\u00e0 di questa esperienza editoriale e il suo peculiare\u00a0<strong>intreccio tra arte, editoria, sperimentazione e cultura visiva.<\/strong><\/p>\n<p style=\"font-weight: 400;\">La mostra nasce con un obiettivo chiaro: aprire parte dell\u2019archivio al pubblico, valorizzando un patrimonio culturale unico e rendendo accessibile, anche ai non addetti ai lavori, l\u2019universo visivo e critico costruito in oltre quarant\u2019anni di attivit\u00e0 dall\u2019unico periodico bimestrale che porta il nome di una donna ovvero della musa di Man Ray, senza dubbio uno dei grandi protagonisti dell\u2019arte del XX secolo.<\/p>\n","protected":false},"excerpt":{"rendered":"<p>Nella mostra \u201cJULIET art magazine &#8211; Since 1980\u201d 225 iconiche cover che raccontato l\u2019evoluzione dell\u2019arte contemporanea<\/p>\n","protected":false},"author":28,"featured_media":70322,"comment_status":"closed","ping_status":"closed","template":"","tags":[165,261,826,60,154],"mec_category":[59],"class_list":["post-70321","mec-events","type-mec-events","status-publish","has-post-thumbnail","hentry","tag-arte","tag-eventi","tag-eventi-fvg","tag-mostre","tag-palmanova","mec_category-meeting"],"_links":{"self":[{"href":"https:\/\/imagazine.it\/home_desk\/wp-json\/wp\/v2\/mec-events\/70321","targetHints":{"allow":["GET"]}}],"collection":[{"href":"https:\/\/imagazine.it\/home_desk\/wp-json\/wp\/v2\/mec-events"}],"about":[{"href":"https:\/\/imagazine.it\/home_desk\/wp-json\/wp\/v2\/types\/mec-events"}],"author":[{"embeddable":true,"href":"https:\/\/imagazine.it\/home_desk\/wp-json\/wp\/v2\/users\/28"}],"replies":[{"embeddable":true,"href":"https:\/\/imagazine.it\/home_desk\/wp-json\/wp\/v2\/comments?post=70321"}],"wp:featuredmedia":[{"embeddable":true,"href":"https:\/\/imagazine.it\/home_desk\/wp-json\/wp\/v2\/media\/70322"}],"wp:attachment":[{"href":"https:\/\/imagazine.it\/home_desk\/wp-json\/wp\/v2\/media?parent=70321"}],"wp:term":[{"taxonomy":"post_tag","embeddable":true,"href":"https:\/\/imagazine.it\/home_desk\/wp-json\/wp\/v2\/tags?post=70321"},{"taxonomy":"mec_category","embeddable":true,"href":"https:\/\/imagazine.it\/home_desk\/wp-json\/wp\/v2\/mec_category?post=70321"}],"curies":[{"name":"wp","href":"https:\/\/api.w.org\/{rel}","templated":true}]}}

<p><span style="font-size: 10pt;"><em>Opera di Antonio Sofianopulo</em></span></p>
<p style="font-weight: 400;">Il termine inglese <em>possessions</em> può essere tradotto come ‘beni’ o ‘proprietà’, ma porta con sé una sfumatura aggiuntiva rispetto all’italiano ovvero l’idea di un valore distintivo, legato tanto all’oggetto quanto al suo possessore. Non tutti i beni, dunque, possono essere definiti possessions: una collezione d’arte sì, una fabbrica o un pacchetto azionario no.</p>
<p style="font-weight: 400;">È questa la chiave di lettura della <strong>mostra “Juliet art magazine &#8211; Since 1980</strong>”, che porta al pubblico – per la prima volta in forma organica – la collezione proveniente dall’archivio della <strong>storica rivista d’arte Juliet, fondata a Trieste nel 1980</strong> da Davio Fabris, Giuliana Ferrara, Rolan Marino, Antonio Sofianopulo, Roberto Vidali e Oreste Zevola.</p>
<p style="font-weight: 400;">Ospitata negli storici <strong>spazi della Polveriera Napoleonica Foscarini</strong>, grazie alla collaborazione del Comune di Palmanova, l’esposizione – aperta dal 20/12/2025 al 18/01/2026 (<strong>venerdì, sabato e domenica 10.30-12.30 / 15.00-18.00 / ingresso libero</strong>) – offre un percorso coinvolgente attraverso <strong>stili, tecniche e linguaggi</strong> che hanno segnato oltre quattro decenni di ricerca artistica.</p>
<p style="font-weight: 400;">Cuore pulsante del progetto espositivo sono le <strong>225 iconiche cover</strong> che, nell’arco di quarantacinque anni, hanno raccontato <strong>l’evoluzione dell’arte contemporanea e testimoniato</strong> la visione, la coerenza critica e l’energia editoriale di una redazione che oggi conta una cinquantina di collaboratori sparsi in tutto il mondo.</p>
<p style="font-weight: 400;">Un’occasione imperdibile per immergersi nell’energia e nella visione di <strong>una rivista d’arte e tendenze riconosciuta a livello internazionale. </strong>La mostra collettiva riunisce i lavori degli artisti: Elisabetta Bacci, Massimo Barzagli, Aldo Damioli, Enrico T. De Paris, Andrea Di Marco, Bonomo Faita, Carlo Fontana, Annamaria Iodice, Ernesto Jannini, Mark Kostabi, Živko Marušič, Silvio Merlino, Giovanni Pulze, Max Rohr, Antonio Serrapica, Antonio Sofianopulo, Andrea Toniolo, Franco Ule, Oreste Zevola.</p>
<p style="font-weight: 400;">«L’integrazione tra linguaggi contemporanei e patrimonio storico, coltivata negli ultimi anni, ha contribuito a consolidare l’identità culturale della città. L’esposizione dedicata alla storia della rivista Juliet offre una importante occasione per approfondire un progetto che, dagli anni ’80, <strong>documenta l’evoluzione della sua attività nell’ambito dell’arte</strong>», afferma il sindaco di Palmanova, <strong>Giuseppe Tellini</strong>.</p>
<p style="font-weight: 400;">«Palmanova si conferma un <strong>punto di riferimento per i linguaggi visivi contemporanei,</strong> ospitando rassegne di qualità aperte sia ad artisti affermati che a giovani talenti. La mostra dell’Associazione.  Juliet ripercorre 45 anni di attività culturale ed editoriale, offrendo ai visitatori l&#8217;opportunità di cogliere il dialogo tra le opere esposte e la storia della rivista», aggiunge l’assessore alla Cultura <strong>Silvia Savi</strong>.</p>
<p style="font-weight: 400;">Il pubblico potrà visionare opere firmate da artisti di comprovata autorevolezza internazionale, accompagnate da schede e approfondimenti che ripropongono estratti delle recensioni pubblicate nel corso degli anni sulle pagine di Juliet, restituendo la vitalità di questa esperienza editoriale e il suo peculiare <strong>intreccio tra arte, editoria, sperimentazione e cultura visiva.</strong></p>
<p style="font-weight: 400;">La mostra nasce con un obiettivo chiaro: aprire parte dell’archivio al pubblico, valorizzando un patrimonio culturale unico e rendendo accessibile, anche ai non addetti ai lavori, l’universo visivo e critico costruito in oltre quarant’anni di attività dall’unico periodico bimestrale che porta il nome di una donna ovvero della musa di Man Ray, senza dubbio uno dei grandi protagonisti dell’arte del XX secolo.</p>
