{"id":70262,"date":"2025-12-15T12:25:03","date_gmt":"2025-12-15T11:25:03","guid":{"rendered":"https:\/\/imagazine.it\/home_desk\/?post_type=mec-events&#038;p=70262"},"modified":"2025-12-15T12:25:03","modified_gmt":"2025-12-15T11:25:03","slug":"arte-e-storia-dal-confine","status":"publish","type":"mec-events","link":"https:\/\/imagazine.it\/home_desk\/events\/arte-e-storia-dal-confine\/","title":{"rendered":"Arte e storia dal confine"},"content":{"rendered":"<p><span style=\"font-size: 10pt;\"><em>Jatun Risba<\/em><\/span><\/p>\n<p><strong>Mercoled\u00ec 17 dicembre 2025 alle ore 16<\/strong> inaugura a Gorizia, a <strong>Palazzo Paternolli <\/strong>(Piazza della Vittoria 46), la mostra <strong><em>Peripheral Visions \u2013 Art and History from the Border<\/em><\/strong>, esito finale dell\u2019omonimo progetto transfrontaliero sviluppato nell\u2019ambito di <strong><em>GO! 2025<\/em> Capitale Europea della Cultura<\/strong>.<\/p>\n<p>Il progetto ha coinvolto negli ultimi due anni artiste, artisti, curatori e comunit\u00e0 delle due sponde del confine italo-sloveno nell\u2019indagine delle periferie \u2013 non solo geografiche, ma anche sociali, ecologiche e simboliche \u2013 come spazi complessi, permeabili e generativi in cui si ridefiniscono identit\u00e0, memorie e forme di coesistenza.<\/p>\n<p>Dieci voci internazionali \u2013 <strong>Manca Bajec<\/strong>,<strong> Claudio Beorchia<\/strong>,<strong> Joseph Cochran<\/strong>,<strong> Hugo Kabeya, Andreja Karga\u010din<\/strong>,<strong> Alice Mestriner &amp; Ahad Moslemi<\/strong>,<strong> Jatun Risba<\/strong>,<strong> Neja Tom\u0161i\u010d<\/strong>,<strong> Ana Vujovi\u0107<\/strong> \u2013 portano linguaggi eterogenei per esplorare gli interstizi: zone di transito, sospensione e frizione dove i confini cessano di essere barriere e diventano strumenti di lettura.<\/p>\n<p>Nei loro lavori il margine non \u00e8 limite, ma punto di vista privilegiato dal quale emergono narrazioni alternative e nuove possibilit\u00e0 di immaginare il reale.<\/p>\n<p>La mostra si configura come un <strong>percorso di attraversamento<\/strong> che invita il pubblico a spostarsi ai bordi, a decentrare lo sguardo e le categorie abituali, trasformando Palazzo Paternolli in uno spazio di confronto e di ascolto, un vero e proprio laboratorio condiviso in cui rinegoziare appartenenze, ecologie, paesaggi e futuri possibili.<\/p>\n<p>Tra i progetti speciali, spicca <strong>Mejniki \/ Pietre Miliari \/ Milestones<\/strong>, a cura di Sa\u0161a Dobri\u010di\u0107 (Univerza v Novi Gorici): una serie di elementi di arredo urbano \u201csu misura\u201d,\u00a0interpretati dagli artisti Tom Ker\u0161evan e Manca Bajec e\u00a0realizzati in collaborazione con artigiani del territorio (Zevnik Lab, \u0160trukeljMIT, KOVENT Jurij U\u0161aj, GALENARO) e gi\u00e0 installati tra Gorizia e Nova Gorica.<\/p>\n<p>Queste pietre miliari dialogano direttamente con il tema GO! BORDERLESS 2025, sfidando e reinterpretando il concetto di confine e creando una continuit\u00e0 simbolica e fisica tra le due citt\u00e0.<\/p>\n<p><strong>Ingresso libero<\/strong>.<\/p>\n<p><strong>La mostra \u00e8 curata da<\/strong> Univerza v Novi Gorici e IoDeposito Marco Acri, Joshua Cesa, Sa\u0161a Dobri\u010di\u0107, Annalia Boldrin, Elisa Rossetto<br \/>\n<strong>Assistenti ai curatori<\/strong> Nika Broni\u0107, Katja Fak<br \/>\n<strong>Coordinamento mostra<\/strong> Elisa Rossetto, Marco Acri<br \/>\n<strong>Allestimento e design<\/strong> Eleonora Majeroni, Joshua Cesa<br \/>\n<strong>Graphic design<\/strong> Edoardo Zanchetta<br \/>\n<strong>Project manager<\/strong> Joshua Cesa (IoDeposito), Marco Acri (UNG)<br \/>\n<strong>Residenze artistiche<\/strong> Annalia Boldrin, Marco Acri<br \/>\n<strong>Comunicazione<\/strong> Giacomo Raffin<\/p>\n","protected":false},"excerpt":{"rendered":"<p>Palazzo Paternolli a Gorizia ospita &#8220;Peripheral Visions&#8221;: mostra conclusiva del progetto transfrontaliero che guarda alle periferie come luoghi di possibilit\u00e0<\/p>\n","protected":false},"author":28,"featured_media":70264,"comment_status":"closed","ping_status":"closed","template":"","tags":[165,261,826,43,60,568],"mec_category":[59],"class_list":["post-70262","mec-events","type-mec-events","status-publish","has-post-thumbnail","hentry","tag-arte","tag-eventi","tag-eventi-fvg","tag-gorizia","tag-mostre","tag-storia","mec_category-meeting"],"_links":{"self":[{"href":"https:\/\/imagazine.it\/home_desk\/wp-json\/wp\/v2\/mec-events\/70262","targetHints":{"allow":["GET"]}}],"collection":[{"href":"https:\/\/imagazine.it\/home_desk\/wp-json\/wp\/v2\/mec-events"}],"about":[{"href":"https:\/\/imagazine.it\/home_desk\/wp-json\/wp\/v2\/types\/mec-events"}],"author":[{"embeddable":true,"href":"https:\/\/imagazine.it\/home_desk\/wp-json\/wp\/v2\/users\/28"}],"replies":[{"embeddable":true,"href":"https:\/\/imagazine.it\/home_desk\/wp-json\/wp\/v2\/comments?post=70262"}],"wp:featuredmedia":[{"embeddable":true,"href":"https:\/\/imagazine.it\/home_desk\/wp-json\/wp\/v2\/media\/70264"}],"wp:attachment":[{"href":"https:\/\/imagazine.it\/home_desk\/wp-json\/wp\/v2\/media?parent=70262"}],"wp:term":[{"taxonomy":"post_tag","embeddable":true,"href":"https:\/\/imagazine.it\/home_desk\/wp-json\/wp\/v2\/tags?post=70262"},{"taxonomy":"mec_category","embeddable":true,"href":"https:\/\/imagazine.it\/home_desk\/wp-json\/wp\/v2\/mec_category?post=70262"}],"curies":[{"name":"wp","href":"https:\/\/api.w.org\/{rel}","templated":true}]}}

<p><span style="font-size: 10pt;"><em>Jatun Risba</em></span></p>
<p><strong>Mercoledì 17 dicembre 2025 alle ore 16</strong> inaugura a Gorizia, a <strong>Palazzo Paternolli </strong>(Piazza della Vittoria 46), la mostra <strong><em>Peripheral Visions – Art and History from the Border</em></strong>, esito finale dell’omonimo progetto transfrontaliero sviluppato nell’ambito di <strong><em>GO! 2025</em> Capitale Europea della Cultura</strong>.</p>
<p>Il progetto ha coinvolto negli ultimi due anni artiste, artisti, curatori e comunità delle due sponde del confine italo-sloveno nell’indagine delle periferie – non solo geografiche, ma anche sociali, ecologiche e simboliche – come spazi complessi, permeabili e generativi in cui si ridefiniscono identità, memorie e forme di coesistenza.</p>
<p>Dieci voci internazionali – <strong>Manca Bajec</strong>,<strong> Claudio Beorchia</strong>,<strong> Joseph Cochran</strong>,<strong> Hugo Kabeya, Andreja Kargačin</strong>,<strong> Alice Mestriner &amp; Ahad Moslemi</strong>,<strong> Jatun Risba</strong>,<strong> Neja Tomšič</strong>,<strong> Ana Vujović</strong> – portano linguaggi eterogenei per esplorare gli interstizi: zone di transito, sospensione e frizione dove i confini cessano di essere barriere e diventano strumenti di lettura.</p>
<p>Nei loro lavori il margine non è limite, ma punto di vista privilegiato dal quale emergono narrazioni alternative e nuove possibilità di immaginare il reale.</p>
<p>La mostra si configura come un <strong>percorso di attraversamento</strong> che invita il pubblico a spostarsi ai bordi, a decentrare lo sguardo e le categorie abituali, trasformando Palazzo Paternolli in uno spazio di confronto e di ascolto, un vero e proprio laboratorio condiviso in cui rinegoziare appartenenze, ecologie, paesaggi e futuri possibili.</p>
<p>Tra i progetti speciali, spicca <strong>Mejniki / Pietre Miliari / Milestones</strong>, a cura di Saša Dobričić (Univerza v Novi Gorici): una serie di elementi di arredo urbano “su misura”, interpretati dagli artisti Tom Kerševan e Manca Bajec e realizzati in collaborazione con artigiani del territorio (Zevnik Lab, ŠtrukeljMIT, KOVENT Jurij Ušaj, GALENARO) e già installati tra Gorizia e Nova Gorica.</p>
<p>Queste pietre miliari dialogano direttamente con il tema GO! BORDERLESS 2025, sfidando e reinterpretando il concetto di confine e creando una continuità simbolica e fisica tra le due città.</p>
<p><strong>Ingresso libero</strong>.</p>
<p><strong>La mostra è curata da</strong> Univerza v Novi Gorici e IoDeposito Marco Acri, Joshua Cesa, Saša Dobričić, Annalia Boldrin, Elisa Rossetto<br />
<strong>Assistenti ai curatori</strong> Nika Bronić, Katja Fak<br />
<strong>Coordinamento mostra</strong> Elisa Rossetto, Marco Acri<br />
<strong>Allestimento e design</strong> Eleonora Majeroni, Joshua Cesa<br />
<strong>Graphic design</strong> Edoardo Zanchetta<br />
<strong>Project manager</strong> Joshua Cesa (IoDeposito), Marco Acri (UNG)<br />
<strong>Residenze artistiche</strong> Annalia Boldrin, Marco Acri<br />
<strong>Comunicazione</strong> Giacomo Raffin</p>

<p>Palazzo Paternolli a Gorizia ospita &#8220;Peripheral Visions&#8221;: mostra conclusiva del progetto transfrontaliero che guarda alle periferie come luoghi di possibilità</p>
