{"id":70180,"date":"2025-12-11T09:50:29","date_gmt":"2025-12-11T08:50:29","guid":{"rendered":"https:\/\/imagazine.it\/home_desk\/?post_type=mec-events&#038;p=70180"},"modified":"2025-12-11T09:50:29","modified_gmt":"2025-12-11T08:50:29","slug":"di-che-colore-e-il-jazz","status":"publish","type":"mec-events","link":"https:\/\/imagazine.it\/home_desk\/events\/di-che-colore-e-il-jazz\/","title":{"rendered":"Di che colore \u00e8 il jazz?"},"content":{"rendered":"<div dir=\"ltr\">\n<p><strong><em>Di che colore \u00e8 il jazz?<\/em>\u00a0<\/strong>Non un solo colore, ma diversi, stando all&#8217;interpretazione di <strong>Alessandro Maran<\/strong> che inaugura <strong>venerd\u00ec 12 dicembre<\/strong>, nel palazzo municipale di Turriaco, la sua personale pittorica, un omaggio ai grandi del jazz, la sua grande passione.<\/p>\n<\/div>\n<div dir=\"ltr\">\n<p>Ora che si \u00e8 liberato dagli impegni istituzionali\u00a0 e pu\u00f2 finalmente dedicarsi all&#8217;amata pittura, l&#8217;ex parlamentare della Repubblica Alessandro Maran decide di usare questa modalit\u00e0 espressiva per mescolarla alle suggestioni del jazz. &#8221; Nell\u2019esercizio del dipingere, \u00e8 nata l\u2019idea di costruire una specie di rassegna, che io chiamo di\u00a0<em>pittura devozionale\u00a0<\/em>(come la pittura di disegno sacro eseguita da artisti minori nel Medioevo), dove la scelta del soggetto \u00e8 praticamente\u2026 un atto di fede!\u201d sono le sue parole.<\/p>\n<p>Ecco quindi emergere, in un perfetto contrasto, la figura del jazzista, resa con colori vividi, ad olio o acrilici, isolata sulla tela come sul\u00a0palcoscenico, anche quando fa parte di una band. Figure che hanno fatto la storia del jazz, vere e proprie leggende del panorama musicale, la cui forza creativa li rende simboli di libert\u00e0 e autenticit\u00e0, un anticonformismo nell&#8217;arte e nella vita che \u00e8 la natura stessa del jazz.<\/p>\n<p>Ecco allora le figure femminili di Nubya Garcia, Billie Holiday, Carla Bley, cui \u00e8 dedicato il manifesto stesso della mostra: rappresentata con tante mani, a sottolinearne la grande versatilit\u00e0 di artista;\u00a0e poi Cannonball Adderley, Duke Ellington, Ron Carter, John Coltrane, Dizzy Gillespie e Miles Davis: fiati, soprattutto sax, altra grande passione di Maran.<\/p>\n<p>L&#8217;esposizione, una ventina o poco pi\u00f9 di tele, ha fatto il suo breve esordio nell&#8217;ambito della rassegna\u00a0<em>Jazz &amp; Wine of Peace\u00a0<\/em>di Cormons; a Turriaco, rimarr\u00e0 visitabile, a <strong>ingresso libero, fino al 9 gennaio, negli orari di apertura degli uffici comunali e della biblioteca<\/strong>.\u00a0 L&#8217;evento \u00e8 inserito all&#8217;interno della programmazione natalizia dell&#8217;Amministrazione Comunale, sostenuta dalla Regione FVG.<\/p>\n<\/div>\n<div dir=\"ltr\">\n<p>La vernice \u00e8 programmata per v<strong>enerd\u00ec 12 dicembre 2025 alle ore 18 <\/strong>e la presentazione \u00e8 affidata alla\u00a0docente di storia dell&#8217;arte, giornalista pubblicista, critica e curatrice<strong>\u00a0Franca Marri<\/strong>.<\/p>\n<p><em>Livio Nonis<\/em><\/p>\n<\/div>\n","protected":false},"excerpt":{"rendered":"<p>A Turriaco la mostra personale pittorica dell&#8217;ex parlamentare Alessandro Maran: un omaggio ai grandi interpreti del genere<\/p>\n","protected":false},"author":22,"featured_media":70181,"comment_status":"closed","ping_status":"closed","template":"","tags":[261,826,60,851,1666],"mec_category":[59],"class_list":["post-70180","mec-events","type-mec-events","status-publish","has-post-thumbnail","hentry","tag-eventi","tag-eventi-fvg","tag-mostre","tag-pittura","tag-turriaco","mec_category-meeting"],"_links":{"self":[{"href":"https:\/\/imagazine.it\/home_desk\/wp-json\/wp\/v2\/mec-events\/70180","targetHints":{"allow":["GET"]}}],"collection":[{"href":"https:\/\/imagazine.it\/home_desk\/wp-json\/wp\/v2\/mec-events"}],"about":[{"href":"https:\/\/imagazine.it\/home_desk\/wp-json\/wp\/v2\/types\/mec-events"}],"author":[{"embeddable":true,"href":"https:\/\/imagazine.it\/home_desk\/wp-json\/wp\/v2\/users\/22"}],"replies":[{"embeddable":true,"href":"https:\/\/imagazine.it\/home_desk\/wp-json\/wp\/v2\/comments?post=70180"}],"wp:featuredmedia":[{"embeddable":true,"href":"https:\/\/imagazine.it\/home_desk\/wp-json\/wp\/v2\/media\/70181"}],"wp:attachment":[{"href":"https:\/\/imagazine.it\/home_desk\/wp-json\/wp\/v2\/media?parent=70180"}],"wp:term":[{"taxonomy":"post_tag","embeddable":true,"href":"https:\/\/imagazine.it\/home_desk\/wp-json\/wp\/v2\/tags?post=70180"},{"taxonomy":"mec_category","embeddable":true,"href":"https:\/\/imagazine.it\/home_desk\/wp-json\/wp\/v2\/mec_category?post=70180"}],"curies":[{"name":"wp","href":"https:\/\/api.w.org\/{rel}","templated":true}]}}

Di che colore è il jazz?

<div dir="ltr">
<p><strong><em>Di che colore è il jazz?</em> </strong>Non un solo colore, ma diversi, stando all&#8217;interpretazione di <strong>Alessandro Maran</strong> che inaugura <strong>venerdì 12 dicembre</strong>, nel palazzo municipale di Turriaco, la sua personale pittorica, un omaggio ai grandi del jazz, la sua grande passione.</p>
</div>
<div dir="ltr">
<p>Ora che si è liberato dagli impegni istituzionali  e può finalmente dedicarsi all&#8217;amata pittura, l&#8217;ex parlamentare della Repubblica Alessandro Maran decide di usare questa modalità espressiva per mescolarla alle suggestioni del jazz. &#8221; Nell’esercizio del dipingere, è nata l’idea di costruire una specie di rassegna, che io chiamo di <em>pittura devozionale </em>(come la pittura di disegno sacro eseguita da artisti minori nel Medioevo), dove la scelta del soggetto è praticamente… un atto di fede!” sono le sue parole.</p>
<p>Ecco quindi emergere, in un perfetto contrasto, la figura del jazzista, resa con colori vividi, ad olio o acrilici, isolata sulla tela come sul palcoscenico, anche quando fa parte di una band. Figure che hanno fatto la storia del jazz, vere e proprie leggende del panorama musicale, la cui forza creativa li rende simboli di libertà e autenticità, un anticonformismo nell&#8217;arte e nella vita che è la natura stessa del jazz.</p>
<p>Ecco allora le figure femminili di Nubya Garcia, Billie Holiday, Carla Bley, cui è dedicato il manifesto stesso della mostra: rappresentata con tante mani, a sottolinearne la grande versatilità di artista; e poi Cannonball Adderley, Duke Ellington, Ron Carter, John Coltrane, Dizzy Gillespie e Miles Davis: fiati, soprattutto sax, altra grande passione di Maran.</p>
<p>L&#8217;esposizione, una ventina o poco più di tele, ha fatto il suo breve esordio nell&#8217;ambito della rassegna <em>Jazz &amp; Wine of Peace </em>di Cormons; a Turriaco, rimarrà visitabile, a <strong>ingresso libero, fino al 9 gennaio, negli orari di apertura degli uffici comunali e della biblioteca</strong>.  L&#8217;evento è inserito all&#8217;interno della programmazione natalizia dell&#8217;Amministrazione Comunale, sostenuta dalla Regione FVG.</p>
</div>
<div dir="ltr">
<p>La vernice è programmata per v<strong>enerdì 12 dicembre 2025 alle ore 18 </strong>e la presentazione è affidata alla docente di storia dell&#8217;arte, giornalista pubblicista, critica e curatrice<strong> Franca Marri</strong>.</p>
<p><em>Livio Nonis</em></p>
</div>
