{"id":70178,"date":"2025-12-10T18:47:13","date_gmt":"2025-12-10T17:47:13","guid":{"rendered":"https:\/\/imagazine.it\/home_desk\/?post_type=mec-events&#038;p=70178"},"modified":"2025-12-10T18:48:26","modified_gmt":"2025-12-10T17:48:26","slug":"la-quotidianita-dei-minori-stranieri-non-accompagnati","status":"publish","type":"mec-events","link":"https:\/\/imagazine.it\/home_desk\/events\/la-quotidianita-dei-minori-stranieri-non-accompagnati\/","title":{"rendered":"La quotidianit\u00e0 dei minori stranieri non accompagnati"},"content":{"rendered":"<p><span style=\"font-size: 10pt;\"><em>Mara Fella e il presidente del Civiform, Roberto Molinaro, all&#8217;inaugurazione della mostra<\/em><\/span><\/p>\n<p>Inaugurata negli spazi del <strong>Curt\u00eel di Firmine<\/strong> in <strong>via Alessandro Manzoni 4 a Cividale del Friuli<\/strong>, la mostra fotografica <em>\u201c7 mari e 21 tempi verbali. Grammatica di cammino e permanenza\u201d<\/em>. L\u2019esposizione \u2013 visitabile gratuitamente fino all\u2019<strong>8 gennaio<\/strong> \u2013 raccoglie gli scatti della fotografa <strong>Mara Fella<\/strong> e racconta, attraverso immagini delicate e profonde, la quotidianit\u00e0 dei minori stranieri non accompagnati accolti da <strong>Civiform<\/strong>.<\/p>\n<p>Oltre all\u2019apertura della mostra al pubblico, \u00e8 stata presentata anche l\u2019<strong>installazione artistica in gres<\/strong> realizzata dai ragazzi del progetto e destinata a diventare parte permanente degli spazi Civiform.<\/p>\n<p>Un simbolo visivo di pace, fratellanza e coesione, costruito tassello dopo tassello grazie a un percorso creativo curato dall\u2019artista<strong> Greta Picotti. <\/strong>L<strong>\u2019<\/strong>installazione, composta da piastrelle decorate a mano, \u00e8 stata collocata in una parete del Civiform.<\/p>\n<p>Le attivit\u00e0 sono parte del pi\u00f9 ampio progetto <strong>\u201c<em>La Legalit\u00e0 si fa con arte!<\/em>\u201d<\/strong>, promosso da <strong>Civiform<\/strong> con la collaborazione dell\u2019<strong>Associazione Macross<\/strong> come partner operativo e il supporto dei <strong>Servizi Sociali dei Comuni dell\u2019Ambito del Natisone<\/strong>, rappresentati durante l\u2019inaugurazione dalla direttrice <strong>Donatella Lizzero<\/strong>.<br \/>\nIl progetto \u00e8 stato finanziato dalla <strong>Regione Friuli Venezia Giulia<\/strong> attraverso la <strong>L.R. 9\/2023 (art. 8)<\/strong> e il <strong>DPReg 168\/2023 (art. 5, comma 1, lett. d)<\/strong>, nell\u2019ambito della promozione della legalit\u00e0, prevenzione della devianza minorile e integrazione sociale dei giovani, in particolare di quelli stranieri.<\/p>\n<p>\u201c<em>La Legalit\u00e0 si fa con arte!<\/em>\u201d ha sviluppato a partire da settembre 2024 un articolato programma di attivit\u00e0 rivolte ai minori stranieri non accompagnati ospiti della comunit\u00e0 Civiform.<\/p>\n<p>L\u2019obiettivo: <strong>prevenire comportamenti a rischio<\/strong>, promuovere <strong>responsabilit\u00e0 personale<\/strong>, educare alla <strong>cittadinanza attiva<\/strong> e favorire l\u2019incontro con i coetanei italiani.<\/p>\n<p>A rendere concreto questo percorso sono stati laboratori di cittadinanza attiva e educazione alla legalit\u00e0, condotti da <strong>Cinzia Virgili<\/strong> e <strong>Sara Vuattolo<\/strong>, laboratori artistico-espressivi di ceramica, falegnameria, serigrafia e pelle riciclata, realizzati con Macross, Hattiva Lab, Eleonora Majeroni, Alberto Frederico Moreira e live-painting con l\u2019artista Mattia Campo Dall\u2019Orto, ma anche numerosi workshop itineranti aperti alla cittadinanza nei comuni di Cividale, Remanzacco e Buttrio.<\/p>\n<p>A documentare questo percorso, passo dopo passo, \u00e8 stata proprio la fotografa <strong>Mara Fella<\/strong>, che con sensibilit\u00e0 ha trasformato lezioni, laboratori, attese, momenti di studio e di sport in un racconto per immagini ricco di umanit\u00e0.<\/p>\n<p>Le sue fotografie seguono una \u201cgiornata tipo\u201d dei ragazzi, restituendo un punto di vista autentico spesso invisibile nello sguardo pubblico.<\/p>\n<p><em>\u201cQueste immagini nascono dal desiderio di fermare il tempo necessario alla comprensione: il tempo che serve per imparare una lingua nuova, per ricostruire un legame con il mondo\u201d,<\/em> ha commentato Fella durante l\u2019inaugurazione. <em>\u201cFotografare questi ragazzi significa riconoscere la cura quotidiana di chi li accompagna e la forza silenziosa del loro cammino. \u00c8 un lavoro fatto di piccoli gesti, di ascolto e di attese, perch\u00e9 nulla \u00e8 pi\u00f9 prezioso del tempo e dell\u2019attenzione che ogni essere umano merita.\u00bb.<\/em><\/p>\n<p><em>\u201cL\u2019intreccio tra arte, creativit\u00e0 e educazione <\/em>\u2013 ha sottolineato la direttrice di Civiform,<strong> Chiara Franceschini<\/strong> \u2013 <em>diventa un prezioso strumento per costruire legalit\u00e0, relazioni positive e <strong>integrazione reale<\/strong>, mostrando quanto la crescita dei giovani \u2013 italiani e stranieri \u2013 passi attraverso esperienze condivise, gesti semplici e territori capaci di accogliere\u201d. <\/em><\/p>\n<p>La mostra sar\u00e0 visitabile fino all\u20198 gennaio 2026 da luned\u00ec a domenica in orario 10-12\/15-18. Ingresso libero. Info: <span style=\"text-decoration: underline;\"><a href=\"http:\/\/www.civiform.it\" target=\"_blank\" rel=\"noopener\">www.civiform.it<\/a><\/span><\/p>\n","protected":false},"excerpt":{"rendered":"<p>A Cividale la mostra \u201c7 mari e 21 tempi verbali. Grammatica di cammino e permanenza\u201d: con le fotografie di Mara Fella<\/p>\n","protected":false},"author":28,"featured_media":70179,"comment_status":"closed","ping_status":"closed","template":"","tags":[170,1970,261,826,293,60],"mec_category":[59],"class_list":["post-70178","mec-events","type-mec-events","status-publish","has-post-thumbnail","hentry","tag-cividale","tag-civiform","tag-eventi","tag-eventi-fvg","tag-fotografia","tag-mostre","mec_category-meeting"],"_links":{"self":[{"href":"https:\/\/imagazine.it\/home_desk\/wp-json\/wp\/v2\/mec-events\/70178","targetHints":{"allow":["GET"]}}],"collection":[{"href":"https:\/\/imagazine.it\/home_desk\/wp-json\/wp\/v2\/mec-events"}],"about":[{"href":"https:\/\/imagazine.it\/home_desk\/wp-json\/wp\/v2\/types\/mec-events"}],"author":[{"embeddable":true,"href":"https:\/\/imagazine.it\/home_desk\/wp-json\/wp\/v2\/users\/28"}],"replies":[{"embeddable":true,"href":"https:\/\/imagazine.it\/home_desk\/wp-json\/wp\/v2\/comments?post=70178"}],"wp:featuredmedia":[{"embeddable":true,"href":"https:\/\/imagazine.it\/home_desk\/wp-json\/wp\/v2\/media\/70179"}],"wp:attachment":[{"href":"https:\/\/imagazine.it\/home_desk\/wp-json\/wp\/v2\/media?parent=70178"}],"wp:term":[{"taxonomy":"post_tag","embeddable":true,"href":"https:\/\/imagazine.it\/home_desk\/wp-json\/wp\/v2\/tags?post=70178"},{"taxonomy":"mec_category","embeddable":true,"href":"https:\/\/imagazine.it\/home_desk\/wp-json\/wp\/v2\/mec_category?post=70178"}],"curies":[{"name":"wp","href":"https:\/\/api.w.org\/{rel}","templated":true}]}}

La quotidianità dei minori stranieri non accompagnati

<p><span style="font-size: 10pt;"><em>Mara Fella e il presidente del Civiform, Roberto Molinaro, all&#8217;inaugurazione della mostra</em></span></p>
<p>Inaugurata negli spazi del <strong>Curtîl di Firmine</strong> in <strong>via Alessandro Manzoni 4 a Cividale del Friuli</strong>, la mostra fotografica <em>“7 mari e 21 tempi verbali. Grammatica di cammino e permanenza”</em>. L’esposizione – visitabile gratuitamente fino all’<strong>8 gennaio</strong> – raccoglie gli scatti della fotografa <strong>Mara Fella</strong> e racconta, attraverso immagini delicate e profonde, la quotidianità dei minori stranieri non accompagnati accolti da <strong>Civiform</strong>.</p>
<p>Oltre all’apertura della mostra al pubblico, è stata presentata anche l’<strong>installazione artistica in gres</strong> realizzata dai ragazzi del progetto e destinata a diventare parte permanente degli spazi Civiform.</p>
<p>Un simbolo visivo di pace, fratellanza e coesione, costruito tassello dopo tassello grazie a un percorso creativo curato dall’artista<strong> Greta Picotti. </strong>L<strong>’</strong>installazione, composta da piastrelle decorate a mano, è stata collocata in una parete del Civiform.</p>
<p>Le attività sono parte del più ampio progetto <strong>“<em>La Legalità si fa con arte!</em>”</strong>, promosso da <strong>Civiform</strong> con la collaborazione dell’<strong>Associazione Macross</strong> come partner operativo e il supporto dei <strong>Servizi Sociali dei Comuni dell’Ambito del Natisone</strong>, rappresentati durante l’inaugurazione dalla direttrice <strong>Donatella Lizzero</strong>.<br />
Il progetto è stato finanziato dalla <strong>Regione Friuli Venezia Giulia</strong> attraverso la <strong>L.R. 9/2023 (art. 8)</strong> e il <strong>DPReg 168/2023 (art. 5, comma 1, lett. d)</strong>, nell’ambito della promozione della legalità, prevenzione della devianza minorile e integrazione sociale dei giovani, in particolare di quelli stranieri.</p>
<p>“<em>La Legalità si fa con arte!</em>” ha sviluppato a partire da settembre 2024 un articolato programma di attività rivolte ai minori stranieri non accompagnati ospiti della comunità Civiform.</p>
<p>L’obiettivo: <strong>prevenire comportamenti a rischio</strong>, promuovere <strong>responsabilità personale</strong>, educare alla <strong>cittadinanza attiva</strong> e favorire l’incontro con i coetanei italiani.</p>
<p>A rendere concreto questo percorso sono stati laboratori di cittadinanza attiva e educazione alla legalità, condotti da <strong>Cinzia Virgili</strong> e <strong>Sara Vuattolo</strong>, laboratori artistico-espressivi di ceramica, falegnameria, serigrafia e pelle riciclata, realizzati con Macross, Hattiva Lab, Eleonora Majeroni, Alberto Frederico Moreira e live-painting con l’artista Mattia Campo Dall’Orto, ma anche numerosi workshop itineranti aperti alla cittadinanza nei comuni di Cividale, Remanzacco e Buttrio.</p>
<p>A documentare questo percorso, passo dopo passo, è stata proprio la fotografa <strong>Mara Fella</strong>, che con sensibilità ha trasformato lezioni, laboratori, attese, momenti di studio e di sport in un racconto per immagini ricco di umanità.</p>
<p>Le sue fotografie seguono una “giornata tipo” dei ragazzi, restituendo un punto di vista autentico spesso invisibile nello sguardo pubblico.</p>
<p><em>“Queste immagini nascono dal desiderio di fermare il tempo necessario alla comprensione: il tempo che serve per imparare una lingua nuova, per ricostruire un legame con il mondo”,</em> ha commentato Fella durante l’inaugurazione. <em>“Fotografare questi ragazzi significa riconoscere la cura quotidiana di chi li accompagna e la forza silenziosa del loro cammino. È un lavoro fatto di piccoli gesti, di ascolto e di attese, perché nulla è più prezioso del tempo e dell’attenzione che ogni essere umano merita.».</em></p>
<p><em>“L’intreccio tra arte, creatività e educazione </em>– ha sottolineato la direttrice di Civiform,<strong> Chiara Franceschini</strong> – <em>diventa un prezioso strumento per costruire legalità, relazioni positive e <strong>integrazione reale</strong>, mostrando quanto la crescita dei giovani – italiani e stranieri – passi attraverso esperienze condivise, gesti semplici e territori capaci di accogliere”. </em></p>
<p>La mostra sarà visitabile fino all’8 gennaio 2026 da lunedì a domenica in orario 10-12/15-18. Ingresso libero. Info: <span style="text-decoration: underline;"><a href="http://www.civiform.it" target="_blank" rel="noopener">www.civiform.it</a></span></p>
