{"id":70149,"date":"2025-12-10T12:42:43","date_gmt":"2025-12-10T11:42:43","guid":{"rendered":"https:\/\/imagazine.it\/home_desk\/?post_type=mec-events&#038;p=70149"},"modified":"2025-12-10T12:42:43","modified_gmt":"2025-12-10T11:42:43","slug":"camminata-natalizia-tra-le-suggestioni-di-gorizia","status":"publish","type":"mec-events","link":"https:\/\/imagazine.it\/home_desk\/events\/camminata-natalizia-tra-le-suggestioni-di-gorizia\/","title":{"rendered":"Camminata natalizia tra le suggestioni di Gorizia"},"content":{"rendered":"<p><span style=\"font-size: 10pt;\"><em>(ph. Sergio Marini)<\/em><\/span><\/p>\n<p>Un serpentone colorato di Babbi Natale attraverser\u00e0 <strong>domenica 14 dicembre<\/strong> Gorizia, grazie alla quarta edizione della <strong>Camminata Natalizia<\/strong>, evento ludico motorio a passo libero organizzato dal Gruppo Marciatori Gorizia e dal Comune, sotto l\u2019egida della FIASP, con l\u2019aiuto di tante associazioni cittadine, ovvero Bike&amp;Run, Ciclisti caprivesi, Fiat 500 Club Isonzo, Go Tri Team, Inline Skaters FVG, Uildm Gorizia odv, Uisp, Anffas.<\/p>\n<p>Dopo la partenza da <strong>Piazza Vittoria<\/strong> si percorreranno i luoghi pi\u00f9 suggestivi della citt\u00e0, con la possibilit\u00e0 di scegliere quest\u2019anno tra due percorsi, con il pi\u00f9 lungo che si snoder\u00e0 nel nuovo <strong>Parco della Valletta del Corno<\/strong>.<\/p>\n<p>L\u2019iscrizione potr\u00e0 avvenire dalle 9 del giorno stesso, con un contributo di 2 euro, ricevendo gratuitamente in ricordo della manifestazione un cappellino di Babbo Natale.<\/p>\n<p>La partenza della marcia potr\u00e0 avvenire nella fascia oraria che va dalle 10 alle 10.30, con il personale addetto che presidier\u00e0 il percorso fino alle 12.<\/p>\n<p>Per rendere l\u2019atmosfera ancora pi\u00f9 festosa, gli organizzatori invitano tutti a indossare un abbigliamento natalizio. Inoltre saranno i benvenuti anche gli amici a quattrozampe.<\/p>\n<p>In piazza Vittoria sar\u00e0 allestito un rinfresco natalizio per i partecipanti, mentre faranno bella mostra di s\u00e9 alcuni modelli storici di Fiat 500, uno dei quali dotato di presepe nel vano motore.<\/p>\n<p>Saranno premiati, con prodotti enogastronomici, i cinque gruppi pi\u00f9 numerosi.<\/p>\n<p>Due i percorsi tra cui si potr\u00e0 scegliere, uno di 1,5 km e l\u2019altro di 5, entrambi con partenza e arrivo in piazza Vittoria.<\/p>\n<p>Quello pi\u00f9 breve prevede il passaggio da via Rastello, via Delle Monache, via Mazzini, piazza Municipio, via Garibaldi, corso Verdi, via Seminario e via dell\u2019Arcivescovado.<\/p>\n<p>Il tracciato pi\u00f9 lungo include via Rastello, via Delle Monache, via Mazzini, piazza Municipio, via Garibaldi, corso Verdi, via Seminario, via Brass, l\u2019ingresso in Valletta del Corno a ridosso della palestra di pattinaggio e l\u2019uscita in viale Virgilio, via Borsi, Via Boschetto, via Brigata Pavia, viale XX Settembre, via Santa Chiara, via Mameli.<\/p>\n<p><img loading=\"lazy\" decoding=\"async\" class=\"aligncenter size-full wp-image-70151\" src=\"https:\/\/imagazine.it\/wp-content\/uploads\/2025\/12\/Camminata-2.jpg\" alt=\"\" width=\"1000\" height=\"717\" title=\"\" srcset=\"https:\/\/imagazine.it\/wp-content\/uploads\/2025\/12\/Camminata-2.jpg 1000w, https:\/\/imagazine.it\/wp-content\/uploads\/2025\/12\/Camminata-2-300x215.jpg 300w, https:\/\/imagazine.it\/wp-content\/uploads\/2025\/12\/Camminata-2-768x551.jpg 768w\" sizes=\"auto, (max-width: 1000px) 100vw, 1000px\" \/><\/p>\n<p>L\u2019evento \u00e8 stato presentato dai rappresentanti delle associazioni coinvolte, alla presenza dell\u2019assessore comunale allo Sport, <strong>Giulio Daidone<\/strong>.<\/p>\n","protected":false},"excerpt":{"rendered":"<p>Quarta edizione dell&#8217;evento ludico-motorio. Previsti due diversi percorsi, entrambi con partenza e arrivo in Piazza Vittoria<\/p>\n","protected":false},"author":28,"featured_media":70150,"comment_status":"closed","ping_status":"closed","template":"","tags":[1822,261,826,43,398],"mec_category":[131],"class_list":["post-70149","mec-events","type-mec-events","status-publish","has-post-thumbnail","hentry","tag-cammino","tag-eventi","tag-eventi-fvg","tag-gorizia","tag-natale","mec_category-discovery"],"_links":{"self":[{"href":"https:\/\/imagazine.it\/home_desk\/wp-json\/wp\/v2\/mec-events\/70149","targetHints":{"allow":["GET"]}}],"collection":[{"href":"https:\/\/imagazine.it\/home_desk\/wp-json\/wp\/v2\/mec-events"}],"about":[{"href":"https:\/\/imagazine.it\/home_desk\/wp-json\/wp\/v2\/types\/mec-events"}],"author":[{"embeddable":true,"href":"https:\/\/imagazine.it\/home_desk\/wp-json\/wp\/v2\/users\/28"}],"replies":[{"embeddable":true,"href":"https:\/\/imagazine.it\/home_desk\/wp-json\/wp\/v2\/comments?post=70149"}],"wp:featuredmedia":[{"embeddable":true,"href":"https:\/\/imagazine.it\/home_desk\/wp-json\/wp\/v2\/media\/70150"}],"wp:attachment":[{"href":"https:\/\/imagazine.it\/home_desk\/wp-json\/wp\/v2\/media?parent=70149"}],"wp:term":[{"taxonomy":"post_tag","embeddable":true,"href":"https:\/\/imagazine.it\/home_desk\/wp-json\/wp\/v2\/tags?post=70149"},{"taxonomy":"mec_category","embeddable":true,"href":"https:\/\/imagazine.it\/home_desk\/wp-json\/wp\/v2\/mec_category?post=70149"}],"curies":[{"name":"wp","href":"https:\/\/api.w.org\/{rel}","templated":true}]}}

<p><span style="font-size: 10pt;"><em>(ph. Sergio Marini)</em></span></p>
<p>Un serpentone colorato di Babbi Natale attraverserà <strong>domenica 14 dicembre</strong> Gorizia, grazie alla quarta edizione della <strong>Camminata Natalizia</strong>, evento ludico motorio a passo libero organizzato dal Gruppo Marciatori Gorizia e dal Comune, sotto l’egida della FIASP, con l’aiuto di tante associazioni cittadine, ovvero Bike&amp;Run, Ciclisti caprivesi, Fiat 500 Club Isonzo, Go Tri Team, Inline Skaters FVG, Uildm Gorizia odv, Uisp, Anffas.</p>
<p>Dopo la partenza da <strong>Piazza Vittoria</strong> si percorreranno i luoghi più suggestivi della città, con la possibilità di scegliere quest’anno tra due percorsi, con il più lungo che si snoderà nel nuovo <strong>Parco della Valletta del Corno</strong>.</p>
<p>L’iscrizione potrà avvenire dalle 9 del giorno stesso, con un contributo di 2 euro, ricevendo gratuitamente in ricordo della manifestazione un cappellino di Babbo Natale.</p>
<p>La partenza della marcia potrà avvenire nella fascia oraria che va dalle 10 alle 10.30, con il personale addetto che presidierà il percorso fino alle 12.</p>
<p>Per rendere l’atmosfera ancora più festosa, gli organizzatori invitano tutti a indossare un abbigliamento natalizio. Inoltre saranno i benvenuti anche gli amici a quattrozampe.</p>
<p>In piazza Vittoria sarà allestito un rinfresco natalizio per i partecipanti, mentre faranno bella mostra di sé alcuni modelli storici di Fiat 500, uno dei quali dotato di presepe nel vano motore.</p>
<p>Saranno premiati, con prodotti enogastronomici, i cinque gruppi più numerosi.</p>
<p>Due i percorsi tra cui si potrà scegliere, uno di 1,5 km e l’altro di 5, entrambi con partenza e arrivo in piazza Vittoria.</p>
<p>Quello più breve prevede il passaggio da via Rastello, via Delle Monache, via Mazzini, piazza Municipio, via Garibaldi, corso Verdi, via Seminario e via dell’Arcivescovado.</p>
<p>Il tracciato più lungo include via Rastello, via Delle Monache, via Mazzini, piazza Municipio, via Garibaldi, corso Verdi, via Seminario, via Brass, l’ingresso in Valletta del Corno a ridosso della palestra di pattinaggio e l’uscita in viale Virgilio, via Borsi, Via Boschetto, via Brigata Pavia, viale XX Settembre, via Santa Chiara, via Mameli.</p>
<p><img loading="lazy" decoding="async" class="aligncenter size-full wp-image-70151" src="https://imagazine.it/wp-content/uploads/2025/12/Camminata-2.jpg" alt="" width="1000" height="717" title="" srcset="https://imagazine.it/wp-content/uploads/2025/12/Camminata-2.jpg 1000w, https://imagazine.it/wp-content/uploads/2025/12/Camminata-2-300x215.jpg 300w, https://imagazine.it/wp-content/uploads/2025/12/Camminata-2-768x551.jpg 768w" sizes="auto, (max-width: 1000px) 100vw, 1000px" /></p>
<p>L’evento è stato presentato dai rappresentanti delle associazioni coinvolte, alla presenza dell’assessore comunale allo Sport, <strong>Giulio Daidone</strong>.</p>
