{"id":70147,"date":"2025-12-10T10:48:21","date_gmt":"2025-12-10T09:48:21","guid":{"rendered":"https:\/\/imagazine.it\/home_desk\/?post_type=mec-events&#038;p=70147"},"modified":"2025-12-10T10:48:21","modified_gmt":"2025-12-10T09:48:21","slug":"natale-visto-dai-bambini","status":"publish","type":"mec-events","link":"https:\/\/imagazine.it\/home_desk\/events\/natale-visto-dai-bambini\/","title":{"rendered":"Natale visto dai Bambini"},"content":{"rendered":"<p>La Societ\u00e0 Monfalconese del Mutuo Soccorso (SMMS) di Monfalcone d\u00e0 il via alle iniziative natalizie puntando sulla creativit\u00e0 e l&#8217;inclusione giovanile.<\/p>\n<p>A partire da venerd\u00ec 12 dicembre, la sede sociale in via Barbarigo ospiter\u00e0 una speciale <strong>mostra di disegni<\/strong> realizzati dagli studenti degli Istituti Comprensivi Giacich e Randaccio: \u201c<strong><em>Natale visto dai Bambini<\/em><\/strong>\u201d.<\/p>\n<p>L&#8217;evento, ormai una tradizione consolidata, quest&#8217;anno ha superato ogni aspettativa: saranno <strong>esposti pi\u00f9 di 100 elaborati<\/strong>, frutto del lavoro di singoli allievi e di progetti di gruppo.<\/p>\n<p>Questa partecipazione massiccia \u00e8 accolta dal Consiglio direttivo come un grande successo, che rafforza la convinzione dell&#8217;SMMS sull&#8217;importanza vitale di coinvolgere i ragazzi nelle attivit\u00e0 delle associazioni di volontariato.<\/p>\n<p>L&#8217;inaugurazione ufficiale della mostra si terr\u00e0 venerd\u00ec 12 dicembre alle ore 18. L&#8217;esposizione sar\u00e0 visitabile <strong>fino al 6 gennaio<\/strong> 2026 presso la sede dell&#8217;Associazione. Gli orari sono: dal luned\u00ec al sabato 9-13\/16-20.<\/p>\n<p>L&#8217;iniziativa si inserisce nel pi\u00f9 ampio sforzo dell&#8217;associazione, teso a diffondere i valori di solidariet\u00e0, volontariato e l&#8217;importanza di costruire coesione tra persone e associazioni sul territorio.<\/p>\n<p>Tutta la cittadinanza \u00e8 caldamente invitata a visitare l&#8217;esposizione, un&#8217;occasione unica per apprezzare il talento dei giovani artisti monfalconesi e sostenere i principi di comunit\u00e0 promossi dal sodalizio.<\/p>\n<p><em>Livio Nonis<\/em><\/p>\n","protected":false},"excerpt":{"rendered":"<p>A Monfalcone in mostra oltre 100 disegni realizzati dagli studenti degli Istituti Comprensivi Giacich e Randaccio<\/p>\n","protected":false},"author":22,"featured_media":70148,"comment_status":"closed","ping_status":"closed","template":"","tags":[546,261,826,51,60,398,129],"mec_category":[59],"class_list":["post-70147","mec-events","type-mec-events","status-publish","has-post-thumbnail","hentry","tag-bambini","tag-eventi","tag-eventi-fvg","tag-monfalcone","tag-mostre","tag-natale","tag-scuola","mec_category-meeting"],"_links":{"self":[{"href":"https:\/\/imagazine.it\/home_desk\/wp-json\/wp\/v2\/mec-events\/70147","targetHints":{"allow":["GET"]}}],"collection":[{"href":"https:\/\/imagazine.it\/home_desk\/wp-json\/wp\/v2\/mec-events"}],"about":[{"href":"https:\/\/imagazine.it\/home_desk\/wp-json\/wp\/v2\/types\/mec-events"}],"author":[{"embeddable":true,"href":"https:\/\/imagazine.it\/home_desk\/wp-json\/wp\/v2\/users\/22"}],"replies":[{"embeddable":true,"href":"https:\/\/imagazine.it\/home_desk\/wp-json\/wp\/v2\/comments?post=70147"}],"wp:featuredmedia":[{"embeddable":true,"href":"https:\/\/imagazine.it\/home_desk\/wp-json\/wp\/v2\/media\/70148"}],"wp:attachment":[{"href":"https:\/\/imagazine.it\/home_desk\/wp-json\/wp\/v2\/media?parent=70147"}],"wp:term":[{"taxonomy":"post_tag","embeddable":true,"href":"https:\/\/imagazine.it\/home_desk\/wp-json\/wp\/v2\/tags?post=70147"},{"taxonomy":"mec_category","embeddable":true,"href":"https:\/\/imagazine.it\/home_desk\/wp-json\/wp\/v2\/mec_category?post=70147"}],"curies":[{"name":"wp","href":"https:\/\/api.w.org\/{rel}","templated":true}]}}

<p>La Società Monfalconese del Mutuo Soccorso (SMMS) di Monfalcone dà il via alle iniziative natalizie puntando sulla creatività e l&#8217;inclusione giovanile.</p>
<p>A partire da venerdì 12 dicembre, la sede sociale in via Barbarigo ospiterà una speciale <strong>mostra di disegni</strong> realizzati dagli studenti degli Istituti Comprensivi Giacich e Randaccio: “<strong><em>Natale visto dai Bambini</em></strong>”.</p>
<p>L&#8217;evento, ormai una tradizione consolidata, quest&#8217;anno ha superato ogni aspettativa: saranno <strong>esposti più di 100 elaborati</strong>, frutto del lavoro di singoli allievi e di progetti di gruppo.</p>
<p>Questa partecipazione massiccia è accolta dal Consiglio direttivo come un grande successo, che rafforza la convinzione dell&#8217;SMMS sull&#8217;importanza vitale di coinvolgere i ragazzi nelle attività delle associazioni di volontariato.</p>
<p>L&#8217;inaugurazione ufficiale della mostra si terrà venerdì 12 dicembre alle ore 18. L&#8217;esposizione sarà visitabile <strong>fino al 6 gennaio</strong> 2026 presso la sede dell&#8217;Associazione. Gli orari sono: dal lunedì al sabato 9-13/16-20.</p>
<p>L&#8217;iniziativa si inserisce nel più ampio sforzo dell&#8217;associazione, teso a diffondere i valori di solidarietà, volontariato e l&#8217;importanza di costruire coesione tra persone e associazioni sul territorio.</p>
<p>Tutta la cittadinanza è caldamente invitata a visitare l&#8217;esposizione, un&#8217;occasione unica per apprezzare il talento dei giovani artisti monfalconesi e sostenere i principi di comunità promossi dal sodalizio.</p>
<p><em>Livio Nonis</em></p>
