{"id":69964,"date":"2025-12-03T17:10:18","date_gmt":"2025-12-03T16:10:18","guid":{"rendered":"https:\/\/imagazine.it\/home_desk\/?post_type=mec-events&#038;p=69964"},"modified":"2025-12-03T17:34:29","modified_gmt":"2025-12-03T16:34:29","slug":"shopping-personalizzato-con-lesperto-di-galateo","status":"publish","type":"mec-events","link":"https:\/\/imagazine.it\/home_desk\/events\/shopping-personalizzato-con-lesperto-di-galateo\/","title":{"rendered":"Shopping personalizzato con l&#8217;esperto di galateo"},"content":{"rendered":"<p><span style=\"font-size: 10pt;\"><em>Nicola Santini<\/em><\/span><\/p>\n<p>Una giornata all\u2019insegna dello <strong>stile, della sorpresa e della riscoperta del commercio cittadino<\/strong>. \u00c8 quella che attende i goriziani <strong>venerd\u00ec 5 dicembre<\/strong>, quando le vie del centro diventeranno una <strong>vera passerella urbana<\/strong> grazie a un\u2019iniziativa speciale, pensata per vivere lo shopping in modo nuovo: sartoriale, partecipato, coinvolgente.<\/p>\n<p>Una sorta di <strong><em>flash mob della moda<\/em><\/strong>, dove tutti possono sentirsi protagonisti, accompagnati da due guide d\u2019eccezione.<\/p>\n<p>A condurre il gioco saranno infatti <strong>Nicola Santini<\/strong>, noto esperto di galateo e bon ton, volto televisivo, autore, giornalista (\u00e8 direttore del settimanale <em>Vero<\/em>) e consulente di immagine, ed <strong>Elisa D\u2019Ospina<\/strong>, influencer di moda tra le pi\u00f9 seguite in Italia e top model internazionale, punto di riferimento della moda nel settore conformato e da sempre impegnata sul tema della valorizzazione del corpo e della persona.<\/p>\n<p>Per chi vuole iniziare con una chiacchierata con i protagonisti, l\u2019appuntamento di apertura della giornata di venerd\u00ec 5 dicembre \u00e8 alle <strong>10 al Caff\u00e8 del Teatro<\/strong>.<\/p>\n<p>I due personal shopper ascolteranno desideri, gusti, esigenze e budget dei partecipanti per guidarli verso i capi e gli accessori pi\u00f9 adatti alla loro personalit\u00e0, trasformando l\u2019acquisto in un gesto creativo, e non in una semplice transazione.<\/p>\n<p>\u00abUn capo perfetto \u2014 <strong>afferma Nicola Santini<\/strong> \u2014 non \u00e8 mai solo una taglia o un colore: \u00e8 un racconto di s\u00e9 che decide di incontrare il mondo. Ed \u00e8 bello far s\u00ec che questa storia cominci proprio nei negozi della propria citt\u00e0\u00bb.<\/p>\n<figure id=\"attachment_69966\" aria-describedby=\"caption-attachment-69966\" style=\"width: 800px\" class=\"wp-caption aligncenter\"><img loading=\"lazy\" decoding=\"async\" class=\"size-full wp-image-69966\" src=\"https:\/\/imagazine.it\/wp-content\/uploads\/2025\/12\/elisa.jpg\" alt=\"\" width=\"800\" height=\"613\" title=\"\" srcset=\"https:\/\/imagazine.it\/wp-content\/uploads\/2025\/12\/elisa.jpg 800w, https:\/\/imagazine.it\/wp-content\/uploads\/2025\/12\/elisa-300x230.jpg 300w, https:\/\/imagazine.it\/wp-content\/uploads\/2025\/12\/elisa-768x588.jpg 768w\" sizes=\"auto, (max-width: 800px) 100vw, 800px\" \/><figcaption id=\"caption-attachment-69966\" class=\"wp-caption-text\">Elisa D&#8217;Ospina<\/figcaption><\/figure>\n<p>Accanto a lui, <strong>Elisa D\u2019Ospina<\/strong> offrir\u00e0 consigli pratici e inclusivi, forte della sua esperienza nel mondo della moda e della comunicazione.<\/p>\n","protected":false},"excerpt":{"rendered":"<p>In arrivo a Gorizia Nicola Santini e la influencer Elisa D\u2019Ospina per una sorta di flashmob della moda<\/p>\n","protected":false},"author":28,"featured_media":69965,"comment_status":"closed","ping_status":"closed","template":"","tags":[43,1445],"mec_category":[131],"class_list":["post-69964","mec-events","type-mec-events","status-publish","has-post-thumbnail","hentry","tag-gorizia","tag-spettacolo","mec_category-discovery"],"_links":{"self":[{"href":"https:\/\/imagazine.it\/home_desk\/wp-json\/wp\/v2\/mec-events\/69964","targetHints":{"allow":["GET"]}}],"collection":[{"href":"https:\/\/imagazine.it\/home_desk\/wp-json\/wp\/v2\/mec-events"}],"about":[{"href":"https:\/\/imagazine.it\/home_desk\/wp-json\/wp\/v2\/types\/mec-events"}],"author":[{"embeddable":true,"href":"https:\/\/imagazine.it\/home_desk\/wp-json\/wp\/v2\/users\/28"}],"replies":[{"embeddable":true,"href":"https:\/\/imagazine.it\/home_desk\/wp-json\/wp\/v2\/comments?post=69964"}],"wp:featuredmedia":[{"embeddable":true,"href":"https:\/\/imagazine.it\/home_desk\/wp-json\/wp\/v2\/media\/69965"}],"wp:attachment":[{"href":"https:\/\/imagazine.it\/home_desk\/wp-json\/wp\/v2\/media?parent=69964"}],"wp:term":[{"taxonomy":"post_tag","embeddable":true,"href":"https:\/\/imagazine.it\/home_desk\/wp-json\/wp\/v2\/tags?post=69964"},{"taxonomy":"mec_category","embeddable":true,"href":"https:\/\/imagazine.it\/home_desk\/wp-json\/wp\/v2\/mec_category?post=69964"}],"curies":[{"name":"wp","href":"https:\/\/api.w.org\/{rel}","templated":true}]}}

<p><span style="font-size: 10pt;"><em>Nicola Santini</em></span></p>
<p>Una giornata all’insegna dello <strong>stile, della sorpresa e della riscoperta del commercio cittadino</strong>. È quella che attende i goriziani <strong>venerdì 5 dicembre</strong>, quando le vie del centro diventeranno una <strong>vera passerella urbana</strong> grazie a un’iniziativa speciale, pensata per vivere lo shopping in modo nuovo: sartoriale, partecipato, coinvolgente.</p>
<p>Una sorta di <strong><em>flash mob della moda</em></strong>, dove tutti possono sentirsi protagonisti, accompagnati da due guide d’eccezione.</p>
<p>A condurre il gioco saranno infatti <strong>Nicola Santini</strong>, noto esperto di galateo e bon ton, volto televisivo, autore, giornalista (è direttore del settimanale <em>Vero</em>) e consulente di immagine, ed <strong>Elisa D’Ospina</strong>, influencer di moda tra le più seguite in Italia e top model internazionale, punto di riferimento della moda nel settore conformato e da sempre impegnata sul tema della valorizzazione del corpo e della persona.</p>
<p>Per chi vuole iniziare con una chiacchierata con i protagonisti, l’appuntamento di apertura della giornata di venerdì 5 dicembre è alle <strong>10 al Caffè del Teatro</strong>.</p>
<p>I due personal shopper ascolteranno desideri, gusti, esigenze e budget dei partecipanti per guidarli verso i capi e gli accessori più adatti alla loro personalità, trasformando l’acquisto in un gesto creativo, e non in una semplice transazione.</p>
<p>«Un capo perfetto — <strong>afferma Nicola Santini</strong> — non è mai solo una taglia o un colore: è un racconto di sé che decide di incontrare il mondo. Ed è bello far sì che questa storia cominci proprio nei negozi della propria città».</p>
<figure id="attachment_69966" aria-describedby="caption-attachment-69966" style="width: 800px" class="wp-caption aligncenter"><img loading="lazy" decoding="async" class="size-full wp-image-69966" src="https://imagazine.it/wp-content/uploads/2025/12/elisa.jpg" alt="" width="800" height="613" title="" srcset="https://imagazine.it/wp-content/uploads/2025/12/elisa.jpg 800w, https://imagazine.it/wp-content/uploads/2025/12/elisa-300x230.jpg 300w, https://imagazine.it/wp-content/uploads/2025/12/elisa-768x588.jpg 768w" sizes="auto, (max-width: 800px) 100vw, 800px" /><figcaption id="caption-attachment-69966" class="wp-caption-text">Elisa D&#8217;Ospina</figcaption></figure>
<p>Accanto a lui, <strong>Elisa D’Ospina</strong> offrirà consigli pratici e inclusivi, forte della sua esperienza nel mondo della moda e della comunicazione.</p>
