{"id":69833,"date":"2025-11-26T12:03:27","date_gmt":"2025-11-26T11:03:27","guid":{"rendered":"https:\/\/imagazine.it\/home_desk\/?post_type=mec-events&#038;p=69833"},"modified":"2025-11-26T12:03:27","modified_gmt":"2025-11-26T11:03:27","slug":"gli-intrecci-sonori-di-mare-nostrum","status":"publish","type":"mec-events","link":"https:\/\/imagazine.it\/home_desk\/events\/gli-intrecci-sonori-di-mare-nostrum\/","title":{"rendered":"Gli intrecci sonori di Mare Nostrum"},"content":{"rendered":"<p><span style=\"font-size: 10pt;\"><em>(\u00a9 Roberto Cifarelli)<\/em><\/span><\/p>\n<p>Sabato <strong>29 novembre<\/strong>, alle <strong>21<\/strong>, il <strong>Teatro Zancanaro di Sacile<\/strong> accoglier\u00e0 <strong>Mare Nostrum<\/strong>, il trio formato da <strong>Paolo Fresu<\/strong>, <strong>Richard Galliano<\/strong> e <strong>Jan Lundgren<\/strong>.<\/p>\n<p>Il trombettista sardo, il fisarmonicista francese e il pianista svedese si incontrano in un territorio di confine che non assomiglia a nessun altro: un luogo poetico e sonoro dove jazz, folk e musica classica si intrecciano con naturalezza sorprendente, dando vita a narrazioni che attraversano l\u2019Europa dal Mediterraneo alle foreste del Nord.<\/p>\n<p>Con <strong>Mare Nostrum IV<\/strong>, il loro pi\u00f9 recente capitolo discografico, Fresu, Galliano e Lundgren firmano dodici miniature che oscillano tra malinconia nordica e calore mediterraneo, piccoli film sonori capaci di tenere insieme la nostalgia della distanza e la gioia dell\u2019incontro.<\/p>\n<p>Un \u201cmare di sonorit\u00e0\u201d, come \u00e8 stato scritto, che oggi pi\u00f9 che mai appare come un\u2019utopia necessaria: un luogo dove ci\u00f2 che unisce \u00e8 pi\u00f9 forte di ci\u00f2 che divide.<\/p>\n","protected":false},"excerpt":{"rendered":"<p>Il trio formato da Fresu, Galliano e Lundgren protagonista di un concerto unico con narrazioni che attraversano l\u2019Europa dal Mediterraneo alle foreste del Nord<\/p>\n","protected":false},"author":28,"featured_media":69834,"comment_status":"closed","ping_status":"closed","template":"","tags":[861,261,826,281,55,1159],"mec_category":[99],"class_list":["post-69833","mec-events","type-mec-events","status-publish","has-post-thumbnail","hentry","tag-concerti","tag-eventi","tag-eventi-fvg","tag-jazz","tag-musica","tag-sacile","mec_category-music"],"_links":{"self":[{"href":"https:\/\/imagazine.it\/home_desk\/wp-json\/wp\/v2\/mec-events\/69833","targetHints":{"allow":["GET"]}}],"collection":[{"href":"https:\/\/imagazine.it\/home_desk\/wp-json\/wp\/v2\/mec-events"}],"about":[{"href":"https:\/\/imagazine.it\/home_desk\/wp-json\/wp\/v2\/types\/mec-events"}],"author":[{"embeddable":true,"href":"https:\/\/imagazine.it\/home_desk\/wp-json\/wp\/v2\/users\/28"}],"replies":[{"embeddable":true,"href":"https:\/\/imagazine.it\/home_desk\/wp-json\/wp\/v2\/comments?post=69833"}],"wp:featuredmedia":[{"embeddable":true,"href":"https:\/\/imagazine.it\/home_desk\/wp-json\/wp\/v2\/media\/69834"}],"wp:attachment":[{"href":"https:\/\/imagazine.it\/home_desk\/wp-json\/wp\/v2\/media?parent=69833"}],"wp:term":[{"taxonomy":"post_tag","embeddable":true,"href":"https:\/\/imagazine.it\/home_desk\/wp-json\/wp\/v2\/tags?post=69833"},{"taxonomy":"mec_category","embeddable":true,"href":"https:\/\/imagazine.it\/home_desk\/wp-json\/wp\/v2\/mec_category?post=69833"}],"curies":[{"name":"wp","href":"https:\/\/api.w.org\/{rel}","templated":true}]}}

<p><span style="font-size: 10pt;"><em>(© Roberto Cifarelli)</em></span></p>
<p>Sabato <strong>29 novembre</strong>, alle <strong>21</strong>, il <strong>Teatro Zancanaro di Sacile</strong> accoglierà <strong>Mare Nostrum</strong>, il trio formato da <strong>Paolo Fresu</strong>, <strong>Richard Galliano</strong> e <strong>Jan Lundgren</strong>.</p>
<p>Il trombettista sardo, il fisarmonicista francese e il pianista svedese si incontrano in un territorio di confine che non assomiglia a nessun altro: un luogo poetico e sonoro dove jazz, folk e musica classica si intrecciano con naturalezza sorprendente, dando vita a narrazioni che attraversano l’Europa dal Mediterraneo alle foreste del Nord.</p>
<p>Con <strong>Mare Nostrum IV</strong>, il loro più recente capitolo discografico, Fresu, Galliano e Lundgren firmano dodici miniature che oscillano tra malinconia nordica e calore mediterraneo, piccoli film sonori capaci di tenere insieme la nostalgia della distanza e la gioia dell’incontro.</p>
<p>Un “mare di sonorità”, come è stato scritto, che oggi più che mai appare come un’utopia necessaria: un luogo dove ciò che unisce è più forte di ciò che divide.</p>
