{"id":69659,"date":"2025-11-18T18:12:57","date_gmt":"2025-11-18T17:12:57","guid":{"rendered":"https:\/\/imagazine.it\/home_desk\/?post_type=mec-events&#038;p=69659"},"modified":"2025-11-18T18:12:57","modified_gmt":"2025-11-18T17:12:57","slug":"viewfinders-matteo-girola","status":"publish","type":"mec-events","link":"https:\/\/imagazine.it\/home_desk\/events\/viewfinders-matteo-girola\/","title":{"rendered":"Viewfinders &#8211; Matteo Girola"},"content":{"rendered":"<p lang=\"da-DK\"><span style=\"font-family: georgia, palatino, serif; font-size: 12pt;\"><span lang=\"it-IT\">studiofaganel presenta la personale di <strong>Matteo Girola<\/strong> dal titolo &#8220;<em>Viewfinders<\/em>&#8220;.\u00a0In mostra per la prima volta otto opere, gi\u00e0 esposte in anteprima in occasione del Centrale Festival di Milano (3-5 ottobre 2025) a cura di Luca Panaro, tratte dal libro omonimo pubblicato da studiofaganel a marzo di quest&#8217;anno.<\/span><\/span><\/p>\n<p lang=\"da-DK\"><span style=\"font-family: georgia, palatino, serif; font-size: 12pt;\"><span lang=\"da-DK\">Viewfinders\u00a0<\/span><span lang=\"it-IT\">\u00e8 un lavoro che negli anni ha subito diverse forme editoriali: da dummy sviluppato durante un laboratorio di Chippendale studio Milano, a libro d\u2019arte con una piccola tiratura realizzato in selfpublishing, fino a diventare un libro da noi pubblicato. Seppur con un ampia tiratura \u00e8 rimasto un libro d\u2019arte per molte caratteristiche, legate ai materiali utilizzati, la rilegatura (fatta a mano) e soprattutto per quel che riguarda la stampa che ha visto la combinazione dell\u2019off set con la tecnica Risograph (i ritratti dei viewfinders).<\/span><\/span><\/p>\n<p lang=\"da-DK\"><span style=\"font-family: georgia, palatino, serif; font-size: 12pt;\"><span lang=\"it-IT\">Infine il progetto giunge alla forma di\u00a0<\/span><span lang=\"it-IT\">opera\u00a0<\/span><span lang=\"it-IT\">d\u2019arte<\/span><span lang=\"it-IT\">\u00a0<\/span><span lang=\"it-IT\">e sceglie di esserlo in stretta connessione con il libro:\u00a0<\/span><span lang=\"it-IT\">cos\u00ec le opere<\/span><span lang=\"it-IT\">\u00a0saranno ancora dei ritratti fluttuanti sullo sfondo neutro, ancora stampe Risograph su una carta identica a quella utilizzata per l\u2019edizione.<\/span><\/span><\/p>\n<p lang=\"da-DK\"><span style=\"font-family: georgia, palatino, serif; font-size: 12pt;\"><span lang=\"it-IT\">Il progetto nasce come risultato di una lunga ricerca sui manuali d\u2019uso delle macchine fotografiche, in cui sono state individuate delle immagini descrittive ma in modo\u00a0<\/span><span style=\"color: #000000;\"><span lang=\"it-IT\">improprio<\/span><\/span><span lang=\"it-IT\">\u00a0dell\u2019uso del dispositivo. Queste immagini ritraggono cos\u00ec dei personaggi che guardano nel mirino (viewfinder) e nel gesto sbagliato e alternativo di tenere la fotocamera sottosopra risultano dei cercatori di nuove vedute (viewfinders). Tra le diverse riflessioni il lavoro suggerisce la necessit\u00e0 e la bellezza di ricercare punti di vista diversi e insoliti per guardare la realt\u00e0, anche grazie all\u2019incontro magico con una macchina fotografica e con la fotografia, esattamente come l\u2019autore stesso ha fatto riconoscendo e trovando questi ritratti in un vasto \u201carchivio\u201d di immagini.<\/span><\/span><\/p>\n<p lang=\"da-DK\"><span style=\"font-family: georgia, palatino, serif; font-size: 12pt;\"><span lang=\"it-IT\">In esposizione anche altri due progetti. &#8220;Luce dei miei occhi&#8221; (2019), in cui l&#8217;artista utilizza delle immagini di un esame diagnostico oftalmologico, trasferite su una diapositiva, rivelando a se stesso e ai visitatori la mappa dei suoi occhi, attraverso una scultura che assomiglia a un tabernacolo magico e a un obsoleto strumento medico.<\/span><\/span><\/p>\n<p lang=\"da-DK\"><span style=\"font-family: georgia, palatino, serif; font-size: 12pt;\"><span lang=\"it-IT\">E una selezione di immagini dalla serie &#8220;Just a souvenir&#8221; (2015), che deriva da una raccolta di migliaia di immagini misteriose prodotte dai primi cellulari con fotocamera, caricate online da autori anonimi, e infine conservate e selezionate dall&#8217;autore.<\/span><\/span><\/p>\n<p lang=\"da-DK\"><span style=\"font-family: georgia, palatino, serif; font-size: 12pt;\"><span lang=\"it-IT\">Una ricerca quella di Girola che, pur utilizzando diversi linguaggi operativi, procede nel tracciato della fotografia contemporanea, esplora la natura delle immagini tra realt\u00e0 e finzione, tra archivi e propria produzione, soffermandosi sulla loro incertezza, modificazioni e riproducibilit\u00e0, e riflette sulla possibilit\u00e0 di una reale comunicazione fotografica.<\/span><\/span><\/p>\n<p lang=\"da-DK\"><span style=\"font-family: georgia, palatino, serif; font-size: 12pt;\"><span lang=\"it-IT\">L&#8217;inaugurazione sar\u00e0 sabato 15 novembre alle 18.30 in presenza dell&#8217;autore in dialogo con il critico d&#8217;arte Daniele Capra.<\/span><\/span><\/p>\n<p lang=\"da-DK\"><span style=\"font-family: georgia, palatino, serif; font-size: 12pt;\"><span lang=\"da-DK\">Viewfinders\u00a0<\/span><span lang=\"it-IT\">\u2014 Matteo Girola<\/span><\/span><\/p>\n<p lang=\"da-DK\"><span style=\"font-family: georgia, palatino, serif; font-size: 12pt;\"><span lang=\"it-IT\">15 novembre 2025 \u2013 16 gennaio 2026<\/span><\/span><\/p>\n<p lang=\"da-DK\"><span style=\"font-family: georgia, palatino, serif; font-size: 12pt;\"><span lang=\"it-IT\">studiofaganel\u00a0<\/span><\/span><span style=\"color: #000000; font-family: georgia, palatino, serif; font-size: 12pt;\"><span lang=\"it-IT\">viale XXIV Maggio 15\/c, Gorizia<\/span><\/span><\/p>\n<p><span style=\"font-family: georgia, palatino, serif; font-size: 12pt;\"><span style=\"color: #000000;\"><span lang=\"it-IT\">O<\/span><\/span><span style=\"color: #000000;\"><span lang=\"it-IT\">rari:<\/span><\/span><span style=\"color: #000000;\"><br \/>\n<\/span><span style=\"color: #000000;\"><span lang=\"it-IT\">luned\u00ec\u2014venerd\u00ec 16.00\u201419.00<\/span><\/span><span style=\"color: #000000;\"><br \/>\n<\/span><span style=\"color: #000000;\"><span lang=\"it-IT\">sabato e mattine su appuntamento<\/span><\/span><\/span><\/p>\n<h3><\/h3>\n","protected":false},"excerpt":{"rendered":"<p>A Gorizia la mostra personale nata dal progetto di ricerca sui manuali d\u2019uso delle macchine fotografiche<\/p>\n","protected":false},"author":28,"featured_media":69660,"comment_status":"closed","ping_status":"closed","template":"","tags":[293,43,60],"mec_category":[59],"class_list":["post-69659","mec-events","type-mec-events","status-publish","has-post-thumbnail","hentry","tag-fotografia","tag-gorizia","tag-mostre","mec_category-meeting"],"_links":{"self":[{"href":"https:\/\/imagazine.it\/home_desk\/wp-json\/wp\/v2\/mec-events\/69659","targetHints":{"allow":["GET"]}}],"collection":[{"href":"https:\/\/imagazine.it\/home_desk\/wp-json\/wp\/v2\/mec-events"}],"about":[{"href":"https:\/\/imagazine.it\/home_desk\/wp-json\/wp\/v2\/types\/mec-events"}],"author":[{"embeddable":true,"href":"https:\/\/imagazine.it\/home_desk\/wp-json\/wp\/v2\/users\/28"}],"replies":[{"embeddable":true,"href":"https:\/\/imagazine.it\/home_desk\/wp-json\/wp\/v2\/comments?post=69659"}],"wp:featuredmedia":[{"embeddable":true,"href":"https:\/\/imagazine.it\/home_desk\/wp-json\/wp\/v2\/media\/69660"}],"wp:attachment":[{"href":"https:\/\/imagazine.it\/home_desk\/wp-json\/wp\/v2\/media?parent=69659"}],"wp:term":[{"taxonomy":"post_tag","embeddable":true,"href":"https:\/\/imagazine.it\/home_desk\/wp-json\/wp\/v2\/tags?post=69659"},{"taxonomy":"mec_category","embeddable":true,"href":"https:\/\/imagazine.it\/home_desk\/wp-json\/wp\/v2\/mec_category?post=69659"}],"curies":[{"name":"wp","href":"https:\/\/api.w.org\/{rel}","templated":true}]}}

<p lang="da-DK"><span style="font-family: georgia, palatino, serif; font-size: 12pt;"><span lang="it-IT">studiofaganel presenta la personale di <strong>Matteo Girola</strong> dal titolo &#8220;<em>Viewfinders</em>&#8220;. In mostra per la prima volta otto opere, già esposte in anteprima in occasione del Centrale Festival di Milano (3-5 ottobre 2025) a cura di Luca Panaro, tratte dal libro omonimo pubblicato da studiofaganel a marzo di quest&#8217;anno.</span></span></p>
<p lang="da-DK"><span style="font-family: georgia, palatino, serif; font-size: 12pt;"><span lang="da-DK">Viewfinders </span><span lang="it-IT">è un lavoro che negli anni ha subito diverse forme editoriali: da dummy sviluppato durante un laboratorio di Chippendale studio Milano, a libro d’arte con una piccola tiratura realizzato in selfpublishing, fino a diventare un libro da noi pubblicato. Seppur con un ampia tiratura è rimasto un libro d’arte per molte caratteristiche, legate ai materiali utilizzati, la rilegatura (fatta a mano) e soprattutto per quel che riguarda la stampa che ha visto la combinazione dell’off set con la tecnica Risograph (i ritratti dei viewfinders).</span></span></p>
<p lang="da-DK"><span style="font-family: georgia, palatino, serif; font-size: 12pt;"><span lang="it-IT">Infine il progetto giunge alla forma di </span><span lang="it-IT">opera </span><span lang="it-IT">d’arte</span><span lang="it-IT"> </span><span lang="it-IT">e sceglie di esserlo in stretta connessione con il libro: </span><span lang="it-IT">così le opere</span><span lang="it-IT"> saranno ancora dei ritratti fluttuanti sullo sfondo neutro, ancora stampe Risograph su una carta identica a quella utilizzata per l’edizione.</span></span></p>
<p lang="da-DK"><span style="font-family: georgia, palatino, serif; font-size: 12pt;"><span lang="it-IT">Il progetto nasce come risultato di una lunga ricerca sui manuali d’uso delle macchine fotografiche, in cui sono state individuate delle immagini descrittive ma in modo </span><span style="color: #000000;"><span lang="it-IT">improprio</span></span><span lang="it-IT"> dell’uso del dispositivo. Queste immagini ritraggono così dei personaggi che guardano nel mirino (viewfinder) e nel gesto sbagliato e alternativo di tenere la fotocamera sottosopra risultano dei cercatori di nuove vedute (viewfinders). Tra le diverse riflessioni il lavoro suggerisce la necessità e la bellezza di ricercare punti di vista diversi e insoliti per guardare la realtà, anche grazie all’incontro magico con una macchina fotografica e con la fotografia, esattamente come l’autore stesso ha fatto riconoscendo e trovando questi ritratti in un vasto “archivio” di immagini.</span></span></p>
<p lang="da-DK"><span style="font-family: georgia, palatino, serif; font-size: 12pt;"><span lang="it-IT">In esposizione anche altri due progetti. &#8220;Luce dei miei occhi&#8221; (2019), in cui l&#8217;artista utilizza delle immagini di un esame diagnostico oftalmologico, trasferite su una diapositiva, rivelando a se stesso e ai visitatori la mappa dei suoi occhi, attraverso una scultura che assomiglia a un tabernacolo magico e a un obsoleto strumento medico.</span></span></p>
<p lang="da-DK"><span style="font-family: georgia, palatino, serif; font-size: 12pt;"><span lang="it-IT">E una selezione di immagini dalla serie &#8220;Just a souvenir&#8221; (2015), che deriva da una raccolta di migliaia di immagini misteriose prodotte dai primi cellulari con fotocamera, caricate online da autori anonimi, e infine conservate e selezionate dall&#8217;autore.</span></span></p>
<p lang="da-DK"><span style="font-family: georgia, palatino, serif; font-size: 12pt;"><span lang="it-IT">Una ricerca quella di Girola che, pur utilizzando diversi linguaggi operativi, procede nel tracciato della fotografia contemporanea, esplora la natura delle immagini tra realtà e finzione, tra archivi e propria produzione, soffermandosi sulla loro incertezza, modificazioni e riproducibilità, e riflette sulla possibilità di una reale comunicazione fotografica.</span></span></p>
<p lang="da-DK"><span style="font-family: georgia, palatino, serif; font-size: 12pt;"><span lang="it-IT">L&#8217;inaugurazione sarà sabato 15 novembre alle 18.30 in presenza dell&#8217;autore in dialogo con il critico d&#8217;arte Daniele Capra.</span></span></p>
<p lang="da-DK"><span style="font-family: georgia, palatino, serif; font-size: 12pt;"><span lang="da-DK">Viewfinders </span><span lang="it-IT">— Matteo Girola</span></span></p>
<p lang="da-DK"><span style="font-family: georgia, palatino, serif; font-size: 12pt;"><span lang="it-IT">15 novembre 2025 – 16 gennaio 2026</span></span></p>
<p lang="da-DK"><span style="font-family: georgia, palatino, serif; font-size: 12pt;"><span lang="it-IT">studiofaganel </span></span><span style="color: #000000; font-family: georgia, palatino, serif; font-size: 12pt;"><span lang="it-IT">viale XXIV Maggio 15/c, Gorizia</span></span></p>
<p><span style="font-family: georgia, palatino, serif; font-size: 12pt;"><span style="color: #000000;"><span lang="it-IT">O</span></span><span style="color: #000000;"><span lang="it-IT">rari:</span></span><span style="color: #000000;"><br />
</span><span style="color: #000000;"><span lang="it-IT">lunedì—venerdì 16.00—19.00</span></span><span style="color: #000000;"><br />
</span><span style="color: #000000;"><span lang="it-IT">sabato e mattine su appuntamento</span></span></span></p>
<h3></h3>
