{"id":69656,"date":"2025-11-18T17:37:11","date_gmt":"2025-11-18T16:37:11","guid":{"rendered":"https:\/\/imagazine.it\/home_desk\/?post_type=mec-events&#038;p=69656"},"modified":"2025-11-18T17:37:11","modified_gmt":"2025-11-18T16:37:11","slug":"la-corsa-della-bora","status":"publish","type":"mec-events","link":"https:\/\/imagazine.it\/home_desk\/events\/la-corsa-della-bora\/","title":{"rendered":"La Corsa della Bora"},"content":{"rendered":"<p>Dopo il record della decima edizione, l\u2019evento italiano di punta per il <em>trail running\u00a0<\/em>invernale organizzato da <strong>Asd SentieroUno<\/strong> rilancia con percorsi rinnovati e torna a\u00a0\u201csconfinare\u201d in Slovenia.<\/p>\n<p>Quest\u2019anno ci sar\u00e0 un tetto massimo di 2.500 iscrizioni per garantire un\u2019esperienza premium, con nuove proposte per tutte le et\u00e0, dalla <strong><em>Young Trail<\/em><\/strong>, in collaborazione con Trieste Atletica, ai percorsi urbani con <strong><em>Cavana Run Club<\/em><\/strong>, <strong><em>La Corsa della Bora<\/em><\/strong> torna dopo il trionfo di partecipazioni della decima edizione, e propone per la prima volta undici esperienze di corsa in collaborazione con le realt\u00e0, sportive e non, del territorio.<\/p>\n<p>L\u2019evento clou del <em>trail running<\/em> invernale in Italia, organizzato a Trieste da Asd SentieroUno, si prepara a tornare nel Carso italiano e sloveno il 4 gennaio 2026 con ancora pi\u00f9 eventi collaterali e riprendendo, dopo un anno di pausa, il suo tradizionale \u201csconfinamento\u201d nella vicina repubblica.<\/p>\n<p>Anche nel 2026 gli atleti troveranno percorsi diversi rispetto agli anni precedenti, con\u00a0suggestivi tracciati lungo le lande carsiche fino alla montagna e scorci di rara bellezza sul Golfo di Trieste, per poi tagliare in traguardo a due passi al mare, nel \u201cBora Village\u201d a Portopiccolo, nel comune di Duino Aurisina.<\/p>\n<p>Quest\u2019anno la manifestazione punta a offrire la massima qualit\u00e0 dell\u2019esperienza, con un tetto massimo di 2.500 iscrizioni (dopo il picco delle oltre tremila nella scorsa edizione), combinato a un arricchimento dei servizi per i partecipanti, dalle navette ai parcheggi fino al catering.<\/p>\n<p>\u201cIl nostro obbiettivo \u2013 spiega il presidente di Asd SentieroUno, Tommaso de Mottoni \u2013 \u00e8 tenere il numero di iscritti sempre pi\u00f9 alto del numero di partecipanti, per non cadere in una manifestazione generalista dove le olive pugliesi e gli aspirapolvere prendano il sopravvento sullo sport. Quando si raggiunge un certo livello di sviluppo \u00e8 in genere pi\u00f9 facile alzare la quantit\u00e0 che migliorare la qualit\u00e0 e la ricerca qualitativa non pu\u00f2 andare di pari passo con economie di scala\u201d.<\/p>\n<p>Focus anche sull\u2019accessibilit\u00e0 con una maggiore scelta delle distanze da percorrere, in\u00a0modo da soddisfare tutte le esigenze e i livelli di preparazione.<\/p>\n<p>Debuttano infatti la <em>Young Trail<\/em> per giovanissimi, in collaborazione con Trieste Atletica, e un percorso \u201curbano\u201d per scoprire gli angoli nascosti di Trieste in collaborazione con Cavana Run Club, la \u201crunning community\u201d di triestini aperta a tutti, che da tempo organizza corse settimanali in citt\u00e0.<\/p>\n<p>Non mancher\u00e0, inoltre, l\u2019appuntamento con la <em>Corsa della Birra<\/em>.<\/p>\n<p>\u201cNon puntiamo su ingaggiare fuoriclasse che devono essere pagati per presenziare \u2013\u00a0precisa de Mottoni \u2013: pur avendo al via atleti di ottimo livello per risultati sportivi, la nostra attenzione resta rivolta soprattutto a chi vive la corsa come un modo per scoprire il mondo. Vogliamo attirare persone motivate da questa esperienza, preservando l\u2019autenticit\u00e0 e la credibilit\u00e0 costruite in oltre dieci anni. La Corsa sta crescendo molto: \u00e8 ormai consolidata sui mercati austriaco e tedesco, che non consideriamo pi\u00f9 di prossimit\u00e0 ma primari, e si sta aprendo sempre di pi\u00f9 a Spagna, Francia, Paesi Bassi ed Estremo Oriente\u201d.<\/p>\n","protected":false},"excerpt":{"rendered":"<p>Sul Carso triestino l\u2019evento italiano di punta per il trail running invernale rilancia con percorsi rinnovati e torna a \u201csconfinare\u201d in Slovenia<\/p>\n","protected":false},"author":28,"featured_media":69657,"comment_status":"closed","ping_status":"closed","template":"","tags":[3643,1028,92,261,826,3633,65],"mec_category":[91],"class_list":["post-69656","mec-events","type-mec-events","status-publish","has-post-thumbnail","hentry","tag-bora","tag-carso","tag-corsa","tag-eventi","tag-eventi-fvg","tag-running","tag-trieste","mec_category-sport"],"_links":{"self":[{"href":"https:\/\/imagazine.it\/home_desk\/wp-json\/wp\/v2\/mec-events\/69656","targetHints":{"allow":["GET"]}}],"collection":[{"href":"https:\/\/imagazine.it\/home_desk\/wp-json\/wp\/v2\/mec-events"}],"about":[{"href":"https:\/\/imagazine.it\/home_desk\/wp-json\/wp\/v2\/types\/mec-events"}],"author":[{"embeddable":true,"href":"https:\/\/imagazine.it\/home_desk\/wp-json\/wp\/v2\/users\/28"}],"replies":[{"embeddable":true,"href":"https:\/\/imagazine.it\/home_desk\/wp-json\/wp\/v2\/comments?post=69656"}],"wp:featuredmedia":[{"embeddable":true,"href":"https:\/\/imagazine.it\/home_desk\/wp-json\/wp\/v2\/media\/69657"}],"wp:attachment":[{"href":"https:\/\/imagazine.it\/home_desk\/wp-json\/wp\/v2\/media?parent=69656"}],"wp:term":[{"taxonomy":"post_tag","embeddable":true,"href":"https:\/\/imagazine.it\/home_desk\/wp-json\/wp\/v2\/tags?post=69656"},{"taxonomy":"mec_category","embeddable":true,"href":"https:\/\/imagazine.it\/home_desk\/wp-json\/wp\/v2\/mec_category?post=69656"}],"curies":[{"name":"wp","href":"https:\/\/api.w.org\/{rel}","templated":true}]}}

<p>Dopo il record della decima edizione, l’evento italiano di punta per il <em>trail running </em>invernale organizzato da <strong>Asd SentieroUno</strong> rilancia con percorsi rinnovati e torna a “sconfinare” in Slovenia.</p>
<p>Quest’anno ci sarà un tetto massimo di 2.500 iscrizioni per garantire un’esperienza premium, con nuove proposte per tutte le età, dalla <strong><em>Young Trail</em></strong>, in collaborazione con Trieste Atletica, ai percorsi urbani con <strong><em>Cavana Run Club</em></strong>, <strong><em>La Corsa della Bora</em></strong> torna dopo il trionfo di partecipazioni della decima edizione, e propone per la prima volta undici esperienze di corsa in collaborazione con le realtà, sportive e non, del territorio.</p>
<p>L’evento clou del <em>trail running</em> invernale in Italia, organizzato a Trieste da Asd SentieroUno, si prepara a tornare nel Carso italiano e sloveno il 4 gennaio 2026 con ancora più eventi collaterali e riprendendo, dopo un anno di pausa, il suo tradizionale “sconfinamento” nella vicina repubblica.</p>
<p>Anche nel 2026 gli atleti troveranno percorsi diversi rispetto agli anni precedenti, con suggestivi tracciati lungo le lande carsiche fino alla montagna e scorci di rara bellezza sul Golfo di Trieste, per poi tagliare in traguardo a due passi al mare, nel “Bora Village” a Portopiccolo, nel comune di Duino Aurisina.</p>
<p>Quest’anno la manifestazione punta a offrire la massima qualità dell’esperienza, con un tetto massimo di 2.500 iscrizioni (dopo il picco delle oltre tremila nella scorsa edizione), combinato a un arricchimento dei servizi per i partecipanti, dalle navette ai parcheggi fino al catering.</p>
<p>“Il nostro obbiettivo – spiega il presidente di Asd SentieroUno, Tommaso de Mottoni – è tenere il numero di iscritti sempre più alto del numero di partecipanti, per non cadere in una manifestazione generalista dove le olive pugliesi e gli aspirapolvere prendano il sopravvento sullo sport. Quando si raggiunge un certo livello di sviluppo è in genere più facile alzare la quantità che migliorare la qualità e la ricerca qualitativa non può andare di pari passo con economie di scala”.</p>
<p>Focus anche sull’accessibilità con una maggiore scelta delle distanze da percorrere, in modo da soddisfare tutte le esigenze e i livelli di preparazione.</p>
<p>Debuttano infatti la <em>Young Trail</em> per giovanissimi, in collaborazione con Trieste Atletica, e un percorso “urbano” per scoprire gli angoli nascosti di Trieste in collaborazione con Cavana Run Club, la “running community” di triestini aperta a tutti, che da tempo organizza corse settimanali in città.</p>
<p>Non mancherà, inoltre, l’appuntamento con la <em>Corsa della Birra</em>.</p>
<p>“Non puntiamo su ingaggiare fuoriclasse che devono essere pagati per presenziare – precisa de Mottoni –: pur avendo al via atleti di ottimo livello per risultati sportivi, la nostra attenzione resta rivolta soprattutto a chi vive la corsa come un modo per scoprire il mondo. Vogliamo attirare persone motivate da questa esperienza, preservando l’autenticità e la credibilità costruite in oltre dieci anni. La Corsa sta crescendo molto: è ormai consolidata sui mercati austriaco e tedesco, che non consideriamo più di prossimità ma primari, e si sta aprendo sempre di più a Spagna, Francia, Paesi Bassi ed Estremo Oriente”.</p>
