{"id":69645,"date":"2025-11-18T16:38:10","date_gmt":"2025-11-18T15:38:10","guid":{"rendered":"https:\/\/imagazine.it\/home_desk\/?post_type=mec-events&#038;p=69645"},"modified":"2025-11-18T16:38:10","modified_gmt":"2025-11-18T15:38:10","slug":"vivere-la-demenza-per-cambiare-prospettiva","status":"publish","type":"mec-events","link":"https:\/\/imagazine.it\/home_desk\/events\/vivere-la-demenza-per-cambiare-prospettiva\/","title":{"rendered":"Vivere la demenza per cambiare prospettiva"},"content":{"rendered":"<p><span style=\"font-size: 10pt;\"><em>La Stanza della dispercezione<\/em><\/span><\/p>\n<p><strong>Vivere in prima persona<\/strong>\u00a0le\u00a0<strong>alterazioni percettive e cognitive<\/strong>\u00a0correlate con l\u2019<strong>Alzheimer<\/strong>, le\u00a0<strong>demenze<\/strong>\u00a0o altre\u00a0<strong>patologie dementigene<\/strong>.<\/p>\n<p>Questo \u00e8 l\u2019invito che la Cooperativa sociale Itaca rivolge ai visitatori del\u00a0<strong><em>Malnisio Science Festival<\/em><\/strong>\u00a0attraverso\u00a0<span style=\"text-decoration: underline;\"><a href=\"https:\/\/malnisiosciencefestival.eu\/attivita\/la-stanza-della-dispercezione\/\" target=\"_blank\" rel=\"noopener\"><strong>\u201cLa Stanza della Dispercezione\u201d<\/strong><\/a><\/span>, un\u00a0<strong>percorso esperienziale immersivo e multisensoriale<\/strong>\u00a0per stimolare un\u00a0<strong>approccio<\/strong>\u00a0di cura, e del prendersi cura,\u00a0<strong>etico, empatico e rispettoso<\/strong>\u00a0della dignit\u00e0 umana dell\u2019anziano con fragilit\u00e0 o vulnerabilit\u00e0.<\/p>\n<p>L\u2019allestimento, promosso all\u2019interno della Lab Area nell\u2019ambito del Festival che si terr\u00e0 a Malnisio, sar\u00e0 fruibile gratuitamente nella suggestiva cornice della Centrale idroelettrica Antonio Pitter\u00a0<strong>sabato 22 novembre <\/strong>dalle 15 alle 19.30 e<strong> domenica 23 novembre <\/strong>dalle 10.30 alle 19.30.<\/p>\n<h3>CREARE UNA COMUNIT\u00c0 CONSAPEVOLE E INCLUSIVA<\/h3>\n<p>In Friuli Venezia Giulia si stimano oltre\u00a0<strong>26.000 casi di demenza<\/strong>\u00a0nella popolazione\u00a0<strong>over 65<\/strong>, di cui oltre\u00a0<strong>18.000<\/strong>\u00a0affetti da\u00a0<strong>Alzheimer<\/strong>. A questi si aggiungono circa\u00a0<strong>500<\/strong>\u00a0casi nella fascia d\u2019et\u00e0\u00a0<strong>35-64 anni<\/strong>\u00a0(demenza\u00a0<em>early onset<\/em>) e oltre\u00a0<strong>21.000<\/strong>\u00a0persone con disturbo cognitivo lieve (MCI).<\/p>\n<p>Questi dati, in aumento, rendono centrale la necessit\u00e0 di agire per creare una comunit\u00e0 inclusiva. Per questo, Itaca ha attivato numerosi percorsi su pi\u00f9 livelli in collaborazione con ambiti territoriali, enti pubblici e privati, terzo settore, scuole e biblioteche, con l\u2019obiettivo di rendere la comunit\u00e0 uno\u00a0<strong>spazio sociale amico delle persone anziane<\/strong>\u00a0e competente nelle patologie dementigene.<\/p>\n<h3>IL PERCORSO E IL SUPPORTO<\/h3>\n<p>L\u2019esperienza della Stanza della Dispercezione ha l&#8217;intento di fornire \u201cpillole di comprensione\u201d che possano aiutare caregiver e familiari a relazionarsi con maggiore empatia e a facilitare situazioni complesse, promuovendo un approccio dignitoso e supportivo.<\/p>\n<p>Il percorso, dinamico e della durata di\u00a0<strong>20 minuti<\/strong>, \u00e8 gestito da psicologhe di Itaca specializzate nelle tematiche legate all\u2019Alzheimer.<\/p>\n<p>A supporto dell\u2019esperienza, a conclusione del percorso verr\u00e0 fornita ad ogni partecipante una\u00a0<strong>Guida per riconoscere i segnali di deterioramento cognitivo e imparare a gestirli<\/strong>.<\/p>\n<p>L\u2019esperienza \u00e8 fruibile recandosi presso la Lab Area. Per evitare i tempi di attesa \u00e8\u00a0<strong>consigliata la prenotazione<\/strong>\u00a0inviando una e-mail a\u00a0<a href=\"mailto:dispercezione@itaca.coopsoc.it\">dispercezione@itaca.coopsoc.it<\/a>.<\/p>\n","protected":false},"excerpt":{"rendered":"<p>Al Malnisio Science Festival \u201cLa Stanza della Dispercezione\u201d offre un percorso esperienziale per stimolare un approccio di cura etico e rispettoso<\/p>\n","protected":false},"author":28,"featured_media":69646,"comment_status":"closed","ping_status":"closed","template":"","tags":[1085,3638],"mec_category":[59],"class_list":["post-69645","mec-events","type-mec-events","status-publish","has-post-thumbnail","hentry","tag-demenza","tag-malnisio","mec_category-meeting"],"_links":{"self":[{"href":"https:\/\/imagazine.it\/home_desk\/wp-json\/wp\/v2\/mec-events\/69645","targetHints":{"allow":["GET"]}}],"collection":[{"href":"https:\/\/imagazine.it\/home_desk\/wp-json\/wp\/v2\/mec-events"}],"about":[{"href":"https:\/\/imagazine.it\/home_desk\/wp-json\/wp\/v2\/types\/mec-events"}],"author":[{"embeddable":true,"href":"https:\/\/imagazine.it\/home_desk\/wp-json\/wp\/v2\/users\/28"}],"replies":[{"embeddable":true,"href":"https:\/\/imagazine.it\/home_desk\/wp-json\/wp\/v2\/comments?post=69645"}],"wp:featuredmedia":[{"embeddable":true,"href":"https:\/\/imagazine.it\/home_desk\/wp-json\/wp\/v2\/media\/69646"}],"wp:attachment":[{"href":"https:\/\/imagazine.it\/home_desk\/wp-json\/wp\/v2\/media?parent=69645"}],"wp:term":[{"taxonomy":"post_tag","embeddable":true,"href":"https:\/\/imagazine.it\/home_desk\/wp-json\/wp\/v2\/tags?post=69645"},{"taxonomy":"mec_category","embeddable":true,"href":"https:\/\/imagazine.it\/home_desk\/wp-json\/wp\/v2\/mec_category?post=69645"}],"curies":[{"name":"wp","href":"https:\/\/api.w.org\/{rel}","templated":true}]}}

<p><span style="font-size: 10pt;"><em>La Stanza della dispercezione</em></span></p>
<p><strong>Vivere in prima persona</strong> le <strong>alterazioni percettive e cognitive</strong> correlate con l’<strong>Alzheimer</strong>, le <strong>demenze</strong> o altre <strong>patologie dementigene</strong>.</p>
<p>Questo è l’invito che la Cooperativa sociale Itaca rivolge ai visitatori del <strong><em>Malnisio Science Festival</em></strong> attraverso <span style="text-decoration: underline;"><a href="https://malnisiosciencefestival.eu/attivita/la-stanza-della-dispercezione/" target="_blank" rel="noopener"><strong>“La Stanza della Dispercezione”</strong></a></span>, un <strong>percorso esperienziale immersivo e multisensoriale</strong> per stimolare un <strong>approccio</strong> di cura, e del prendersi cura, <strong>etico, empatico e rispettoso</strong> della dignità umana dell’anziano con fragilità o vulnerabilità.</p>
<p>L’allestimento, promosso all’interno della Lab Area nell’ambito del Festival che si terrà a Malnisio, sarà fruibile gratuitamente nella suggestiva cornice della Centrale idroelettrica Antonio Pitter <strong>sabato 22 novembre </strong>dalle 15 alle 19.30 e<strong> domenica 23 novembre </strong>dalle 10.30 alle 19.30.</p>
<h3>CREARE UNA COMUNITÀ CONSAPEVOLE E INCLUSIVA</h3>
<p>In Friuli Venezia Giulia si stimano oltre <strong>26.000 casi di demenza</strong> nella popolazione <strong>over 65</strong>, di cui oltre <strong>18.000</strong> affetti da <strong>Alzheimer</strong>. A questi si aggiungono circa <strong>500</strong> casi nella fascia d’età <strong>35-64 anni</strong> (demenza <em>early onset</em>) e oltre <strong>21.000</strong> persone con disturbo cognitivo lieve (MCI).</p>
<p>Questi dati, in aumento, rendono centrale la necessità di agire per creare una comunità inclusiva. Per questo, Itaca ha attivato numerosi percorsi su più livelli in collaborazione con ambiti territoriali, enti pubblici e privati, terzo settore, scuole e biblioteche, con l’obiettivo di rendere la comunità uno <strong>spazio sociale amico delle persone anziane</strong> e competente nelle patologie dementigene.</p>
<h3>IL PERCORSO E IL SUPPORTO</h3>
<p>L’esperienza della Stanza della Dispercezione ha l&#8217;intento di fornire “pillole di comprensione” che possano aiutare caregiver e familiari a relazionarsi con maggiore empatia e a facilitare situazioni complesse, promuovendo un approccio dignitoso e supportivo.</p>
<p>Il percorso, dinamico e della durata di <strong>20 minuti</strong>, è gestito da psicologhe di Itaca specializzate nelle tematiche legate all’Alzheimer.</p>
<p>A supporto dell’esperienza, a conclusione del percorso verrà fornita ad ogni partecipante una <strong>Guida per riconoscere i segnali di deterioramento cognitivo e imparare a gestirli</strong>.</p>
<p>L’esperienza è fruibile recandosi presso la Lab Area. Per evitare i tempi di attesa è <strong>consigliata la prenotazione</strong> inviando una e-mail a <a href="mailto:dispercezione@itaca.coopsoc.it">dispercezione@itaca.coopsoc.it</a>.</p>
