{"id":69454,"date":"2025-11-07T17:46:18","date_gmt":"2025-11-07T16:46:18","guid":{"rendered":"https:\/\/imagazine.it\/home_desk\/?post_type=mec-events&#038;p=69454"},"modified":"2025-11-07T17:46:18","modified_gmt":"2025-11-07T16:46:18","slug":"the-rocky-horror-show-torna-a-trieste","status":"publish","type":"mec-events","link":"https:\/\/imagazine.it\/home_desk\/events\/the-rocky-horror-show-torna-a-trieste\/","title":{"rendered":"The Rocky Horror Show torna a Trieste"},"content":{"rendered":"<p>Con una stella del pop internazionale come <strong>Jason Donovan<\/strong> nel ruolo del protagonista e la consueta, travolgente carica di trasgressione ed energia, arriva a <strong>Trieste<\/strong>, al Politeama Rossetti <strong>dall\u201911 al 16 novembre<\/strong> \u201c<em>The Rocky Horror Show<\/em>\u201d di Richard O\u2019Brien, per la regia di Christopher Luscombe, nell\u2019edizione originale inglese.<\/p>\n<p>Un inno alla libert\u00e0 e all\u2019espressione di s\u00e9, ironica, provocatoria, sincera e rock: \u00e8 tutto questo il musical cult che ha conquistato milioni di fan in tutto il mondo, e cinquant\u2019anni fa \u00e8 diventato anche un film di successo con Tim Curry e Susan Sarandon.<\/p>\n<p>Rito collettivo, che il pubblico segue spesso presentandosi a teatro mascherato e intervenendo giocosamente a tono pi\u00f9 volte nel corso dello spettacolo, \u201c<em>The Rocky Horror Show<\/em>\u201d vanta una lunga frequentazione a Trieste: dal 1990 al 2022 ha trionfato per nove volte, in diverse edizioni, sotto le stelle del Politeama e sicuramente il pubblico \u00e8 pronto a festeggiare il successo n.10.<\/p>\n<p>A rendere speciale questa ultima edizione sar\u00e0 dunque lo straordinario Dr. Frank-N-Furter di Jason Donovan che affronta la tourn\u00e9e italiana dopo una stagione di tutto esaurito al Theatre Royal di Sydney e nel West End: per lui si tratta di un emozionante ritorno al ruolo a distanza di oltre 25 anni dall&#8217;ultima volta in cui ha impersonato il provocante e geniale scienziato extraterrestre.<\/p>\n<p>Jason Donovan ha debuttato nel mondo del musical nel West End nel 1991 interpretando Joseph nel revival londinese di \u201cJoseph and the Amazing Technicolor Dreamcoat\u201d e ha proseguito la carriera teatrale con grande successo in show come \u201cPriscilla Queen of the Desert\u201d e \u201cGrease The Musical\u201d.<\/p>\n<p>Il suo album di debutto come pop star, invece, \u00e8 stato disco di platino in Australia ed \u00e8 stato l&#8217;album pi\u00f9 venduto nel Regno Unito nel 1989. Da allora ha venduto oltre 13 milioni di dischi in tutto il mondo e continua a girare in tour.<\/p>\n<p>Lo spettacolo va in scena da marted\u00ec 11 a sabato 15 novembre alle <strong>20.30<\/strong>; sabato 15 e domenica 16 novembre ci sono anche le pomeridiane delle <strong>ore 16<\/strong>.<\/p>\n","protected":false},"excerpt":{"rendered":"<p>Nell\u2019edizione originale inglese con la partecipazione straordinaria di Jason Donovan nel ruolo di Frank-n-Furter<\/p>\n","protected":false},"author":28,"featured_media":69455,"comment_status":"closed","ping_status":"closed","template":"","tags":[261,826,821,52,65],"mec_category":[48],"class_list":["post-69454","mec-events","type-mec-events","status-publish","has-post-thumbnail","hentry","tag-eventi","tag-eventi-fvg","tag-spettacoli","tag-teatro","tag-trieste","mec_category-classic-art"],"_links":{"self":[{"href":"https:\/\/imagazine.it\/home_desk\/wp-json\/wp\/v2\/mec-events\/69454","targetHints":{"allow":["GET"]}}],"collection":[{"href":"https:\/\/imagazine.it\/home_desk\/wp-json\/wp\/v2\/mec-events"}],"about":[{"href":"https:\/\/imagazine.it\/home_desk\/wp-json\/wp\/v2\/types\/mec-events"}],"author":[{"embeddable":true,"href":"https:\/\/imagazine.it\/home_desk\/wp-json\/wp\/v2\/users\/28"}],"replies":[{"embeddable":true,"href":"https:\/\/imagazine.it\/home_desk\/wp-json\/wp\/v2\/comments?post=69454"}],"wp:featuredmedia":[{"embeddable":true,"href":"https:\/\/imagazine.it\/home_desk\/wp-json\/wp\/v2\/media\/69455"}],"wp:attachment":[{"href":"https:\/\/imagazine.it\/home_desk\/wp-json\/wp\/v2\/media?parent=69454"}],"wp:term":[{"taxonomy":"post_tag","embeddable":true,"href":"https:\/\/imagazine.it\/home_desk\/wp-json\/wp\/v2\/tags?post=69454"},{"taxonomy":"mec_category","embeddable":true,"href":"https:\/\/imagazine.it\/home_desk\/wp-json\/wp\/v2\/mec_category?post=69454"}],"curies":[{"name":"wp","href":"https:\/\/api.w.org\/{rel}","templated":true}]}}

<p>Con una stella del pop internazionale come <strong>Jason Donovan</strong> nel ruolo del protagonista e la consueta, travolgente carica di trasgressione ed energia, arriva a <strong>Trieste</strong>, al Politeama Rossetti <strong>dall’11 al 16 novembre</strong> “<em>The Rocky Horror Show</em>” di Richard O’Brien, per la regia di Christopher Luscombe, nell’edizione originale inglese.</p>
<p>Un inno alla libertà e all’espressione di sé, ironica, provocatoria, sincera e rock: è tutto questo il musical cult che ha conquistato milioni di fan in tutto il mondo, e cinquant’anni fa è diventato anche un film di successo con Tim Curry e Susan Sarandon.</p>
<p>Rito collettivo, che il pubblico segue spesso presentandosi a teatro mascherato e intervenendo giocosamente a tono più volte nel corso dello spettacolo, “<em>The Rocky Horror Show</em>” vanta una lunga frequentazione a Trieste: dal 1990 al 2022 ha trionfato per nove volte, in diverse edizioni, sotto le stelle del Politeama e sicuramente il pubblico è pronto a festeggiare il successo n.10.</p>
<p>A rendere speciale questa ultima edizione sarà dunque lo straordinario Dr. Frank-N-Furter di Jason Donovan che affronta la tournée italiana dopo una stagione di tutto esaurito al Theatre Royal di Sydney e nel West End: per lui si tratta di un emozionante ritorno al ruolo a distanza di oltre 25 anni dall&#8217;ultima volta in cui ha impersonato il provocante e geniale scienziato extraterrestre.</p>
<p>Jason Donovan ha debuttato nel mondo del musical nel West End nel 1991 interpretando Joseph nel revival londinese di “Joseph and the Amazing Technicolor Dreamcoat” e ha proseguito la carriera teatrale con grande successo in show come “Priscilla Queen of the Desert” e “Grease The Musical”.</p>
<p>Il suo album di debutto come pop star, invece, è stato disco di platino in Australia ed è stato l&#8217;album più venduto nel Regno Unito nel 1989. Da allora ha venduto oltre 13 milioni di dischi in tutto il mondo e continua a girare in tour.</p>
<p>Lo spettacolo va in scena da martedì 11 a sabato 15 novembre alle <strong>20.30</strong>; sabato 15 e domenica 16 novembre ci sono anche le pomeridiane delle <strong>ore 16</strong>.</p>
