{"id":69427,"date":"2025-11-07T12:54:47","date_gmt":"2025-11-07T11:54:47","guid":{"rendered":"https:\/\/imagazine.it\/home_desk\/?post_type=mec-events&#038;p=69427"},"modified":"2025-11-07T12:54:47","modified_gmt":"2025-11-07T11:54:47","slug":"luomo-la-bestia-e-la-virtu-2","status":"publish","type":"mec-events","link":"https:\/\/imagazine.it\/home_desk\/events\/luomo-la-bestia-e-la-virtu-2\/","title":{"rendered":"L\u2019uomo, la bestia e la virt\u00f9"},"content":{"rendered":"<p><span style=\"font-size: 10pt;\"><em>(ph. Pino Le Pera)<\/em><\/span><\/p>\n<p>La stagione artistica del Teatro Comunale di Cormons, ideata da ArtistiAssociati Centro di Produzione Teatrale, sar\u00e0 inaugurata\u00a0<strong>marted\u00ec 11 novembre<\/strong>, alle 21,\u00a0da <em>L\u2019uomo, la bestia e la virt\u00f9<\/em> di Luigi Pirandello, nell\u2019adattamento di Roberto Valerio che ne cura anche la regia, e con in scena <strong>Vanessa Gravina, Max Malatesta, Nicola Rignanese<\/strong> accompagnati da Beatrice Fedi,\u00a0Massimo Grig\u00f2, Franca Penone, Lorenzo Prestipino e Mario Valiani.<\/p>\n<p>Lo spettacolo \u00e8 prodotto da Teatri di Pistoia Centro di Produzione Teatrale in collaborazione con Manifatture Digitali Cinema \u2013 Toscana Film Commission e con Teatro Nuovo Giovanni da Udine.<\/p>\n<p>Il professor Paolino (l\u2019Uomo) conduce una vita tranquilla scandita dalle faticose lezioni private ai suoi allievi. Tra questi giovani vi \u00e8 anche Non\u00f2, un ragazzo di 11 anni, la cui mamma \u00e8 l\u2019affascinante e pudica signora Perella (la Virt\u00f9). La relazione sentimentale clandestina tra Paolino e la signora Perella soddisfa entrambi e tale resterebbe se non capitasse loro un accidente: una gravidanza improvvisa e non voluta.<\/p>\n<p>Nessun dubbio sulla paternit\u00e0, perch\u00e9 il marito della Perella (la Bestia), marinaio di lungo corso spesso assente da casa e a sua volta impegnato in una relazione extramatrimoniale con un\u2019altra donna da cui ha avuto altri due bambini, si rifiuta ormai da molto tempo di avere alcun tipo di contatto fisico con la moglie.<\/p>\n<p>Che fare? Quali stratagemmi usare per salvare le apparenze e per salvare l\u2019onorabilit\u00e0 della signora Perella e la rispettabilit\u00e0 di Paolino?<\/p>\n<p>Da qui scaturisce la tragicommedia che arriver\u00e0 a delineare i personaggi forse in modo diverso da come si presentano all\u2019inizio: Paolino \u00e8 davvero un Uomo? Il capitano Perella \u00e8 la vera Bestia? E la signora Perella \u00e8 davvero una donna cos\u00ec Virtuosa?<\/p>\n<p>L\u2019uomo, la bestia e la virt\u00f9 \u00e8 forse il testo pi\u00f9 anomalo di Pirandello: grottesco, onirico, folle. Una commedia stranamente divertente, piena di situazioni anche comiche, dove per\u00f2 l\u2019apparente semplicit\u00e0 del classico triangolo amoroso (marito, moglie, amante), cela tematiche forti che ci parlano ancora oggi.<\/p>\n<p>Salvare le apparenze, l\u2019ipocrisia, il perbenismo non sono forse ancora oggi nostre compagne di viaggio? La Morale che senso ha ai nostri giorni? E poi la morbosit\u00e0 del sesso\u2026 \u00a0il possesso del corpo della donna amata\u2026 non sono forse ancora storie che ci appassionano e che spesso troviamo nelle pagine di cronaca nera dei giornali?<\/p>\n<p>In una scenografia onirica, i personaggi (da Pirandello introdotti con didascalie che li descrivono come degli animali), si muovono come sospesi in un tempo indefinito, sognanti come i Sei personaggi o come nel Non si sa come: perch\u00e9 in Pirandello il sogno spesso rivela pi\u00f9 del reale o spesso la realt\u00e0 coincide col sogno. E nulla pi\u00f9 del racconto Teatrale (mai reale, ma specchio del reale) sa svelare i torbidi desideri, le meschinit\u00e0, la violenza e il nero dell\u2019animo umano.<\/p>\n","protected":false},"excerpt":{"rendered":"<p>Il testo di Pirandello inaugura la stagione teatrale di Corm\u00f2ns. In scena Vanessa Gravina, Max Malatesta e Nicola Rignanese <\/p>\n","protected":false},"author":28,"featured_media":69428,"comment_status":"closed","ping_status":"closed","template":"","tags":[517,261,826,821,52],"mec_category":[48],"class_list":["post-69427","mec-events","type-mec-events","status-publish","has-post-thumbnail","hentry","tag-cormons","tag-eventi","tag-eventi-fvg","tag-spettacoli","tag-teatro","mec_category-classic-art"],"_links":{"self":[{"href":"https:\/\/imagazine.it\/home_desk\/wp-json\/wp\/v2\/mec-events\/69427","targetHints":{"allow":["GET"]}}],"collection":[{"href":"https:\/\/imagazine.it\/home_desk\/wp-json\/wp\/v2\/mec-events"}],"about":[{"href":"https:\/\/imagazine.it\/home_desk\/wp-json\/wp\/v2\/types\/mec-events"}],"author":[{"embeddable":true,"href":"https:\/\/imagazine.it\/home_desk\/wp-json\/wp\/v2\/users\/28"}],"replies":[{"embeddable":true,"href":"https:\/\/imagazine.it\/home_desk\/wp-json\/wp\/v2\/comments?post=69427"}],"wp:featuredmedia":[{"embeddable":true,"href":"https:\/\/imagazine.it\/home_desk\/wp-json\/wp\/v2\/media\/69428"}],"wp:attachment":[{"href":"https:\/\/imagazine.it\/home_desk\/wp-json\/wp\/v2\/media?parent=69427"}],"wp:term":[{"taxonomy":"post_tag","embeddable":true,"href":"https:\/\/imagazine.it\/home_desk\/wp-json\/wp\/v2\/tags?post=69427"},{"taxonomy":"mec_category","embeddable":true,"href":"https:\/\/imagazine.it\/home_desk\/wp-json\/wp\/v2\/mec_category?post=69427"}],"curies":[{"name":"wp","href":"https:\/\/api.w.org\/{rel}","templated":true}]}}

L’uomo, la bestia e la virtù

<p><span style="font-size: 10pt;"><em>(ph. Pino Le Pera)</em></span></p>
<p>La stagione artistica del Teatro Comunale di Cormons, ideata da ArtistiAssociati Centro di Produzione Teatrale, sarà inaugurata <strong>martedì 11 novembre</strong>, alle 21, da <em>L’uomo, la bestia e la virtù</em> di Luigi Pirandello, nell’adattamento di Roberto Valerio che ne cura anche la regia, e con in scena <strong>Vanessa Gravina, Max Malatesta, Nicola Rignanese</strong> accompagnati da Beatrice Fedi, Massimo Grigò, Franca Penone, Lorenzo Prestipino e Mario Valiani.</p>
<p>Lo spettacolo è prodotto da Teatri di Pistoia Centro di Produzione Teatrale in collaborazione con Manifatture Digitali Cinema – Toscana Film Commission e con Teatro Nuovo Giovanni da Udine.</p>
<p>Il professor Paolino (l’Uomo) conduce una vita tranquilla scandita dalle faticose lezioni private ai suoi allievi. Tra questi giovani vi è anche Nonò, un ragazzo di 11 anni, la cui mamma è l’affascinante e pudica signora Perella (la Virtù). La relazione sentimentale clandestina tra Paolino e la signora Perella soddisfa entrambi e tale resterebbe se non capitasse loro un accidente: una gravidanza improvvisa e non voluta.</p>
<p>Nessun dubbio sulla paternità, perché il marito della Perella (la Bestia), marinaio di lungo corso spesso assente da casa e a sua volta impegnato in una relazione extramatrimoniale con un’altra donna da cui ha avuto altri due bambini, si rifiuta ormai da molto tempo di avere alcun tipo di contatto fisico con la moglie.</p>
<p>Che fare? Quali stratagemmi usare per salvare le apparenze e per salvare l’onorabilità della signora Perella e la rispettabilità di Paolino?</p>
<p>Da qui scaturisce la tragicommedia che arriverà a delineare i personaggi forse in modo diverso da come si presentano all’inizio: Paolino è davvero un Uomo? Il capitano Perella è la vera Bestia? E la signora Perella è davvero una donna così Virtuosa?</p>
<p>L’uomo, la bestia e la virtù è forse il testo più anomalo di Pirandello: grottesco, onirico, folle. Una commedia stranamente divertente, piena di situazioni anche comiche, dove però l’apparente semplicità del classico triangolo amoroso (marito, moglie, amante), cela tematiche forti che ci parlano ancora oggi.</p>
<p>Salvare le apparenze, l’ipocrisia, il perbenismo non sono forse ancora oggi nostre compagne di viaggio? La Morale che senso ha ai nostri giorni? E poi la morbosità del sesso…  il possesso del corpo della donna amata… non sono forse ancora storie che ci appassionano e che spesso troviamo nelle pagine di cronaca nera dei giornali?</p>
<p>In una scenografia onirica, i personaggi (da Pirandello introdotti con didascalie che li descrivono come degli animali), si muovono come sospesi in un tempo indefinito, sognanti come i Sei personaggi o come nel Non si sa come: perché in Pirandello il sogno spesso rivela più del reale o spesso la realtà coincide col sogno. E nulla più del racconto Teatrale (mai reale, ma specchio del reale) sa svelare i torbidi desideri, le meschinità, la violenza e il nero dell’animo umano.</p>

<p>Il testo di Pirandello inaugura la stagione teatrale di Cormòns. In scena Vanessa Gravina, Max Malatesta e Nicola Rignanese </p>
