{"id":69403,"date":"2025-11-06T16:46:39","date_gmt":"2025-11-06T15:46:39","guid":{"rendered":"https:\/\/imagazine.it\/home_desk\/?post_type=mec-events&#038;p=69403"},"modified":"2025-11-06T16:49:13","modified_gmt":"2025-11-06T15:49:13","slug":"artisti-da-tutto-il-mondo-al-trieste-tattoo-expo","status":"publish","type":"mec-events","link":"https:\/\/imagazine.it\/home_desk\/events\/artisti-da-tutto-il-mondo-al-trieste-tattoo-expo\/","title":{"rendered":"Artisti da tutto il mondo al Trieste Tattoo Expo"},"content":{"rendered":"<p><span style=\"font-size: 10pt;\"><em>La\u00a0vicesindaca di Trieste, Serena\u00a0Tonel, tra\u00a0il\u00a0presidente\u00a0dell\u2019associazione\u00a0tatuatori\u00a0FVG,\u00a0Carlo\u00a0Bonci,\u00a0e\u00a0Alex\u00a0De\u00a0Pase,\u00a0tatuatore\u00a0di\u00a0fama\u00a0internazionale\u00a0<\/em><\/span><\/p>\n<p>L&#8217;edizione\u00a02025\u00a0del\u00a0<strong>Trieste\u00a0Tattoo\u00a0Expo<\/strong>\u00a0si\u00a0terr\u00e0\u00a0il\u00a015\u00a0e\u00a0il\u00a016\u00a0novembre\u00a0al\u00a0Generali\u00a0Convention\u00a0Center.<\/p>\n<p>L\u2019evento, giunto alla 15\u00aa edizione, \u00e8 diventato a cadenza biennale e anche questa volta porter\u00e0 in citt\u00e0\u00a0pi\u00f9\u00a0di150\u00a0artisti\u00a0del\u00a0tatuaggio\u00a0e\u00a0del\u00a0piercing\u00a0da\u00a0tutto\u00a0il\u00a0mondo.<\/p>\n<p>La\u00a0due\u00a0giorni\u00a0sar\u00e0\u00a0arricchita\u00a0anche\u00a0da\u00a0spettacoli,\u00a0esibizioni,\u00a0ospiti\u00a0internazionali,\u00a0contest\u00a0e\u00a0stand\u00a0commerciali ed\u00a0enogastronomici.<\/p>\n<p>Sul sito ufficiale\u00a0<span style=\"text-decoration: underline;\"><a href=\"http:\/\/www.triestetattooexpo.com\" target=\"_blank\" rel=\"noopener\">www.triestetattooexpo.com<\/a><\/span>\u00a0sono\u00a0pubblicati\u00a0i\u00a0nomi\u00a0di\u00a0tutti\u00a0gli\u00a0artisti\u00a0del\u00a0tattoo\u00a0presenti,\u00a0con\u00a0una\u00a0scheda\u00a0descrittiva.<\/p>\n<p>Chiunque\u00a0potr\u00e0\u00a0richiedere\u00a0un\u00a0tatuaggio\u00a0da\u00a0realizzare\u00a0durante\u00a0la\u00a0convention,\u00a0incontrando\u00a0direttamente\u00a0i\u00a0professionisti\u00a0sul\u00a0posto\u00a0o\u00a0prenotando\u00a0la\u00a0propria\u00a0sessione\u00a0contattando\u00a0gli\u00a0artisti\u00a0sempre\u00a0attraverso\u00a0il\u00a0sito.<\/p>\n<p>L\u2019evento\u00a0gode\u00a0del\u00a0patrocinio\u00a0del\u00a0Comune\u00a0di\u00a0Trieste\u00a0e\u00a0per\u00a0la\u00a0prima\u00a0volta\u00a0conta\u00a0sul\u00a0marchio\u00a0\u201cIo\u00a0sono\u00a0Friuli\u00a0Venezia\u00a0Giulia\u201d.<\/p>\n<p>Sul fronte delle esibizioni, il programma prevede sul\u00a0 palco <strong>Massso Art<\/strong>, che dipinge direttamente sul corpo umano, trasformando la pelle in una tela vivente attraverso colori e forme sorprendenti, con esibizioni sabato 15 novembre alle 12.30 e alle 17, e domenica alle 12.30 e alle 17.<\/p>\n<p>La\u00a0crew\u00a0di\u00a0ballerini\u00a0di\u00a0<strong>Alister\u00a0Dance\u00a0All\u00a0Star\u00a0<\/strong>sar\u00e0\u00a0protagonista\u00a0sabato\u00a015\u00a0novembre\u00a0alle\u00a018.15.<\/p>\n<p><strong>Etere,\u00a0Pole\u00a0Dance\u00a0Studio\u00a0Trieste<\/strong>,\u00a0porter\u00e0\u00a0al\u00a0Tattoo\u00a0Expo\u00a0la\u00a0disciplina\u00a0che\u00a0unisce\u00a0danza\u00a0e\u00a0ginnastica\u00a0con\u00a0figure\u00a0atletiche\u00a0ed\u00a0acrobatiche,\u00a0con\u00a0due\u00a0esibizioni\u00a0in\u00a0orario\u00a0ancora\u00a0in\u00a0via\u00a0di\u00a0definizione.<\/p>\n<p>La\u00a0pole\u00a0dance\u00a0di\u00a0<strong>Aurora<\/strong>,\u00a0ex\u00a0ginnasta\u00a0e\u00a0ballerina,\u00a0ora\u00a0insegnante\u00a0e\u00a0performer\u00a0di\u00a0pole\u00a0dance,\u00a0arti\u00a0aeree\u00a0e\u00a0flessibilit\u00e0,\u00a0coinvolger\u00e0\u00a0il\u00a0pubblico\u00a0sabato\u00a015\u00a0novembre\u00a0alle\u00a014\u00a0e\u00a0alle\u00a017.45.<\/p>\n<p><strong>Sary\u00a0Devils<\/strong>\u00a0sar\u00e0\u00a0sul\u00a0palco\u00a0domenica\u00a016\u00a0novembre\u00a0alle\u00a014\u00a0con\u00a0uno\u00a0spettacolo\u00a0di\u00a0burlesque.<\/p>\n<p>Ai vari show si aggiungeranno come tradizione i tattoo contest, sfide tra tatuatori durante la convention, seguendo temi e indicazioni fornite dall\u2019organizzazione e dalla giuria.<\/p>\n<p>Sabato\u00a015\u00a0novembre\u00a0l\u2019avvio\u00a0della\u00a0manifestazione\u00a0\u00e8\u00a0previsto\u00a0alle\u00a011.<\/p>\n<p>L\u2019\u2018inaugurazione\u00a0ufficiale\u00a0sul\u00a0palco\u00a0\u00e8\u00a0prevista\u00a0alle\u00a012.\u00a0Apertura\u00a0poi\u00a0fino\u00a0alle\u00a020.\u00a0L\u2019orario\u00a0di\u00a0domenica\u00a0sar\u00e0\u00a0dalle\u00a010\u00a0alle\u00a020.<\/p>\n<p>L\u2019ingresso\u00a0giornaliero\u00a0\u00e8\u00a0di\u00a010\u00a0euro.<\/p>\n","protected":false},"excerpt":{"rendered":"<p>Pi\u00f9 di150 esperti del tatuaggio e del piercing per due giorni al Generali Convention Center<\/p>\n","protected":false},"author":28,"featured_media":69404,"comment_status":"closed","ping_status":"closed","template":"","tags":[261,826,3552,3626,3625,65],"mec_category":[131],"class_list":["post-69403","mec-events","type-mec-events","status-publish","has-post-thumbnail","hentry","tag-eventi","tag-eventi-fvg","tag-fiere","tag-piercing","tag-tattoo","tag-trieste","mec_category-discovery"],"_links":{"self":[{"href":"https:\/\/imagazine.it\/home_desk\/wp-json\/wp\/v2\/mec-events\/69403","targetHints":{"allow":["GET"]}}],"collection":[{"href":"https:\/\/imagazine.it\/home_desk\/wp-json\/wp\/v2\/mec-events"}],"about":[{"href":"https:\/\/imagazine.it\/home_desk\/wp-json\/wp\/v2\/types\/mec-events"}],"author":[{"embeddable":true,"href":"https:\/\/imagazine.it\/home_desk\/wp-json\/wp\/v2\/users\/28"}],"replies":[{"embeddable":true,"href":"https:\/\/imagazine.it\/home_desk\/wp-json\/wp\/v2\/comments?post=69403"}],"wp:featuredmedia":[{"embeddable":true,"href":"https:\/\/imagazine.it\/home_desk\/wp-json\/wp\/v2\/media\/69404"}],"wp:attachment":[{"href":"https:\/\/imagazine.it\/home_desk\/wp-json\/wp\/v2\/media?parent=69403"}],"wp:term":[{"taxonomy":"post_tag","embeddable":true,"href":"https:\/\/imagazine.it\/home_desk\/wp-json\/wp\/v2\/tags?post=69403"},{"taxonomy":"mec_category","embeddable":true,"href":"https:\/\/imagazine.it\/home_desk\/wp-json\/wp\/v2\/mec_category?post=69403"}],"curies":[{"name":"wp","href":"https:\/\/api.w.org\/{rel}","templated":true}]}}

<p><span style="font-size: 10pt;"><em>La vicesindaca di Trieste, Serena Tonel, tra il presidente dell’associazione tatuatori FVG, Carlo Bonci, e Alex De Pase, tatuatore di fama internazionale </em></span></p>
<p>L&#8217;edizione 2025 del <strong>Trieste Tattoo Expo</strong> si terrà il 15 e il 16 novembre al Generali Convention Center.</p>
<p>L’evento, giunto alla 15ª edizione, è diventato a cadenza biennale e anche questa volta porterà in città più di150 artisti del tatuaggio e del piercing da tutto il mondo.</p>
<p>La due giorni sarà arricchita anche da spettacoli, esibizioni, ospiti internazionali, contest e stand commerciali ed enogastronomici.</p>
<p>Sul sito ufficiale <span style="text-decoration: underline;"><a href="http://www.triestetattooexpo.com" target="_blank" rel="noopener">www.triestetattooexpo.com</a></span> sono pubblicati i nomi di tutti gli artisti del tattoo presenti, con una scheda descrittiva.</p>
<p>Chiunque potrà richiedere un tatuaggio da realizzare durante la convention, incontrando direttamente i professionisti sul posto o prenotando la propria sessione contattando gli artisti sempre attraverso il sito.</p>
<p>L’evento gode del patrocinio del Comune di Trieste e per la prima volta conta sul marchio “Io sono Friuli Venezia Giulia”.</p>
<p>Sul fronte delle esibizioni, il programma prevede sul  palco <strong>Massso Art</strong>, che dipinge direttamente sul corpo umano, trasformando la pelle in una tela vivente attraverso colori e forme sorprendenti, con esibizioni sabato 15 novembre alle 12.30 e alle 17, e domenica alle 12.30 e alle 17.</p>
<p>La crew di ballerini di <strong>Alister Dance All Star </strong>sarà protagonista sabato 15 novembre alle 18.15.</p>
<p><strong>Etere, Pole Dance Studio Trieste</strong>, porterà al Tattoo Expo la disciplina che unisce danza e ginnastica con figure atletiche ed acrobatiche, con due esibizioni in orario ancora in via di definizione.</p>
<p>La pole dance di <strong>Aurora</strong>, ex ginnasta e ballerina, ora insegnante e performer di pole dance, arti aeree e flessibilità, coinvolgerà il pubblico sabato 15 novembre alle 14 e alle 17.45.</p>
<p><strong>Sary Devils</strong> sarà sul palco domenica 16 novembre alle 14 con uno spettacolo di burlesque.</p>
<p>Ai vari show si aggiungeranno come tradizione i tattoo contest, sfide tra tatuatori durante la convention, seguendo temi e indicazioni fornite dall’organizzazione e dalla giuria.</p>
<p>Sabato 15 novembre l’avvio della manifestazione è previsto alle 11.</p>
<p>L’‘inaugurazione ufficiale sul palco è prevista alle 12. Apertura poi fino alle 20. L’orario di domenica sarà dalle 10 alle 20.</p>
<p>L’ingresso giornaliero è di 10 euro.</p>

<p>Più di150 esperti del tatuaggio e del piercing per due giorni al Generali Convention Center</p>
