{"id":69371,"date":"2025-11-05T17:54:37","date_gmt":"2025-11-05T16:54:37","guid":{"rendered":"https:\/\/imagazine.it\/home_desk\/?post_type=mec-events&#038;p=69371"},"modified":"2025-11-05T17:54:37","modified_gmt":"2025-11-05T16:54:37","slug":"le-illustrazioni-di-gilles-bachelet-a-cividale","status":"publish","type":"mec-events","link":"https:\/\/imagazine.it\/home_desk\/events\/le-illustrazioni-di-gilles-bachelet-a-cividale\/","title":{"rendered":"Le illustrazioni di Gilles Bachelet a Cividale"},"content":{"rendered":"<p>Quest\u2019anno il <strong>Sistema Bibliotecario del Cividalese<\/strong> firma un progetto dedicato a uno dei pi\u00f9 amati maestri dell\u2019illustrazione contemporanea: <strong>Gilles Bachelet<\/strong>.<\/p>\n<p>L\u2019esposizione, dal titolo <strong>\u201c<em>Funghi, carote e altri animali<\/em>\u201d<\/strong>, aprir\u00e0 sabato <strong>8 novembre alle ore 10.30<\/strong> a <strong>Cividale del Friuli<\/strong>, nella cornice della <strong>Chiesa di Santa Maria dei Battuti<\/strong>.<\/p>\n<p>\u201cUn\u2019occasione imperdibile per conoscere da vicino uno dei pi\u00f9 importanti autori e illustratori contemporanei \u2013 sottolinea la presidente del Sistema Bibliotecario, <strong>Daniela Briz<\/strong> \u2013, un artista capace di unire poesia, ironia e fantasia in un linguaggio universale che parla a grandi e piccini\u201d.<\/p>\n<p>Conosciuto per il suo stile inconfondibile e per i personaggi bizzarri che popolano i suoi libri, Bachelet ha saputo conquistare lettori di ogni et\u00e0. Dopo una lunga esperienza nella comunicazione e nella pubblicit\u00e0, l\u2019artista francese ha scoperto la sua \u201cvera vita\u201d intorno ai cinquant\u2019anni, dedicandosi all\u2019editoria per ragazzi.<\/p>\n<p>Da allora, le sue creature ironiche e surreali \u2014 dal Cavaliere Panciaterra (Premio Andersen come miglior albo illustrato) al gatto protagonista di <em>Il mio gatto \u00e8 proprio matto<\/em>, fino all\u2019arguto <em>Napoleon Champignon<\/em> \u2014 hanno reso le sue opere amatissime in tutto il mondo.<\/p>\n<p>L\u2019esposizione <strong>\u201c<em>Funghi, carote e altri animali<\/em>\u201d<\/strong> proporr\u00e0 circa <strong>cento opere originali<\/strong>, ripercorrendo <strong>cinquant\u2019anni di carriera<\/strong> di Bachelet.<\/p>\n<p>Un viaggio affascinante tra tavole, schizzi e illustrazioni nelle loro <strong>dimensioni originali<\/strong>, che permettono di scoprire come nasce un albo illustrato.<\/p>\n<p>Il percorso espositivo mette in luce l\u2019equilibrio perfetto tra <strong>colore, ironia e immaginazione<\/strong>, tratti distintivi del lavoro dell\u2019autore.<\/p>\n<p>A rendere ancora pi\u00f9 speciale l\u2019inaugurazione, sar\u00e0 la <strong>presenza dello stesso Gilles Bachelet<\/strong>, che incontrer\u00e0 il pubblico sabato 8 novembre.<\/p>\n<p>\u201cQuest\u2019anno il Sistema ha davvero superato se stesso \u2013 rivela <strong>Angela Zappulla<\/strong> per l\u2019Assessorato alla Cultura \u2013: poter accogliere Bachelet in persona \u00e8 un\u2019occasione unica per tutta la comunit\u00e0\u201d.<\/p>\n<p>Anche il sindaco di Cividale del Friuli,<strong> Daniela Bernardi<\/strong>, esprime orgoglio e soddisfazione: \u201cSiamo onorati di ospitare un evento di tale rilievo dopo le tappe di Cremona e Genova. La mostra \u00e8 un\u2019esperienza culturale che unir\u00e0 generazioni e celebra la bellezza dell\u2019illustrazione\u201d.<\/p>\n<p>Un ringraziamento alla <strong>Regione Friuli Venezia Giulia<\/strong> per il fondamentale supporto dalla <strong>Briz<\/strong>: \u201cGrazie ai fondi erogati ai sensi della Legge Regionale 23\/2015 abbiamo potuto realizzare un\u2019iniziativa qualificante e innovativa, capace di promuovere la lettura e la cultura attraverso la magia dell\u2019arte\u201d.<\/p>\n<p>A corollario della mostra, il Sistema Bibliotecario organizzer\u00e0 <strong>visite guidate per le scuole<\/strong> (su prenotazione), per offrire ai pi\u00f9 giovani un\u2019occasione esclusiva di incontro con il mondo creativo di Gilles Bachelet.<\/p>\n<p>La mostra sar\u00e0 aperta dal 9 novembre 2025 al 6 gennaio 2026 col seguente orario: gioved\u00ec 10-12; venerd\u00ec, sabato, domenica e festivi 10-13 e 15-18; chiusa il 25\/12\/2025 e il 01\/01\/2026.<\/p>\n","protected":false},"excerpt":{"rendered":"<p>Alla Chiesa di Santa Maria dei Battuti allestita la mostra \u201cFunghi, carote e altri animali\u201d con cento opere originali<\/p>\n","protected":false},"author":28,"featured_media":69372,"comment_status":"closed","ping_status":"closed","template":"","tags":[170,261,826,2567,60],"mec_category":[59],"class_list":["post-69371","mec-events","type-mec-events","status-publish","has-post-thumbnail","hentry","tag-cividale","tag-eventi","tag-eventi-fvg","tag-illustrazione","tag-mostre","mec_category-meeting"],"_links":{"self":[{"href":"https:\/\/imagazine.it\/home_desk\/wp-json\/wp\/v2\/mec-events\/69371","targetHints":{"allow":["GET"]}}],"collection":[{"href":"https:\/\/imagazine.it\/home_desk\/wp-json\/wp\/v2\/mec-events"}],"about":[{"href":"https:\/\/imagazine.it\/home_desk\/wp-json\/wp\/v2\/types\/mec-events"}],"author":[{"embeddable":true,"href":"https:\/\/imagazine.it\/home_desk\/wp-json\/wp\/v2\/users\/28"}],"replies":[{"embeddable":true,"href":"https:\/\/imagazine.it\/home_desk\/wp-json\/wp\/v2\/comments?post=69371"}],"wp:featuredmedia":[{"embeddable":true,"href":"https:\/\/imagazine.it\/home_desk\/wp-json\/wp\/v2\/media\/69372"}],"wp:attachment":[{"href":"https:\/\/imagazine.it\/home_desk\/wp-json\/wp\/v2\/media?parent=69371"}],"wp:term":[{"taxonomy":"post_tag","embeddable":true,"href":"https:\/\/imagazine.it\/home_desk\/wp-json\/wp\/v2\/tags?post=69371"},{"taxonomy":"mec_category","embeddable":true,"href":"https:\/\/imagazine.it\/home_desk\/wp-json\/wp\/v2\/mec_category?post=69371"}],"curies":[{"name":"wp","href":"https:\/\/api.w.org\/{rel}","templated":true}]}}

<p>Quest’anno il <strong>Sistema Bibliotecario del Cividalese</strong> firma un progetto dedicato a uno dei più amati maestri dell’illustrazione contemporanea: <strong>Gilles Bachelet</strong>.</p>
<p>L’esposizione, dal titolo <strong>“<em>Funghi, carote e altri animali</em>”</strong>, aprirà sabato <strong>8 novembre alle ore 10.30</strong> a <strong>Cividale del Friuli</strong>, nella cornice della <strong>Chiesa di Santa Maria dei Battuti</strong>.</p>
<p>“Un’occasione imperdibile per conoscere da vicino uno dei più importanti autori e illustratori contemporanei – sottolinea la presidente del Sistema Bibliotecario, <strong>Daniela Briz</strong> –, un artista capace di unire poesia, ironia e fantasia in un linguaggio universale che parla a grandi e piccini”.</p>
<p>Conosciuto per il suo stile inconfondibile e per i personaggi bizzarri che popolano i suoi libri, Bachelet ha saputo conquistare lettori di ogni età. Dopo una lunga esperienza nella comunicazione e nella pubblicità, l’artista francese ha scoperto la sua “vera vita” intorno ai cinquant’anni, dedicandosi all’editoria per ragazzi.</p>
<p>Da allora, le sue creature ironiche e surreali — dal Cavaliere Panciaterra (Premio Andersen come miglior albo illustrato) al gatto protagonista di <em>Il mio gatto è proprio matto</em>, fino all’arguto <em>Napoleon Champignon</em> — hanno reso le sue opere amatissime in tutto il mondo.</p>
<p>L’esposizione <strong>“<em>Funghi, carote e altri animali</em>”</strong> proporrà circa <strong>cento opere originali</strong>, ripercorrendo <strong>cinquant’anni di carriera</strong> di Bachelet.</p>
<p>Un viaggio affascinante tra tavole, schizzi e illustrazioni nelle loro <strong>dimensioni originali</strong>, che permettono di scoprire come nasce un albo illustrato.</p>
<p>Il percorso espositivo mette in luce l’equilibrio perfetto tra <strong>colore, ironia e immaginazione</strong>, tratti distintivi del lavoro dell’autore.</p>
<p>A rendere ancora più speciale l’inaugurazione, sarà la <strong>presenza dello stesso Gilles Bachelet</strong>, che incontrerà il pubblico sabato 8 novembre.</p>
<p>“Quest’anno il Sistema ha davvero superato se stesso – rivela <strong>Angela Zappulla</strong> per l’Assessorato alla Cultura –: poter accogliere Bachelet in persona è un’occasione unica per tutta la comunità”.</p>
<p>Anche il sindaco di Cividale del Friuli,<strong> Daniela Bernardi</strong>, esprime orgoglio e soddisfazione: “Siamo onorati di ospitare un evento di tale rilievo dopo le tappe di Cremona e Genova. La mostra è un’esperienza culturale che unirà generazioni e celebra la bellezza dell’illustrazione”.</p>
<p>Un ringraziamento alla <strong>Regione Friuli Venezia Giulia</strong> per il fondamentale supporto dalla <strong>Briz</strong>: “Grazie ai fondi erogati ai sensi della Legge Regionale 23/2015 abbiamo potuto realizzare un’iniziativa qualificante e innovativa, capace di promuovere la lettura e la cultura attraverso la magia dell’arte”.</p>
<p>A corollario della mostra, il Sistema Bibliotecario organizzerà <strong>visite guidate per le scuole</strong> (su prenotazione), per offrire ai più giovani un’occasione esclusiva di incontro con il mondo creativo di Gilles Bachelet.</p>
<p>La mostra sarà aperta dal 9 novembre 2025 al 6 gennaio 2026 col seguente orario: giovedì 10-12; venerdì, sabato, domenica e festivi 10-13 e 15-18; chiusa il 25/12/2025 e il 01/01/2026.</p>
