{"id":69320,"date":"2025-11-04T16:20:17","date_gmt":"2025-11-04T15:20:17","guid":{"rendered":"https:\/\/imagazine.it\/home_desk\/?post_type=mec-events&#038;p=69320"},"modified":"2025-11-04T16:20:17","modified_gmt":"2025-11-04T15:20:17","slug":"stefania-andreoli-live-a-cividale","status":"publish","type":"mec-events","link":"https:\/\/imagazine.it\/home_desk\/events\/stefania-andreoli-live-a-cividale\/","title":{"rendered":"Stefania Andreoli live a Cividale"},"content":{"rendered":"<p><span style=\"font-size: 10pt;\"><em>Stefania Andreoli<\/em><\/span><\/p>\n<p><strong>Venerd\u00ec 7 novembre<\/strong>, alle ore 21, il<strong> Teatro Adelaide Ristori <\/strong>di<strong> Cividale del Friuli<\/strong> ospiter\u00e0 la psicoterapeuta e scrittrice<strong> Stefania Andreoli<\/strong> con \u201c<strong><em>Il venerd\u00ec delle parole live<\/em><\/strong>\u201d, una puntata dal vivo della sua celebre rubrica social.<\/p>\n<p>L\u2019incontro prende ispirazione da <strong>#ilmarted\u00ecdelleparole<\/strong>, la rubrica social pi\u00f9 amata e seguita della community di <strong>@lastefiandreoli<\/strong>, da cui nasce l\u2019idea di un format dal vivo che consente un dialogo diretto con il pubblico.<\/p>\n<p>\u201c<em>Il venerd\u00ec delle parole live<\/em>\u201d si aprir\u00e0 con un monologo della dottoressa Andreoli a cui seguir\u00e0 un confronto partecipato con il pubblico che potr\u00e0 inviare le proprie domande anonime in modo interattivo tramite <em>QR code<\/em>.<\/p>\n<p>Un\u2019occasione unica per ascoltare dal vivo una delle voci pi\u00f9 note e incisive del panorama psicologico contemporaneo.<\/p>\n<p>\u00abUn evento imperdibile \u2013 sottolinea il sindaco di Cividale del Friuli, <strong>Daniela Bernardi<\/strong> \u2013 con cui abbiamo cercato di rispondere ai bisogni delle nuove generazioni e alla loro difficolt\u00e0 nel navigare a vista tra le tante emergenze, l\u2019incertezza e la precariet\u00e0 del lavoro, l\u2019angoscia dei risultati, la crisi della famiglia e le sfide della vita sociale e di coppia\u00bb.<\/p>\n<p>\u00abDesidero ringraziare la Regione \u2013 afferma <strong>Daniela Briz<\/strong>, presidente del Sistema Bibliotecario del Cividalese \u2013 per il fondamentale supporto, grazie\u00a0ai fondi erogati al Sistema Bibliotecario del Cividalese ai sensi della Legge Regionale 23\/2015,\u00a0che ha permesso al Sistema\u00a0di proporre un&#8217;iniziativa qualificante,\u00a0capace di coniugare competenza scientifica e profonda attenzione ai temi che attraversano la vita delle nuove generazioni\u00bb.<\/p>\n<p>La serata \u00e8 ad ingresso gratuito previa prenotazione obbligatoria al link <span style=\"text-decoration: underline;\"><a href=\"https:\/\/forms.gle\/on9Qzro535XnPTYa9?fbclid=IwZXh0bgNhZW0CMTAAYnJpZBEwSWRNcVgzYzZkdVd3R21UZAEe7amOC3IROsba3XV2KcafUdw19ltxzuU_E7OhmskimfKPJ0UCYh26lnw87qQ_aem_G0gF-ehmEpXOPIL90QxoRw\" target=\"_blank\" rel=\"noopener\"><strong>https:\/\/forms.gle\/on9Qzro535XnPTYa9<\/strong><\/a><\/span><\/p>\n","protected":false},"excerpt":{"rendered":"<p>La celebre psicoterapeuta e scrittrice sar\u00e0 sul palco del Ristori per una speciale puntata dal vivo della sua rubrica social<\/p>\n","protected":false},"author":28,"featured_media":69321,"comment_status":"closed","ping_status":"closed","template":"","tags":[170,261,826,821],"mec_category":[48],"class_list":["post-69320","mec-events","type-mec-events","status-publish","has-post-thumbnail","hentry","tag-cividale","tag-eventi","tag-eventi-fvg","tag-spettacoli","mec_category-classic-art"],"_links":{"self":[{"href":"https:\/\/imagazine.it\/home_desk\/wp-json\/wp\/v2\/mec-events\/69320","targetHints":{"allow":["GET"]}}],"collection":[{"href":"https:\/\/imagazine.it\/home_desk\/wp-json\/wp\/v2\/mec-events"}],"about":[{"href":"https:\/\/imagazine.it\/home_desk\/wp-json\/wp\/v2\/types\/mec-events"}],"author":[{"embeddable":true,"href":"https:\/\/imagazine.it\/home_desk\/wp-json\/wp\/v2\/users\/28"}],"replies":[{"embeddable":true,"href":"https:\/\/imagazine.it\/home_desk\/wp-json\/wp\/v2\/comments?post=69320"}],"wp:featuredmedia":[{"embeddable":true,"href":"https:\/\/imagazine.it\/home_desk\/wp-json\/wp\/v2\/media\/69321"}],"wp:attachment":[{"href":"https:\/\/imagazine.it\/home_desk\/wp-json\/wp\/v2\/media?parent=69320"}],"wp:term":[{"taxonomy":"post_tag","embeddable":true,"href":"https:\/\/imagazine.it\/home_desk\/wp-json\/wp\/v2\/tags?post=69320"},{"taxonomy":"mec_category","embeddable":true,"href":"https:\/\/imagazine.it\/home_desk\/wp-json\/wp\/v2\/mec_category?post=69320"}],"curies":[{"name":"wp","href":"https:\/\/api.w.org\/{rel}","templated":true}]}}

<p><span style="font-size: 10pt;"><em>Stefania Andreoli</em></span></p>
<p><strong>Venerdì 7 novembre</strong>, alle ore 21, il<strong> Teatro Adelaide Ristori </strong>di<strong> Cividale del Friuli</strong> ospiterà la psicoterapeuta e scrittrice<strong> Stefania Andreoli</strong> con “<strong><em>Il venerdì delle parole live</em></strong>”, una puntata dal vivo della sua celebre rubrica social.</p>
<p>L’incontro prende ispirazione da <strong>#ilmartedìdelleparole</strong>, la rubrica social più amata e seguita della community di <strong>@lastefiandreoli</strong>, da cui nasce l’idea di un format dal vivo che consente un dialogo diretto con il pubblico.</p>
<p>“<em>Il venerdì delle parole live</em>” si aprirà con un monologo della dottoressa Andreoli a cui seguirà un confronto partecipato con il pubblico che potrà inviare le proprie domande anonime in modo interattivo tramite <em>QR code</em>.</p>
<p>Un’occasione unica per ascoltare dal vivo una delle voci più note e incisive del panorama psicologico contemporaneo.</p>
<p>«Un evento imperdibile – sottolinea il sindaco di Cividale del Friuli, <strong>Daniela Bernardi</strong> – con cui abbiamo cercato di rispondere ai bisogni delle nuove generazioni e alla loro difficoltà nel navigare a vista tra le tante emergenze, l’incertezza e la precarietà del lavoro, l’angoscia dei risultati, la crisi della famiglia e le sfide della vita sociale e di coppia».</p>
<p>«Desidero ringraziare la Regione – afferma <strong>Daniela Briz</strong>, presidente del Sistema Bibliotecario del Cividalese – per il fondamentale supporto, grazie ai fondi erogati al Sistema Bibliotecario del Cividalese ai sensi della Legge Regionale 23/2015, che ha permesso al Sistema di proporre un&#8217;iniziativa qualificante, capace di coniugare competenza scientifica e profonda attenzione ai temi che attraversano la vita delle nuove generazioni».</p>
<p>La serata è ad ingresso gratuito previa prenotazione obbligatoria al link <span style="text-decoration: underline;"><a href="https://forms.gle/on9Qzro535XnPTYa9?fbclid=IwZXh0bgNhZW0CMTAAYnJpZBEwSWRNcVgzYzZkdVd3R21UZAEe7amOC3IROsba3XV2KcafUdw19ltxzuU_E7OhmskimfKPJ0UCYh26lnw87qQ_aem_G0gF-ehmEpXOPIL90QxoRw" target="_blank" rel="noopener"><strong>https://forms.gle/on9Qzro535XnPTYa9</strong></a></span></p>

<p>La celebre psicoterapeuta e scrittrice sarà sul palco del Ristori per una speciale puntata dal vivo della sua rubrica social</p>
