{"id":69117,"date":"2025-10-28T12:48:21","date_gmt":"2025-10-28T11:48:21","guid":{"rendered":"https:\/\/imagazine.it\/home_desk\/?post_type=mec-events&#038;p=69117"},"modified":"2025-10-28T12:48:21","modified_gmt":"2025-10-28T11:48:21","slug":"riccardo-iii-alza-il-sipario-del-verdi","status":"publish","type":"mec-events","link":"https:\/\/imagazine.it\/home_desk\/events\/riccardo-iii-alza-il-sipario-del-verdi\/","title":{"rendered":"Riccardo III alza il sipario del Verdi"},"content":{"rendered":"<p>Si alza il sipario sulla <strong>programmazione Prosa 2025\/26 del Teatro Verdi di Pordenone<\/strong> nel segno del grande teatro, con uno degli eventi pi\u00f9 attesi della nuova stagione italiana: in <strong>prima per il Nordest<\/strong>, <strong>gioved\u00ec 30 e venerd\u00ec 31 ottobre 2025 <\/strong>(ore 20.30), approda sul palcoscenico pordenonese il nuovo spettacolo firmato da <strong>Antonio Latella<\/strong>, tra i <strong>pi\u00f9 originali e visionari registi italiani della scena europea<\/strong>: <strong><em>Riccardo III<\/em><\/strong> di William Shakespeare con l\u2019attore <strong>Vinicio Marchioni<\/strong> nel ruolo del <strong>pi\u00f9 oscuro, malvagio e insieme magnetico sovrano dell\u2019universo shakespeariano<\/strong>.<\/p>\n<p>Dopo un trionfale debutto, la maestosa <strong>coproduzione del Teatro Stabile dell\u2019Umbria e del LAC Lugano Arte e Cultura<\/strong> riporta a Pordenone, a 45 anni dalla storica edizione del 1980 con Glauco Mauri e la regia di Antonio Calenda, uno dei testi pi\u00f9 potenti e complessi del Bardo. Un capolavoro che attraversa i secoli interrogando l\u2019ambizione e la corruzione del potere, il fascino del male e le zone d\u2019ombra dell\u2019animo umano.<\/p>\n<p>Dopo i successi di <em>Chi ha paura di Virginia Woolf?<\/em> e <em>La locandiera<\/em> <strong>Latella<\/strong> torna a Shakespeare firmando insieme a <strong>Federico Bellini<\/strong> la traduzione e l\u2019adattamento del testo, e dando vita a una lettura di questo capolavoro che ribalta le consuetudini interpretative. Il male non \u00e8 pi\u00f9 deformit\u00e0 o bruttezza, ma si manifesta nella capacit\u00e0 di sedurre, di ammaliare e distruggere. \u00ab<strong>Il male che mi interessa \u00e8 nella bellezza, non nella disarmonia. Chi trad\u00ec il paradiso fu l\u2019angelo pi\u00f9 bello<\/strong>\u00bb, spiega Latella delineando cos\u00ec un <em>Riccardo III<\/em> di abbacinante intensit\u00e0 visiva e poetica, dove la parola diventa arma e incantesimo, strumento di dominio e perdizione.<\/p>\n<p>Nel ruolo del protagonista, <strong>Vinicio Marchioni<\/strong> si confronta con una delle figure pi\u00f9 titaniche della drammaturgia occidentale: un Riccardo ambiguo, affascinante e spietato, uomo divorato da un desiderio di potere che si fa abisso. Attorno a lui, un <strong>cast di straordinaria forza interpretativa<\/strong> \u2013 Silvia Ajelli, Anna Coppola, Flavio Capuzzo Dolcetta, Sebastian Luque Herrera, Luca Ingravalle, Giulia Mazzarino, Candida Nieri, Stefano Patti, Annibale Pavone e Andrea Sorrentino \u2013 e una <strong>squadra creativa di eccellenza<\/strong>.<\/p>\n<p>Nell\u2019opera di Shakespeare, Riccardo di Gloucester trama la propria ascesa al trono d\u2019Inghilterra attraverso delitti, inganni e manipolazioni, fino a precipitare nella rovina finale. Ma nella visione di Latella la tragedia diventa una <strong>vertigine teatrale<\/strong>, un <strong>giardino dell\u2019Eden capovolto<\/strong>, dove la bellezza si trasforma in inganno e desiderio, e la parola si fa strumento di seduzione e potere. \u00c8 un viaggio nel cuore del male e nella sua irresistibile fascinazione, che mette a nudo la nostra contemporanea vulnerabilit\u00e0 davanti alla retorica e al carisma del potere.<\/p>\n<p>La <strong>replica di gioved\u00ec 30 ottobre <\/strong>sar\u00e0 <strong>audiodescritta per spettatori non vedenti e ipovedenti<\/strong>, grazie alla collaborazione con il <strong>Centro Diego Fabbri ETS di Forl\u00ec<\/strong>, nell\u2019ambito del progetto <strong>\u201cTeatro No Limits\u201d<\/strong>, che proprio con questo spettacolo debutta al Verdi: un\u2019iniziativa che rafforza l\u2019impegno del teatro pordenonese verso una cultura sempre pi\u00f9 accessibile, inclusiva e condivisa.<\/p>\n<p>\u00abAprire il cartellone di Prosa con il <em>Riccardo III<\/em> di Latella \u2013 sottolinea <strong>Claudia Cannella<\/strong>, consulente artistica del Verdi \u2013 significa offrire al pubblico un\u2019esperienza teatrale di altissimo livello. \u00c8 un lavoro che unisce la potenza del classico alla visione di un grande maestro contemporaneo, capace di parlare alle emozioni e alla coscienza di tutti, restituendo la forza originaria e sempre viva della parola teatrale\u00bb.<\/p>\n","protected":false},"excerpt":{"rendered":"<p>A Pordenone in prima per il Nordest il nuovo spettacolo firmato da Antonio Latella. Con Vinicio Marchioni protagonista<\/p>\n","protected":false},"author":28,"featured_media":69118,"comment_status":"closed","ping_status":"closed","template":"","tags":[261,826,275,821,52],"mec_category":[48],"class_list":["post-69117","mec-events","type-mec-events","status-publish","has-post-thumbnail","hentry","tag-eventi","tag-eventi-fvg","tag-pordenone","tag-spettacoli","tag-teatro","mec_category-classic-art"],"_links":{"self":[{"href":"https:\/\/imagazine.it\/home_desk\/wp-json\/wp\/v2\/mec-events\/69117","targetHints":{"allow":["GET"]}}],"collection":[{"href":"https:\/\/imagazine.it\/home_desk\/wp-json\/wp\/v2\/mec-events"}],"about":[{"href":"https:\/\/imagazine.it\/home_desk\/wp-json\/wp\/v2\/types\/mec-events"}],"author":[{"embeddable":true,"href":"https:\/\/imagazine.it\/home_desk\/wp-json\/wp\/v2\/users\/28"}],"replies":[{"embeddable":true,"href":"https:\/\/imagazine.it\/home_desk\/wp-json\/wp\/v2\/comments?post=69117"}],"wp:featuredmedia":[{"embeddable":true,"href":"https:\/\/imagazine.it\/home_desk\/wp-json\/wp\/v2\/media\/69118"}],"wp:attachment":[{"href":"https:\/\/imagazine.it\/home_desk\/wp-json\/wp\/v2\/media?parent=69117"}],"wp:term":[{"taxonomy":"post_tag","embeddable":true,"href":"https:\/\/imagazine.it\/home_desk\/wp-json\/wp\/v2\/tags?post=69117"},{"taxonomy":"mec_category","embeddable":true,"href":"https:\/\/imagazine.it\/home_desk\/wp-json\/wp\/v2\/mec_category?post=69117"}],"curies":[{"name":"wp","href":"https:\/\/api.w.org\/{rel}","templated":true}]}}

<p>Si alza il sipario sulla <strong>programmazione Prosa 2025/26 del Teatro Verdi di Pordenone</strong> nel segno del grande teatro, con uno degli eventi più attesi della nuova stagione italiana: in <strong>prima per il Nordest</strong>, <strong>giovedì 30 e venerdì 31 ottobre 2025 </strong>(ore 20.30), approda sul palcoscenico pordenonese il nuovo spettacolo firmato da <strong>Antonio Latella</strong>, tra i <strong>più originali e visionari registi italiani della scena europea</strong>: <strong><em>Riccardo III</em></strong> di William Shakespeare con l’attore <strong>Vinicio Marchioni</strong> nel ruolo del <strong>più oscuro, malvagio e insieme magnetico sovrano dell’universo shakespeariano</strong>.</p>
<p>Dopo un trionfale debutto, la maestosa <strong>coproduzione del Teatro Stabile dell’Umbria e del LAC Lugano Arte e Cultura</strong> riporta a Pordenone, a 45 anni dalla storica edizione del 1980 con Glauco Mauri e la regia di Antonio Calenda, uno dei testi più potenti e complessi del Bardo. Un capolavoro che attraversa i secoli interrogando l’ambizione e la corruzione del potere, il fascino del male e le zone d’ombra dell’animo umano.</p>
<p>Dopo i successi di <em>Chi ha paura di Virginia Woolf?</em> e <em>La locandiera</em> <strong>Latella</strong> torna a Shakespeare firmando insieme a <strong>Federico Bellini</strong> la traduzione e l’adattamento del testo, e dando vita a una lettura di questo capolavoro che ribalta le consuetudini interpretative. Il male non è più deformità o bruttezza, ma si manifesta nella capacità di sedurre, di ammaliare e distruggere. «<strong>Il male che mi interessa è nella bellezza, non nella disarmonia. Chi tradì il paradiso fu l’angelo più bello</strong>», spiega Latella delineando così un <em>Riccardo III</em> di abbacinante intensità visiva e poetica, dove la parola diventa arma e incantesimo, strumento di dominio e perdizione.</p>
<p>Nel ruolo del protagonista, <strong>Vinicio Marchioni</strong> si confronta con una delle figure più titaniche della drammaturgia occidentale: un Riccardo ambiguo, affascinante e spietato, uomo divorato da un desiderio di potere che si fa abisso. Attorno a lui, un <strong>cast di straordinaria forza interpretativa</strong> – Silvia Ajelli, Anna Coppola, Flavio Capuzzo Dolcetta, Sebastian Luque Herrera, Luca Ingravalle, Giulia Mazzarino, Candida Nieri, Stefano Patti, Annibale Pavone e Andrea Sorrentino – e una <strong>squadra creativa di eccellenza</strong>.</p>
<p>Nell’opera di Shakespeare, Riccardo di Gloucester trama la propria ascesa al trono d’Inghilterra attraverso delitti, inganni e manipolazioni, fino a precipitare nella rovina finale. Ma nella visione di Latella la tragedia diventa una <strong>vertigine teatrale</strong>, un <strong>giardino dell’Eden capovolto</strong>, dove la bellezza si trasforma in inganno e desiderio, e la parola si fa strumento di seduzione e potere. È un viaggio nel cuore del male e nella sua irresistibile fascinazione, che mette a nudo la nostra contemporanea vulnerabilità davanti alla retorica e al carisma del potere.</p>
<p>La <strong>replica di giovedì 30 ottobre </strong>sarà <strong>audiodescritta per spettatori non vedenti e ipovedenti</strong>, grazie alla collaborazione con il <strong>Centro Diego Fabbri ETS di Forlì</strong>, nell’ambito del progetto <strong>“Teatro No Limits”</strong>, che proprio con questo spettacolo debutta al Verdi: un’iniziativa che rafforza l’impegno del teatro pordenonese verso una cultura sempre più accessibile, inclusiva e condivisa.</p>
<p>«Aprire il cartellone di Prosa con il <em>Riccardo III</em> di Latella – sottolinea <strong>Claudia Cannella</strong>, consulente artistica del Verdi – significa offrire al pubblico un’esperienza teatrale di altissimo livello. È un lavoro che unisce la potenza del classico alla visione di un grande maestro contemporaneo, capace di parlare alle emozioni e alla coscienza di tutti, restituendo la forza originaria e sempre viva della parola teatrale».</p>
