{"id":68758,"date":"2025-10-15T18:34:55","date_gmt":"2025-10-15T16:34:55","guid":{"rendered":"https:\/\/imagazine.it\/home_desk\/?post_type=mec-events&#038;p=68758"},"modified":"2025-10-15T18:34:55","modified_gmt":"2025-10-15T16:34:55","slug":"il-baco-da-seta-in-mostra-ad-aiello","status":"publish","type":"mec-events","link":"https:\/\/imagazine.it\/home_desk\/events\/il-baco-da-seta-in-mostra-ad-aiello\/","title":{"rendered":"Il baco da seta in mostra ad Aiello"},"content":{"rendered":"<p>Il <strong>Museo della civilt\u00e0 contadina del Friuli imperiale<\/strong> di Aiello ospita la mostra &#8220;<em>Il baco da seta<\/em>&#8220;.<\/p>\n<p>Esposti diversi tipi di tralicci sui quali avveniva la crescita dei bachi, nelle loro 4 mute, una dozzina di trinciafoglie di gelso, che servivano all&#8217;alimentazione, due macchine selezionatrici di bozzoli, oltre a pubblicazioni e diplomi.<\/p>\n<p>La mostra, che rimarr\u00e0 aperta <strong>fino al 5 novembre<\/strong>, ha tre pannelli esplicativi e 25 piccoli pannelli, prestati dalla Biblioteca dell&#8217;Ersa, che riproducono le immagini interne ed esterne di tutte le filande e gli essiccatoi presenti in Friuli e in Istria nell&#8217;Ottocento.<\/p>\n<p>La mostra \u00e8 visitabile da mercoled\u00ec alla domenica, con orari 9-13 e 15-19, ad Aiello del Friuli con accesso da via Petrarca 1.<\/p>\n<p>All\u2019inaugurazione, il direttore del museo <strong>Stefano Cosma<\/strong> ha presentato il catalogo, realizzato grazie alla collaborazione con Ersa Fvg, che nel triennio 2015-2017 aveva dedicato mostre e pubblicazioni alla bachicoltura, alla gelsicoltura e alla seta.<\/p>\n<p>Un&#8217;attivit\u00e0 presente gi\u00e0 a met\u00e0 Cinquecento nelle campagne del Friuli, ma che ebbe un grande sviluppo nella contea di Gorizia a partire dal Settecento, grazie alla politica di Maria Teresa, prima, e di Francesco Giuseppe, poi, che inaugur\u00f2 a Gorizia il primo Istituto Bacologico d&#8217;Europa (1869).<\/p>\n","protected":false},"excerpt":{"rendered":"<p>Tra strumenti e memorie un viaggio nella bachicoltura che ebbe un grande sviluppo nella contea di Gorizia a partire dal Settecento<\/p>\n","protected":false},"author":28,"featured_media":68759,"comment_status":"closed","ping_status":"closed","template":"","tags":[126,261,826,60],"mec_category":[59],"class_list":["post-68758","mec-events","type-mec-events","status-publish","has-post-thumbnail","hentry","tag-aiello","tag-eventi","tag-eventi-fvg","tag-mostre","mec_category-meeting"],"_links":{"self":[{"href":"https:\/\/imagazine.it\/home_desk\/wp-json\/wp\/v2\/mec-events\/68758","targetHints":{"allow":["GET"]}}],"collection":[{"href":"https:\/\/imagazine.it\/home_desk\/wp-json\/wp\/v2\/mec-events"}],"about":[{"href":"https:\/\/imagazine.it\/home_desk\/wp-json\/wp\/v2\/types\/mec-events"}],"author":[{"embeddable":true,"href":"https:\/\/imagazine.it\/home_desk\/wp-json\/wp\/v2\/users\/28"}],"replies":[{"embeddable":true,"href":"https:\/\/imagazine.it\/home_desk\/wp-json\/wp\/v2\/comments?post=68758"}],"wp:featuredmedia":[{"embeddable":true,"href":"https:\/\/imagazine.it\/home_desk\/wp-json\/wp\/v2\/media\/68759"}],"wp:attachment":[{"href":"https:\/\/imagazine.it\/home_desk\/wp-json\/wp\/v2\/media?parent=68758"}],"wp:term":[{"taxonomy":"post_tag","embeddable":true,"href":"https:\/\/imagazine.it\/home_desk\/wp-json\/wp\/v2\/tags?post=68758"},{"taxonomy":"mec_category","embeddable":true,"href":"https:\/\/imagazine.it\/home_desk\/wp-json\/wp\/v2\/mec_category?post=68758"}],"curies":[{"name":"wp","href":"https:\/\/api.w.org\/{rel}","templated":true}]}}

<p>Il <strong>Museo della civiltà contadina del Friuli imperiale</strong> di Aiello ospita la mostra &#8220;<em>Il baco da seta</em>&#8220;.</p>
<p>Esposti diversi tipi di tralicci sui quali avveniva la crescita dei bachi, nelle loro 4 mute, una dozzina di trinciafoglie di gelso, che servivano all&#8217;alimentazione, due macchine selezionatrici di bozzoli, oltre a pubblicazioni e diplomi.</p>
<p>La mostra, che rimarrà aperta <strong>fino al 5 novembre</strong>, ha tre pannelli esplicativi e 25 piccoli pannelli, prestati dalla Biblioteca dell&#8217;Ersa, che riproducono le immagini interne ed esterne di tutte le filande e gli essiccatoi presenti in Friuli e in Istria nell&#8217;Ottocento.</p>
<p>La mostra è visitabile da mercoledì alla domenica, con orari 9-13 e 15-19, ad Aiello del Friuli con accesso da via Petrarca 1.</p>
<p>All’inaugurazione, il direttore del museo <strong>Stefano Cosma</strong> ha presentato il catalogo, realizzato grazie alla collaborazione con Ersa Fvg, che nel triennio 2015-2017 aveva dedicato mostre e pubblicazioni alla bachicoltura, alla gelsicoltura e alla seta.</p>
<p>Un&#8217;attività presente già a metà Cinquecento nelle campagne del Friuli, ma che ebbe un grande sviluppo nella contea di Gorizia a partire dal Settecento, grazie alla politica di Maria Teresa, prima, e di Francesco Giuseppe, poi, che inaugurò a Gorizia il primo Istituto Bacologico d&#8217;Europa (1869).</p>
