{"id":68670,"date":"2025-10-13T16:20:38","date_gmt":"2025-10-13T14:20:38","guid":{"rendered":"https:\/\/imagazine.it\/home_desk\/?post_type=mec-events&#038;p=68670"},"modified":"2025-10-13T16:20:38","modified_gmt":"2025-10-13T14:20:38","slug":"trieste-1954-2","status":"publish","type":"mec-events","link":"https:\/\/imagazine.it\/home_desk\/events\/trieste-1954-2\/","title":{"rendered":"Trieste 1954"},"content":{"rendered":"<p><span style=\"font-size: 10pt;\"><em>(ph. Alberto Furlani)<\/em><\/span><\/p>\n<p><strong>Simone Cristicchi<\/strong> con <strong><em>Trieste 1954<\/em><\/strong> arriva nei teatri del Circuito ERT per tre serate.<\/p>\n<p>Lo spettacolo, prodotto dal Teatro Stabile del Friuli Venezia Giulia per celebrare i 70 anni del ricongiungimento di Trieste all&#8217;Italia, sar\u00e0 <strong>gioved\u00ec 16 ottobre<\/strong> al Teatro Sociale di <strong>Gemona<\/strong>, <strong>venerd\u00ec 17 ottobre<\/strong> al Teatro Ristori di <strong>Cividale<\/strong> e <strong>sabato 18 ottobre<\/strong> al Teatro Candoni di <strong>Tolmezzo<\/strong>.<\/p>\n<p>Tutte le repliche andranno in scena alle ore 20.45.<\/p>\n<p>\u00abTutto \u00e8 doppio a Trieste, come la &#8220;scontrosa grazia&#8221; nei versi di Saba\u00bb dice Simone Cristicchi nelle prime scene dello spettacolo.<\/p>\n<p>\u00ab\u00c8 veloce e pratica, eppure a lungo immobilizzata. E poi, \u201ca doppio tempo\u201d.<\/p>\n<p>Con l\u2019Italia liberata e Lei che per gli storici ha pi\u00f9 liberazioni: dai nazifascisti, dalle truppe jugoslave, dagli angloamericani. L\u2019Italia festeggia la fine della guerra nel 1945, mentre lei che lo fa nove anni dopo, tornando italiana.<\/p>\n<p>E forse \u00e8 questo che apprezzo di pi\u00f9 dei triestini: che hanno imparato a vivere cos\u00ec restando in piedi in mezzo alla bufera degli eventi, affrontando con coraggio i cambiamenti, le raffiche improvvise della Storia\u00bb.<\/p>\n<p><em>Trieste 1954<\/em>, scritto da Simone Cristicchi con Simona Orlando e diretto da Paolo Valerio, ricostruisce quei nove anni poco conosciuti dal resto d&#8217;Italia attraverso il personaggio di Persichetti \u2013 l&#8217;archivista romano gi\u00e0 protagonista di <em>Magazzino 18<\/em> \u2013 che vuol far visitare Trieste alla moglie Adele, imbattendosi in questa pagina di storia del tutto particolare.<\/p>\n<p>Lo spettacolo intreccia la recitazione a contributi video messi a disposizione dalla Rai FVG e da altri archivi storici, con le musiche originali e gli arrangiamenti del maestro <strong>Valter Sivilotti<\/strong>, eseguite per le date in Friuli dall&#8217;Orchestra dell&#8217;<strong>Accademia<\/strong> <strong>musicale Naonis<\/strong> di Pordenone e dal <strong>Coro del Friuli Venezia Giulia<\/strong> diretto dal maestro <strong>Michele Gallas<\/strong>. In scena anche la voce di <strong>Franca Drioli<\/strong> e i video di <strong>Giulio Ladini<\/strong>.<\/p>\n","protected":false},"excerpt":{"rendered":"<p>Simone Cristicchi celebra i 70 anni del ricongiungimento della citt\u00e0 all&#8217;Italia. Sul palco anche l\u2019Orchestra Naonis, il Coro del FVG e la cantante Franca Drioli<\/p>\n","protected":false},"author":28,"featured_media":68671,"comment_status":"closed","ping_status":"closed","template":"","tags":[261,826,821,52,65],"mec_category":[48],"class_list":["post-68670","mec-events","type-mec-events","status-publish","has-post-thumbnail","hentry","tag-eventi","tag-eventi-fvg","tag-spettacoli","tag-teatro","tag-trieste","mec_category-classic-art"],"_links":{"self":[{"href":"https:\/\/imagazine.it\/home_desk\/wp-json\/wp\/v2\/mec-events\/68670","targetHints":{"allow":["GET"]}}],"collection":[{"href":"https:\/\/imagazine.it\/home_desk\/wp-json\/wp\/v2\/mec-events"}],"about":[{"href":"https:\/\/imagazine.it\/home_desk\/wp-json\/wp\/v2\/types\/mec-events"}],"author":[{"embeddable":true,"href":"https:\/\/imagazine.it\/home_desk\/wp-json\/wp\/v2\/users\/28"}],"replies":[{"embeddable":true,"href":"https:\/\/imagazine.it\/home_desk\/wp-json\/wp\/v2\/comments?post=68670"}],"wp:featuredmedia":[{"embeddable":true,"href":"https:\/\/imagazine.it\/home_desk\/wp-json\/wp\/v2\/media\/68671"}],"wp:attachment":[{"href":"https:\/\/imagazine.it\/home_desk\/wp-json\/wp\/v2\/media?parent=68670"}],"wp:term":[{"taxonomy":"post_tag","embeddable":true,"href":"https:\/\/imagazine.it\/home_desk\/wp-json\/wp\/v2\/tags?post=68670"},{"taxonomy":"mec_category","embeddable":true,"href":"https:\/\/imagazine.it\/home_desk\/wp-json\/wp\/v2\/mec_category?post=68670"}],"curies":[{"name":"wp","href":"https:\/\/api.w.org\/{rel}","templated":true}]}}

<p><span style="font-size: 10pt;"><em>(ph. Alberto Furlani)</em></span></p>
<p><strong>Simone Cristicchi</strong> con <strong><em>Trieste 1954</em></strong> arriva nei teatri del Circuito ERT per tre serate.</p>
<p>Lo spettacolo, prodotto dal Teatro Stabile del Friuli Venezia Giulia per celebrare i 70 anni del ricongiungimento di Trieste all&#8217;Italia, sarà <strong>giovedì 16 ottobre</strong> al Teatro Sociale di <strong>Gemona</strong>, <strong>venerdì 17 ottobre</strong> al Teatro Ristori di <strong>Cividale</strong> e <strong>sabato 18 ottobre</strong> al Teatro Candoni di <strong>Tolmezzo</strong>.</p>
<p>Tutte le repliche andranno in scena alle ore 20.45.</p>
<p>«Tutto è doppio a Trieste, come la &#8220;scontrosa grazia&#8221; nei versi di Saba» dice Simone Cristicchi nelle prime scene dello spettacolo.</p>
<p>«È veloce e pratica, eppure a lungo immobilizzata. E poi, “a doppio tempo”.</p>
<p>Con l’Italia liberata e Lei che per gli storici ha più liberazioni: dai nazifascisti, dalle truppe jugoslave, dagli angloamericani. L’Italia festeggia la fine della guerra nel 1945, mentre lei che lo fa nove anni dopo, tornando italiana.</p>
<p>E forse è questo che apprezzo di più dei triestini: che hanno imparato a vivere così restando in piedi in mezzo alla bufera degli eventi, affrontando con coraggio i cambiamenti, le raffiche improvvise della Storia».</p>
<p><em>Trieste 1954</em>, scritto da Simone Cristicchi con Simona Orlando e diretto da Paolo Valerio, ricostruisce quei nove anni poco conosciuti dal resto d&#8217;Italia attraverso il personaggio di Persichetti – l&#8217;archivista romano già protagonista di <em>Magazzino 18</em> – che vuol far visitare Trieste alla moglie Adele, imbattendosi in questa pagina di storia del tutto particolare.</p>
<p>Lo spettacolo intreccia la recitazione a contributi video messi a disposizione dalla Rai FVG e da altri archivi storici, con le musiche originali e gli arrangiamenti del maestro <strong>Valter Sivilotti</strong>, eseguite per le date in Friuli dall&#8217;Orchestra dell&#8217;<strong>Accademia</strong> <strong>musicale Naonis</strong> di Pordenone e dal <strong>Coro del Friuli Venezia Giulia</strong> diretto dal maestro <strong>Michele Gallas</strong>. In scena anche la voce di <strong>Franca Drioli</strong> e i video di <strong>Giulio Ladini</strong>.</p>

<p>Simone Cristicchi celebra i 70 anni del ricongiungimento della città all&#8217;Italia. Sul palco anche l’Orchestra Naonis, il Coro del FVG e la cantante Franca Drioli</p>
