{"id":68644,"date":"2025-10-10T17:54:11","date_gmt":"2025-10-10T15:54:11","guid":{"rendered":"https:\/\/imagazine.it\/home_desk\/?post_type=mec-events&#038;p=68644"},"modified":"2025-10-10T17:54:11","modified_gmt":"2025-10-10T15:54:11","slug":"trieste-rivive-la-leggenda-di-dracula","status":"publish","type":"mec-events","link":"https:\/\/imagazine.it\/home_desk\/events\/trieste-rivive-la-leggenda-di-dracula\/","title":{"rendered":"Trieste rivive la leggenda di Dracula"},"content":{"rendered":"<p><span style=\"font-size: 10pt;\"><em>Ervino Curtis, presidente dell\u2019Associazione culturale di amicizia Italo-Romena Decebal<\/em><\/span><\/p>\n<p>Il <strong>Museo Postale e Telegrafico della Mitteleuropa di Poste Italiane<\/strong> ospita la mostra \u201c<em>Vlad Tepes, Dracula: Storia, Leggenda, Attualit\u00e0<\/em>\u201d, che ripercorre le tappe della vita e del regno di Vlad III di Valacchia, conosciuto come Dracula, dal nome patronimico \u201cDraculea\u201d, letteralmente \u201cfiglio del drago\u201d.<\/p>\n<p>All\u2019interno del percorso espositivo si possono ammirare molti cimeli riguardanti il leggendario Conte Dracula, spesso avvolto da mistero e aneddoti oscuri, e protagonista di uno dei romanzi gotici pi\u00f9 iconici e conosciuti: \u201c<em>Dracula<\/em>\u201d di Bram Stoker.<\/p>\n<p>Vlad Tepes, nato a Sighisoara, in Transilvania, nel 1451, fu regnante della Valacchia, noto senz\u2019altro per i macabri metodi adottati in battaglia ma comunque molto rispettato dai suoi sudditi, apprezzato come stratega e combattente e per il profondo senso della giustizia che lo caratterizzava, come riportato dalle cronache del tempo.<\/p>\n<p>La sua figura, al crepuscolo del XIX secolo, ha fortemente ispirato il protagonista del celebre romanzo epistolare dell\u2019irlandese Bram Stoker che lo ha reso celebre raccontandolo al grande pubblico come il raffinato e poetico vampiro che tutti conoscono.<\/p>\n<p>La mostra vuole essere un percorso che intreccia documenti storici, riproduzioni artistiche, oggetti, francobolli, cartoline, pubblicazioni, cartine geografiche originali del tempo, e crea suggestioni letterarie; si approfondiscono cos\u00ec due dimensioni parallele: Vlad Tepes il sovrano medievale che combatt\u00e9 contro l\u2019Impero Ottomano e che ancora oggi divide storici e studiosi, e il mito immortale, il Conte Dracula che tutti conosciamo, nato dalla penna di Bram Stoker e divenuto icona della cultura popolare con influenze nel cinema, nella musica, nell\u2019arte e nella moda.<\/p>\n<p>L\u2019allestimento immersivo dar\u00e0 la possibilit\u00e0 al visitatore di esplorare una delle figure pi\u00f9 affascinanti e controverse della storia europea, scoprendo come realt\u00e0 e finzione abbiano dato vita ad un mito senza tempo.<\/p>\n<p>La mostra \u201c<em>Vlad Tepes, Dracula: storia, leggenda, attualit\u00e0<\/em>\u201d, sar\u00e0 visitabile <strong>fino al 14 novembre<\/strong>, <strong>dal luned\u00ec al venerd\u00ec dalle 9 alle 13<\/strong>.<\/p>\n<p>Per visite guidate, anche pomeridiane, contattare il numero 040 6764264.<\/p>\n","protected":false},"excerpt":{"rendered":"<p>Al Museo Postale e Telegrafico della Mitteleuropa la mostra immersiva che esplora una delle figure pi\u00f9 affascinanti e controverse della storia europea<\/p>\n","protected":false},"author":28,"featured_media":68645,"comment_status":"closed","ping_status":"closed","template":"","tags":[3592,261,826,60,65],"mec_category":[59],"class_list":["post-68644","mec-events","type-mec-events","status-publish","has-post-thumbnail","hentry","tag-dracula","tag-eventi","tag-eventi-fvg","tag-mostre","tag-trieste","mec_category-meeting"],"_links":{"self":[{"href":"https:\/\/imagazine.it\/home_desk\/wp-json\/wp\/v2\/mec-events\/68644","targetHints":{"allow":["GET"]}}],"collection":[{"href":"https:\/\/imagazine.it\/home_desk\/wp-json\/wp\/v2\/mec-events"}],"about":[{"href":"https:\/\/imagazine.it\/home_desk\/wp-json\/wp\/v2\/types\/mec-events"}],"author":[{"embeddable":true,"href":"https:\/\/imagazine.it\/home_desk\/wp-json\/wp\/v2\/users\/28"}],"replies":[{"embeddable":true,"href":"https:\/\/imagazine.it\/home_desk\/wp-json\/wp\/v2\/comments?post=68644"}],"wp:featuredmedia":[{"embeddable":true,"href":"https:\/\/imagazine.it\/home_desk\/wp-json\/wp\/v2\/media\/68645"}],"wp:attachment":[{"href":"https:\/\/imagazine.it\/home_desk\/wp-json\/wp\/v2\/media?parent=68644"}],"wp:term":[{"taxonomy":"post_tag","embeddable":true,"href":"https:\/\/imagazine.it\/home_desk\/wp-json\/wp\/v2\/tags?post=68644"},{"taxonomy":"mec_category","embeddable":true,"href":"https:\/\/imagazine.it\/home_desk\/wp-json\/wp\/v2\/mec_category?post=68644"}],"curies":[{"name":"wp","href":"https:\/\/api.w.org\/{rel}","templated":true}]}}

<p><span style="font-size: 10pt;"><em>Ervino Curtis, presidente dell’Associazione culturale di amicizia Italo-Romena Decebal</em></span></p>
<p>Il <strong>Museo Postale e Telegrafico della Mitteleuropa di Poste Italiane</strong> ospita la mostra “<em>Vlad Tepes, Dracula: Storia, Leggenda, Attualità</em>”, che ripercorre le tappe della vita e del regno di Vlad III di Valacchia, conosciuto come Dracula, dal nome patronimico “Draculea”, letteralmente “figlio del drago”.</p>
<p>All’interno del percorso espositivo si possono ammirare molti cimeli riguardanti il leggendario Conte Dracula, spesso avvolto da mistero e aneddoti oscuri, e protagonista di uno dei romanzi gotici più iconici e conosciuti: “<em>Dracula</em>” di Bram Stoker.</p>
<p>Vlad Tepes, nato a Sighisoara, in Transilvania, nel 1451, fu regnante della Valacchia, noto senz’altro per i macabri metodi adottati in battaglia ma comunque molto rispettato dai suoi sudditi, apprezzato come stratega e combattente e per il profondo senso della giustizia che lo caratterizzava, come riportato dalle cronache del tempo.</p>
<p>La sua figura, al crepuscolo del XIX secolo, ha fortemente ispirato il protagonista del celebre romanzo epistolare dell’irlandese Bram Stoker che lo ha reso celebre raccontandolo al grande pubblico come il raffinato e poetico vampiro che tutti conoscono.</p>
<p>La mostra vuole essere un percorso che intreccia documenti storici, riproduzioni artistiche, oggetti, francobolli, cartoline, pubblicazioni, cartine geografiche originali del tempo, e crea suggestioni letterarie; si approfondiscono così due dimensioni parallele: Vlad Tepes il sovrano medievale che combatté contro l’Impero Ottomano e che ancora oggi divide storici e studiosi, e il mito immortale, il Conte Dracula che tutti conosciamo, nato dalla penna di Bram Stoker e divenuto icona della cultura popolare con influenze nel cinema, nella musica, nell’arte e nella moda.</p>
<p>L’allestimento immersivo darà la possibilità al visitatore di esplorare una delle figure più affascinanti e controverse della storia europea, scoprendo come realtà e finzione abbiano dato vita ad un mito senza tempo.</p>
<p>La mostra “<em>Vlad Tepes, Dracula: storia, leggenda, attualità</em>”, sarà visitabile <strong>fino al 14 novembre</strong>, <strong>dal lunedì al venerdì dalle 9 alle 13</strong>.</p>
<p>Per visite guidate, anche pomeridiane, contattare il numero 040 6764264.</p>

<p>Al Museo Postale e Telegrafico della Mitteleuropa la mostra immersiva che esplora una delle figure più affascinanti e controverse della storia europea</p>
