{"id":68630,"date":"2025-10-10T12:58:42","date_gmt":"2025-10-10T10:58:42","guid":{"rendered":"https:\/\/imagazine.it\/home_desk\/?post_type=mec-events&#038;p=68630"},"modified":"2025-10-10T12:58:42","modified_gmt":"2025-10-10T10:58:42","slug":"luomo-la-bestia-e-la-virtu","status":"publish","type":"mec-events","link":"https:\/\/imagazine.it\/home_desk\/events\/luomo-la-bestia-e-la-virtu\/","title":{"rendered":"L\u2019uomo, la bestia e la virt\u00f9"},"content":{"rendered":"<p><span style=\"font-size: 10pt;\"><em>Vanessa Gravina<\/em><\/span><\/p>\n<p>Inaugurazione di Stagione nel segno della grande Prosa per il <strong>Teatro Nuovo Giovanni da Udine<\/strong>: <strong>gioved\u00ec 16 ottobre, <\/strong>alle ore 20.30 andr\u00e0 infatti in scena in <strong>prima nazionale<\/strong> <strong><em>L\u2019uomo, la bestia e la virt\u00f9<\/em><\/strong> di <strong>Luigi Pirandello<\/strong>, nuova produzione di <strong>Teatri di Pistoia<\/strong> realizzata, in collaborazione con il <strong>Teatro Nuovo Giovanni da Udine<\/strong>.<\/p>\n<p>Emblema dell\u2019ipocrisia dei nostri tempi, la commedia, per la regia di <strong>Roberto Valerio<\/strong> che ne ha realizzato anche l\u2019adattamento, vedr\u00e0 protagonisti <strong>Vanessa Gravina<\/strong>, <strong>Max Malatesta <\/strong>e<strong> Nicola Rignanese,<\/strong> affiancati da <strong>Beatrice Fedi, Massimo Grig\u00f2, Franca Penone, Lorenzo Prestipino, Mario Valiani. <\/strong>Scene e costumi sono firmati da<strong> Guido Fiorato<\/strong>, le luci da<strong> Emiliano Pona.<\/strong><\/p>\n<p>Andato in scena per la prima volta nel 1919, <strong><em>L\u2019uomo, la bestia e la virt\u00f9<\/em><\/strong> \u00e8 forse il testo pi\u00f9 anomalo di Pirandello: grottesco, onirico, folle. Il professor Paolino (l\u2019Uomo) conduce una vita tranquilla scandita dalle faticose lezioni private ai suoi allievi. Tra questi giovani vi \u00e8 anche Non\u00f2, un ragazzo di undici anni, la cui mamma \u00e8 l\u2019affascinante e pudica signora Perella (la Virt\u00f9).<\/p>\n<p>La relazione sentimentale clandestina tra Paolino e la signora Perella soddisfa entrambi e tale resterebbe se non capitasse loro un accidente: una gravidanza improvvisa e non voluta. Nessun dubbio sulla paternit\u00e0, perch\u00e9 il marito della Perella (la Bestia), marinaio di lungo corso spesso assente da casa e a sua volta impegnato in una relazione extramatrimoniale con un\u2019altra donna da cui ha avuto altri due bambini, si rifiuta ormai da molto tempo di avere alcun tipo di contatto fisico con la moglie.<\/p>\n<p>Che fare? Quali stratagemmi usare per salvare le apparenze e per salvare l\u2019onorabilit\u00e0 della signora Perella e la rispettabilit\u00e0 di Paolino? Da qui scaturisce la tragicommedia che arriver\u00e0 a delineare i personaggi forse in modo diverso da come si presentano all\u2019inizio: Paolino \u00e8 davvero un Uomo? Il capitano Perella \u00e8 la vera Bestia? E la signora Perella \u00e8 davvero una donna cos\u00ec Virtuosa?<\/p>\n<h3>Orari<\/h3>\n<p>Gioved\u00ec 16 ottobre 2025 &#8211; ore 20.30<\/p>\n<p>Venerd\u00ec 17 ottobre 2025 &#8211; ore 20.30<\/p>\n<p>Sabato 18 ottobre 2025 &#8211; ore 19.30<\/p>\n","protected":false},"excerpt":{"rendered":"<p>In prima nazionale a Udine la nuova produzione del capolavoro di Pirandello. Con Vanessa Gravina<\/p>\n","protected":false},"author":28,"featured_media":68631,"comment_status":"closed","ping_status":"closed","template":"","tags":[261,826,821,52,101],"mec_category":[48],"class_list":["post-68630","mec-events","type-mec-events","status-publish","has-post-thumbnail","hentry","tag-eventi","tag-eventi-fvg","tag-spettacoli","tag-teatro","tag-udine","mec_category-classic-art"],"_links":{"self":[{"href":"https:\/\/imagazine.it\/home_desk\/wp-json\/wp\/v2\/mec-events\/68630","targetHints":{"allow":["GET"]}}],"collection":[{"href":"https:\/\/imagazine.it\/home_desk\/wp-json\/wp\/v2\/mec-events"}],"about":[{"href":"https:\/\/imagazine.it\/home_desk\/wp-json\/wp\/v2\/types\/mec-events"}],"author":[{"embeddable":true,"href":"https:\/\/imagazine.it\/home_desk\/wp-json\/wp\/v2\/users\/28"}],"replies":[{"embeddable":true,"href":"https:\/\/imagazine.it\/home_desk\/wp-json\/wp\/v2\/comments?post=68630"}],"wp:featuredmedia":[{"embeddable":true,"href":"https:\/\/imagazine.it\/home_desk\/wp-json\/wp\/v2\/media\/68631"}],"wp:attachment":[{"href":"https:\/\/imagazine.it\/home_desk\/wp-json\/wp\/v2\/media?parent=68630"}],"wp:term":[{"taxonomy":"post_tag","embeddable":true,"href":"https:\/\/imagazine.it\/home_desk\/wp-json\/wp\/v2\/tags?post=68630"},{"taxonomy":"mec_category","embeddable":true,"href":"https:\/\/imagazine.it\/home_desk\/wp-json\/wp\/v2\/mec_category?post=68630"}],"curies":[{"name":"wp","href":"https:\/\/api.w.org\/{rel}","templated":true}]}}

L’uomo, la bestia e la virtù

<p><span style="font-size: 10pt;"><em>Vanessa Gravina</em></span></p>
<p>Inaugurazione di Stagione nel segno della grande Prosa per il <strong>Teatro Nuovo Giovanni da Udine</strong>: <strong>giovedì 16 ottobre, </strong>alle ore 20.30 andrà infatti in scena in <strong>prima nazionale</strong> <strong><em>L’uomo, la bestia e la virtù</em></strong> di <strong>Luigi Pirandello</strong>, nuova produzione di <strong>Teatri di Pistoia</strong> realizzata, in collaborazione con il <strong>Teatro Nuovo Giovanni da Udine</strong>.</p>
<p>Emblema dell’ipocrisia dei nostri tempi, la commedia, per la regia di <strong>Roberto Valerio</strong> che ne ha realizzato anche l’adattamento, vedrà protagonisti <strong>Vanessa Gravina</strong>, <strong>Max Malatesta </strong>e<strong> Nicola Rignanese,</strong> affiancati da <strong>Beatrice Fedi, Massimo Grigò, Franca Penone, Lorenzo Prestipino, Mario Valiani. </strong>Scene e costumi sono firmati da<strong> Guido Fiorato</strong>, le luci da<strong> Emiliano Pona.</strong></p>
<p>Andato in scena per la prima volta nel 1919, <strong><em>L’uomo, la bestia e la virtù</em></strong> è forse il testo più anomalo di Pirandello: grottesco, onirico, folle. Il professor Paolino (l’Uomo) conduce una vita tranquilla scandita dalle faticose lezioni private ai suoi allievi. Tra questi giovani vi è anche Nonò, un ragazzo di undici anni, la cui mamma è l’affascinante e pudica signora Perella (la Virtù).</p>
<p>La relazione sentimentale clandestina tra Paolino e la signora Perella soddisfa entrambi e tale resterebbe se non capitasse loro un accidente: una gravidanza improvvisa e non voluta. Nessun dubbio sulla paternità, perché il marito della Perella (la Bestia), marinaio di lungo corso spesso assente da casa e a sua volta impegnato in una relazione extramatrimoniale con un’altra donna da cui ha avuto altri due bambini, si rifiuta ormai da molto tempo di avere alcun tipo di contatto fisico con la moglie.</p>
<p>Che fare? Quali stratagemmi usare per salvare le apparenze e per salvare l’onorabilità della signora Perella e la rispettabilità di Paolino? Da qui scaturisce la tragicommedia che arriverà a delineare i personaggi forse in modo diverso da come si presentano all’inizio: Paolino è davvero un Uomo? Il capitano Perella è la vera Bestia? E la signora Perella è davvero una donna così Virtuosa?</p>
<h3>Orari</h3>
<p>Giovedì 16 ottobre 2025 &#8211; ore 20.30</p>
<p>Venerdì 17 ottobre 2025 &#8211; ore 20.30</p>
<p>Sabato 18 ottobre 2025 &#8211; ore 19.30</p>
