{"id":68504,"date":"2025-10-07T11:33:12","date_gmt":"2025-10-07T09:33:12","guid":{"rendered":"https:\/\/imagazine.it\/home_desk\/?post_type=mec-events&#038;p=68504"},"modified":"2025-10-07T11:33:12","modified_gmt":"2025-10-07T09:33:12","slug":"lultima-falsita","status":"publish","type":"mec-events","link":"https:\/\/imagazine.it\/home_desk\/events\/lultima-falsita\/","title":{"rendered":"L\u2019ultima falsit\u00e0"},"content":{"rendered":"<p style=\"font-weight: 400;\">Un viaggio in\u00a0realt\u00e0 parallele, intrecci di raffinata e esilarante ironia, fra panorami surreali e mistici, memoria e analisi psicanalitiche, amori scalate al potere, vite reali e immaginate.<\/p>\n<p style=\"font-weight: 400;\">Tutto questo e molto altro \u00e8 nella narrazione del romanzo \u201c<em>L\u2019ultima falsit\u00e0<\/em>\u201d di <strong>Diego Marani<\/strong> (Nave di Teseo editore) che sar\u00e0 presentato <strong>gioved\u00ec 9 ottobre alle 18<\/strong> all\u2019Abbazia di Rosazzo, nell\u2019ambito del calendario della X edizione della rassegna \u201c<em>I Colloqui dell\u2019Abbazia. Il viaggio della carta geografica di Livio Felluga<\/em>\u201d, curata e condotta da <strong>Elda Felluga<\/strong> e <strong>Margherita Reguitti<\/strong>.<\/p>\n<p style=\"font-weight: 400;\">Uno psicoanalista italiano che lavora a Parigi racconta la terapia di un suo\u00a0paziente, Danilo Zanca, diplomatico presso l\u2019ambasciata italiana.<\/p>\n<p style=\"font-weight: 400;\">Un uomo, che\u00a0\u00a0vive all\u2019ombra della moglie e del suocero, ha l\u2019 obiettivo di scalare le gerarchie il pi\u00f9 in fretta possibile. Ma nelle sedute racconta la sua passione per la scrittura, unico grande amore, tenuto nascosto poich\u00e9 non conciliabile con le mire di denaro e di potere. Si entra cos\u00ec in altre storie che sono le trame dei suoi romanzi, in molte e diverse vite, viaggi di fuga dalla realt\u00e0 e eccitazione di avventura immaginata.<\/p>\n<p style=\"font-weight: 400;\">Diego Marani \u00e8 nato a Ferrara, diplomatico di professione ha diretto l\u2019Istituto italiano di cultura di Parigi ed\u00a0\u00e8 stato per lungo tempo funzionario dell\u2019UE, dove si \u00e8 occupato di lingue e di diplomazia cultural, inventando la lingua-gioco Europanto. Ha iniziato a pubblicare romanzi di successo nel 2002.<\/p>\n<p style=\"font-weight: 400;\">Per La nave di Teseo \u00e8 uscito, tra gli altri, \u201cNuova grammatica finlandese\u201d, tradotto in quindici lingue, vincitore dei premi Grinzane Cavour e Oxford-Weidenfeld Translation prize. Nel 2024 ha ricevuto il Premio letterario Friuli Venezia Giulia- PordenoneLegge.<\/p>\n<p style=\"font-weight: 400;\">La manifestazione \u00e8 realizzata dalla Fondazione Abbazia di Rosazzo e dalla Livio Felluga in collaborazione con l\u2019associazione culturale Vigne Museum ed il sostegno del Comune di Manzano, della Regione Autonoma Friuli Venezia Giulia e di Banca Intesa Sanpaolo.<\/p>\n<p style=\"font-weight: 400;\">L\u2019orario di inizio degli incontri \u00e8 alle 18; \u00e8 gradita la prenotazione all\u2019indirizzo <a href=\"mailto:fondazione@abbaziadirosazzo.it\">fondazione@abbaziadirosazzo.it<\/a> ingresso libero fino al raggiungimento dei posti disponibili. Tutte le informazioni sul sito: <span style=\"text-decoration: underline;\"><a href=\"http:\/\/www.abbaziadirosazzo.it\/\" data-saferedirecturl=\"https:\/\/www.google.com\/url?q=http:\/\/www.abbaziadirosazzo.it&amp;source=gmail&amp;ust=1759910912270000&amp;usg=AOvVaw0__X-ez909fJ5RXq25NS1b\" target=\"_blank\" rel=\"noopener\">www.abbaziadirosazzo.it<\/a><\/span>\u00a0e sulle pagine social.<\/p>\n","protected":false},"excerpt":{"rendered":"<p>All&#8217;Abbazia di Rosazzo la presentazione del libro di Diego Marani in dialogo con Margherita Reguitti<\/p>\n","protected":false},"author":23,"featured_media":68505,"comment_status":"closed","ping_status":"closed","template":"","tags":[914,261,826,273,913,911],"mec_category":[59],"class_list":["post-68504","mec-events","type-mec-events","status-publish","has-post-thumbnail","hentry","tag-colloqui-in-abbazia","tag-eventi","tag-eventi-fvg","tag-libri","tag-manzano","tag-rosazzo","mec_category-meeting"],"_links":{"self":[{"href":"https:\/\/imagazine.it\/home_desk\/wp-json\/wp\/v2\/mec-events\/68504","targetHints":{"allow":["GET"]}}],"collection":[{"href":"https:\/\/imagazine.it\/home_desk\/wp-json\/wp\/v2\/mec-events"}],"about":[{"href":"https:\/\/imagazine.it\/home_desk\/wp-json\/wp\/v2\/types\/mec-events"}],"author":[{"embeddable":true,"href":"https:\/\/imagazine.it\/home_desk\/wp-json\/wp\/v2\/users\/23"}],"replies":[{"embeddable":true,"href":"https:\/\/imagazine.it\/home_desk\/wp-json\/wp\/v2\/comments?post=68504"}],"wp:featuredmedia":[{"embeddable":true,"href":"https:\/\/imagazine.it\/home_desk\/wp-json\/wp\/v2\/media\/68505"}],"wp:attachment":[{"href":"https:\/\/imagazine.it\/home_desk\/wp-json\/wp\/v2\/media?parent=68504"}],"wp:term":[{"taxonomy":"post_tag","embeddable":true,"href":"https:\/\/imagazine.it\/home_desk\/wp-json\/wp\/v2\/tags?post=68504"},{"taxonomy":"mec_category","embeddable":true,"href":"https:\/\/imagazine.it\/home_desk\/wp-json\/wp\/v2\/mec_category?post=68504"}],"curies":[{"name":"wp","href":"https:\/\/api.w.org\/{rel}","templated":true}]}}

L’ultima falsità

<p style="font-weight: 400;">Un viaggio in realtà parallele, intrecci di raffinata e esilarante ironia, fra panorami surreali e mistici, memoria e analisi psicanalitiche, amori scalate al potere, vite reali e immaginate.</p>
<p style="font-weight: 400;">Tutto questo e molto altro è nella narrazione del romanzo “<em>L’ultima falsità</em>” di <strong>Diego Marani</strong> (Nave di Teseo editore) che sarà presentato <strong>giovedì 9 ottobre alle 18</strong> all’Abbazia di Rosazzo, nell’ambito del calendario della X edizione della rassegna “<em>I Colloqui dell’Abbazia. Il viaggio della carta geografica di Livio Felluga</em>”, curata e condotta da <strong>Elda Felluga</strong> e <strong>Margherita Reguitti</strong>.</p>
<p style="font-weight: 400;">Uno psicoanalista italiano che lavora a Parigi racconta la terapia di un suo paziente, Danilo Zanca, diplomatico presso l’ambasciata italiana.</p>
<p style="font-weight: 400;">Un uomo, che  vive all’ombra della moglie e del suocero, ha l’ obiettivo di scalare le gerarchie il più in fretta possibile. Ma nelle sedute racconta la sua passione per la scrittura, unico grande amore, tenuto nascosto poiché non conciliabile con le mire di denaro e di potere. Si entra così in altre storie che sono le trame dei suoi romanzi, in molte e diverse vite, viaggi di fuga dalla realtà e eccitazione di avventura immaginata.</p>
<p style="font-weight: 400;">Diego Marani è nato a Ferrara, diplomatico di professione ha diretto l’Istituto italiano di cultura di Parigi ed è stato per lungo tempo funzionario dell’UE, dove si è occupato di lingue e di diplomazia cultural, inventando la lingua-gioco Europanto. Ha iniziato a pubblicare romanzi di successo nel 2002.</p>
<p style="font-weight: 400;">Per La nave di Teseo è uscito, tra gli altri, “Nuova grammatica finlandese”, tradotto in quindici lingue, vincitore dei premi Grinzane Cavour e Oxford-Weidenfeld Translation prize. Nel 2024 ha ricevuto il Premio letterario Friuli Venezia Giulia- PordenoneLegge.</p>
<p style="font-weight: 400;">La manifestazione è realizzata dalla Fondazione Abbazia di Rosazzo e dalla Livio Felluga in collaborazione con l’associazione culturale Vigne Museum ed il sostegno del Comune di Manzano, della Regione Autonoma Friuli Venezia Giulia e di Banca Intesa Sanpaolo.</p>
<p style="font-weight: 400;">L’orario di inizio degli incontri è alle 18; è gradita la prenotazione all’indirizzo <a href="mailto:fondazione@abbaziadirosazzo.it">fondazione@abbaziadirosazzo.it</a> ingresso libero fino al raggiungimento dei posti disponibili. Tutte le informazioni sul sito: <span style="text-decoration: underline;"><a href="http://www.abbaziadirosazzo.it/" data-saferedirecturl="https://www.google.com/url?q=http://www.abbaziadirosazzo.it&amp;source=gmail&amp;ust=1759910912270000&amp;usg=AOvVaw0__X-ez909fJ5RXq25NS1b" target="_blank" rel="noopener">www.abbaziadirosazzo.it</a></span> e sulle pagine social.</p>
