{"id":68475,"date":"2025-10-02T16:12:57","date_gmt":"2025-10-02T14:12:57","guid":{"rendered":"https:\/\/imagazine.it\/home_desk\/?post_type=mec-events&#038;p=68475"},"modified":"2025-10-02T16:12:57","modified_gmt":"2025-10-02T14:12:57","slug":"barcolana-vento-non-vento-arte-ed-emozioni","status":"publish","type":"mec-events","link":"https:\/\/imagazine.it\/home_desk\/events\/barcolana-vento-non-vento-arte-ed-emozioni\/","title":{"rendered":"Barcolana: vento, non vento, arte ed emozioni"},"content":{"rendered":"<p>La Barcolana sar\u00e0 protagonista della mostra fotografica &#8220;<em>Barcolana: vento, non vento, arte ed emozioni<\/em>&#8220;.<\/p>\n<p>Le immagini realizzate da <strong>Claudio De Paoli<\/strong> e <strong>Danilo Tiussi<\/strong> verranno esposte presso la Sala Espositiva Eugenio Valentinis della Societ\u00e0 di Mutuo Soccorso, in via Barbarigo 26 a Monfalcone.<\/p>\n<p>L&#8217;inaugurazione si terr\u00e0 <strong>venerd\u00ec 3 ottobre<\/strong> alle ore 18. La mostra rimarr\u00e0 aperta al pubblico <strong>fino al 24 ottobre<\/strong>.<\/p>\n<p>La mostra si propone di trasmettere l&#8217;energia e l&#8217;anima sportiva della Barcolana attraverso un percorso fotografico fatto di vele gonfie, colori sfavillanti, luci e riflessi sul mare.<\/p>\n<p>I due fotografi, Claudio De Paoli e Danilo Tiussi, sono entrambi soci del Fotoclub &#8220;Il Torrione&#8221; di Romans d&#8217;Isonzo.<\/p>\n<p>Il primo, Claudio De Paoli, nato ad Ascoli Piceno il 20 maggio 1955, \u00e8 entrato nel mondo della fotografia nel 1972, affinando poi le conoscenze attraverso corsi e workshop. Predilige fotografare concerti, eventi sportivi e ritratti, nonch\u00e9 eventi storici, che cerca di raccontare attraverso la sua personale visione culturale e fotografica.<\/p>\n<p>Il secondo, Danilo Tiussi, \u00e8 nato a Palmanova il 23 luglio 1961 ed \u00e8 appassionato di fotografia dagli anni 80. Partito con l&#8217;analogico \u00e8 passato poi al digitale affrontando nuove sfide tecniche e modi di esprimere la propria arte.<\/p>\n<p>Tra i suoi temi preferiti ci sono i paesaggi, sia montani che marini, sport, flora e fauna, ma anche ritrattistica per la pubblicazione dei backstage e delle pubblicit\u00e0 promozionali dei video che produce in collaborazione con l&#8217;associazione Lab Cormo Film di Cormons.<\/p>\n<p><em>Livio Nonis<\/em><\/p>\n","protected":false},"excerpt":{"rendered":"<p>A Monfalcone la mostra fotografica con gli scatti di Claudio De Paoli e Danilo Tiussi <\/p>\n","protected":false},"author":22,"featured_media":68476,"comment_status":"closed","ping_status":"closed","template":"","tags":[261,826,293,51,60],"mec_category":[59],"class_list":["post-68475","mec-events","type-mec-events","status-publish","has-post-thumbnail","hentry","tag-eventi","tag-eventi-fvg","tag-fotografia","tag-monfalcone","tag-mostre","mec_category-meeting"],"_links":{"self":[{"href":"https:\/\/imagazine.it\/home_desk\/wp-json\/wp\/v2\/mec-events\/68475","targetHints":{"allow":["GET"]}}],"collection":[{"href":"https:\/\/imagazine.it\/home_desk\/wp-json\/wp\/v2\/mec-events"}],"about":[{"href":"https:\/\/imagazine.it\/home_desk\/wp-json\/wp\/v2\/types\/mec-events"}],"author":[{"embeddable":true,"href":"https:\/\/imagazine.it\/home_desk\/wp-json\/wp\/v2\/users\/22"}],"replies":[{"embeddable":true,"href":"https:\/\/imagazine.it\/home_desk\/wp-json\/wp\/v2\/comments?post=68475"}],"wp:featuredmedia":[{"embeddable":true,"href":"https:\/\/imagazine.it\/home_desk\/wp-json\/wp\/v2\/media\/68476"}],"wp:attachment":[{"href":"https:\/\/imagazine.it\/home_desk\/wp-json\/wp\/v2\/media?parent=68475"}],"wp:term":[{"taxonomy":"post_tag","embeddable":true,"href":"https:\/\/imagazine.it\/home_desk\/wp-json\/wp\/v2\/tags?post=68475"},{"taxonomy":"mec_category","embeddable":true,"href":"https:\/\/imagazine.it\/home_desk\/wp-json\/wp\/v2\/mec_category?post=68475"}],"curies":[{"name":"wp","href":"https:\/\/api.w.org\/{rel}","templated":true}]}}

<p>La Barcolana sarà protagonista della mostra fotografica &#8220;<em>Barcolana: vento, non vento, arte ed emozioni</em>&#8220;.</p>
<p>Le immagini realizzate da <strong>Claudio De Paoli</strong> e <strong>Danilo Tiussi</strong> verranno esposte presso la Sala Espositiva Eugenio Valentinis della Società di Mutuo Soccorso, in via Barbarigo 26 a Monfalcone.</p>
<p>L&#8217;inaugurazione si terrà <strong>venerdì 3 ottobre</strong> alle ore 18. La mostra rimarrà aperta al pubblico <strong>fino al 24 ottobre</strong>.</p>
<p>La mostra si propone di trasmettere l&#8217;energia e l&#8217;anima sportiva della Barcolana attraverso un percorso fotografico fatto di vele gonfie, colori sfavillanti, luci e riflessi sul mare.</p>
<p>I due fotografi, Claudio De Paoli e Danilo Tiussi, sono entrambi soci del Fotoclub &#8220;Il Torrione&#8221; di Romans d&#8217;Isonzo.</p>
<p>Il primo, Claudio De Paoli, nato ad Ascoli Piceno il 20 maggio 1955, è entrato nel mondo della fotografia nel 1972, affinando poi le conoscenze attraverso corsi e workshop. Predilige fotografare concerti, eventi sportivi e ritratti, nonché eventi storici, che cerca di raccontare attraverso la sua personale visione culturale e fotografica.</p>
<p>Il secondo, Danilo Tiussi, è nato a Palmanova il 23 luglio 1961 ed è appassionato di fotografia dagli anni 80. Partito con l&#8217;analogico è passato poi al digitale affrontando nuove sfide tecniche e modi di esprimere la propria arte.</p>
<p>Tra i suoi temi preferiti ci sono i paesaggi, sia montani che marini, sport, flora e fauna, ma anche ritrattistica per la pubblicazione dei backstage e delle pubblicità promozionali dei video che produce in collaborazione con l&#8217;associazione Lab Cormo Film di Cormons.</p>
<p><em>Livio Nonis</em></p>
